{"id":3019,"date":"2020-05-20T12:57:06","date_gmt":"2020-05-20T10:57:06","guid":{"rendered":"https:\/\/www.hsu-hh.de\/ees\/?page_id=3019"},"modified":"2021-04-30T15:10:15","modified_gmt":"2021-04-30T13:10:15","slug":"untersuchung-des-3d-drucks-zur-integration-elektrischer-funktionen","status":"publish","type":"page","link":"https:\/\/www.hsu-hh.de\/ees\/forschung\/forschungsgebiete\/untersuchung-des-3d-drucks-zur-integration-elektrischer-funktionen","title":{"rendered":"3-D-Druckbauteile zur kombinierten Nutzung f\u00fcr elektrische Systeme im Flugzeug"},"content":{"rendered":"<h2>Untersuchung des 3D-Drucks zur Integration elektrischer Funktionen<\/h2>\n<p>In den 80er Jahren wurde die additive Fertigung urspr\u00fcnglich als Rapid Prototyping bezeichnet. Hier sollte schnell und kosteng\u00fcnstig ein Prototyp erstellt werden [1]. Additive Manufacturing (AM), auch als dreidimensionales Drucken (3D-Drucken) bezeichnet, ist der Prozess des Verbindens von Materialien, um Objekte aus 3D-Modelldaten herzustellen. Im Gegensatz zu herk\u00f6mmlichen Fertigungstechniken wie Bearbeiten und Stanzen, bei denen Produkte hergestellt werden, indem Materialien aus einem gr\u00f6\u00dferen Material oder Blech entfernt werden, werden bei der additiven Fertigung endg\u00fcltige Formen durch Hinzuf\u00fcgen von Material Schicht f\u00fcr Schicht entsprechend dem Querschnitt des 3D-Modells erzeugt.<\/p>\n<figure id=\"attachment_3014\" aria-describedby=\"caption-attachment-3014\" style=\"width: 791px\" class=\"wp-caption aligncenter\"><img loading=\"lazy\" decoding=\"async\" class=\"wp-image-3014\" src=\"https:\/\/www.hsu-hh.de\/ees\/wp-content\/uploads\/sites\/680\/2020\/05\/Abbildung1-e1590133437218.png\" alt=\"Das 3D-gedruckte Airbus-Konzeptflugzeug hier bis 2050\" width=\"791\" height=\"500\" data-credit=\"Bionic Aircraft Project\" srcset=\"https:\/\/www.hsu-hh.de\/ees\/wp-content\/uploads\/sites\/680\/2020\/05\/Abbildung1-e1590133437218.png 1657w, https:\/\/www.hsu-hh.de\/ees\/wp-content\/uploads\/sites\/680\/2020\/05\/Abbildung1-e1590133437218-300x190.png 300w, https:\/\/www.hsu-hh.de\/ees\/wp-content\/uploads\/sites\/680\/2020\/05\/Abbildung1-e1590133437218-1024x648.png 1024w, https:\/\/www.hsu-hh.de\/ees\/wp-content\/uploads\/sites\/680\/2020\/05\/Abbildung1-e1590133437218-768x486.png 768w, https:\/\/www.hsu-hh.de\/ees\/wp-content\/uploads\/sites\/680\/2020\/05\/Abbildung1-e1590133437218-1536x971.png 1536w, https:\/\/www.hsu-hh.de\/ees\/wp-content\/uploads\/sites\/680\/2020\/05\/Abbildung1-e1590133437218-1100x696.png 1100w\" sizes=\"auto, (max-width: 791px) 100vw, 791px\" \/><figcaption id=\"caption-attachment-3014\" class=\"wp-caption-text\">Das 3D-gedruckte Airbus-Konzeptflugzeug hier bis 2050<\/figcaption><\/figure>\n<p>Das Ziel dieser wissenschaftlichen Forschung ist die Er\u00f6rterung und Definition der gew\u00fcnschten geometrischen und Materialeigenschaften f\u00fcr 3D-gedruckte Proben mit elektrischen Funktionen f\u00fcr die Luft- und Raumfahrt.<\/p>\n<figure id=\"attachment_3015\" aria-describedby=\"caption-attachment-3015\" style=\"width: 500px\" class=\"wp-caption aligncenter\"><img loading=\"lazy\" decoding=\"async\" class=\"wp-image-3015\" src=\"https:\/\/www.hsu-hh.de\/ees\/wp-content\/uploads\/sites\/680\/2020\/05\/Abbildung2de-e1590133541814.png\" alt=\"Angepasste L\u00f6sungsans\u00e4tze f\u00fcr 3D-Test Testproben\" width=\"500\" height=\"367\" data-credit=\"HSU \/ EES\" srcset=\"https:\/\/www.hsu-hh.de\/ees\/wp-content\/uploads\/sites\/680\/2020\/05\/Abbildung2de-e1590133541814.png 913w, https:\/\/www.hsu-hh.de\/ees\/wp-content\/uploads\/sites\/680\/2020\/05\/Abbildung2de-e1590133541814-300x220.png 300w, https:\/\/www.hsu-hh.de\/ees\/wp-content\/uploads\/sites\/680\/2020\/05\/Abbildung2de-e1590133541814-768x564.png 768w\" sizes=\"auto, (max-width: 500px) 100vw, 500px\" \/><figcaption id=\"caption-attachment-3015\" class=\"wp-caption-text\">Angepasste L\u00f6sungsans\u00e4tze f\u00fcr 3D-Test Testproben<\/figcaption><\/figure>\n<h2>Vorteilhafte geometrische Ans\u00e4tze f\u00fcr systematische Vergleichstests<\/h2>\n<p>Um die Qualifizierung von AM-Proben, in die elektrische Funktionen integriert sind, zu beurteilen, werden verschiedene elektrische Messungen an ihnen durchgef\u00fchrt. Um g\u00fcltige Ergebnisse zu erhalten, werden Probek\u00f6rper entsprechend dem Testtyp und seiner Standards vorbereitet und geometrisiert.<\/p>\n<figure id=\"attachment_3016\" aria-describedby=\"caption-attachment-3016\" style=\"width: 2507px\" class=\"wp-caption aligncenter\"><img loading=\"lazy\" decoding=\"async\" class=\"size-full wp-image-3016\" src=\"https:\/\/www.hsu-hh.de\/ees\/wp-content\/uploads\/sites\/680\/2020\/05\/Abbildung3de.png\" alt=\"Optimale geometrische Ans\u00e4tze f\u00fcr die elektrische Pr\u00fcfung\" width=\"2507\" height=\"560\" data-credit=\"HSU \/ EES\" srcset=\"https:\/\/www.hsu-hh.de\/ees\/wp-content\/uploads\/sites\/680\/2020\/05\/Abbildung3de.png 2507w, https:\/\/www.hsu-hh.de\/ees\/wp-content\/uploads\/sites\/680\/2020\/05\/Abbildung3de-300x67.png 300w, https:\/\/www.hsu-hh.de\/ees\/wp-content\/uploads\/sites\/680\/2020\/05\/Abbildung3de-1024x229.png 1024w, https:\/\/www.hsu-hh.de\/ees\/wp-content\/uploads\/sites\/680\/2020\/05\/Abbildung3de-768x172.png 768w, https:\/\/www.hsu-hh.de\/ees\/wp-content\/uploads\/sites\/680\/2020\/05\/Abbildung3de-1536x343.png 1536w, https:\/\/www.hsu-hh.de\/ees\/wp-content\/uploads\/sites\/680\/2020\/05\/Abbildung3de-2048x457.png 2048w, https:\/\/www.hsu-hh.de\/ees\/wp-content\/uploads\/sites\/680\/2020\/05\/Abbildung3de-1100x246.png 1100w\" sizes=\"auto, (max-width: 2507px) 100vw, 2507px\" \/><figcaption id=\"caption-attachment-3016\" class=\"wp-caption-text\">Optimale geometrische Ans\u00e4tze f\u00fcr die elektrische Pr\u00fcfung<\/figcaption><\/figure>\n<h2>Aussagekr\u00e4ftige Geometrien f\u00fcr anwendungsfertige Probek\u00f6rper<\/h2>\n<p>AM-Proben k\u00f6nnen f\u00fcr unterschiedliche Anwendungen in Flugzeugen verwendet werden. Diese Anwendungen k\u00f6nnen mechanisch, elektrisch oder f\u00fcr K\u00fchlungsanforderungen sein. Um den AM Prototyp in elektrischen Anwendungen zu verwenden, kann er als leitender Pfad und als Alternative zum Bordnetz in Flugzeugen verwendet werden<\/p>\n<figure id=\"attachment_3017\" aria-describedby=\"caption-attachment-3017\" style=\"width: 509px\" class=\"wp-caption alignleft\"><img loading=\"lazy\" decoding=\"async\" class=\"wp-image-3017\" src=\"https:\/\/www.hsu-hh.de\/ees\/wp-content\/uploads\/sites\/680\/2020\/05\/Abbildung4-e1590133647460.png\" alt=\"AM Probe als leitender Pfad\" width=\"509\" height=\"150\" data-credit=\"HSU \/ EES\" srcset=\"https:\/\/www.hsu-hh.de\/ees\/wp-content\/uploads\/sites\/680\/2020\/05\/Abbildung4-e1590133647460.png 913w, https:\/\/www.hsu-hh.de\/ees\/wp-content\/uploads\/sites\/680\/2020\/05\/Abbildung4-e1590133647460-300x88.png 300w, https:\/\/www.hsu-hh.de\/ees\/wp-content\/uploads\/sites\/680\/2020\/05\/Abbildung4-e1590133647460-768x226.png 768w\" sizes=\"auto, (max-width: 509px) 100vw, 509px\" \/><figcaption id=\"caption-attachment-3017\" class=\"wp-caption-text\">AM Probe als leitender Pfad<\/figcaption><\/figure>\n<figure id=\"attachment_3018\" aria-describedby=\"caption-attachment-3018\" style=\"width: 509px\" class=\"wp-caption alignright\"><img loading=\"lazy\" decoding=\"async\" class=\"wp-image-3018\" src=\"https:\/\/www.hsu-hh.de\/ees\/wp-content\/uploads\/sites\/680\/2020\/05\/Abbildung5-e1590133686668.png\" alt=\"AM Probe als EMV-Abschirmung f\u00fcr Ger\u00e4teschr\u00e4nke\" width=\"509\" height=\"150\" data-credit=\"HSU \/ EES\" srcset=\"https:\/\/www.hsu-hh.de\/ees\/wp-content\/uploads\/sites\/680\/2020\/05\/Abbildung5-e1590133686668.png 913w, https:\/\/www.hsu-hh.de\/ees\/wp-content\/uploads\/sites\/680\/2020\/05\/Abbildung5-e1590133686668-300x88.png 300w, https:\/\/www.hsu-hh.de\/ees\/wp-content\/uploads\/sites\/680\/2020\/05\/Abbildung5-e1590133686668-768x226.png 768w\" sizes=\"auto, (max-width: 509px) 100vw, 509px\" \/><figcaption id=\"caption-attachment-3018\" class=\"wp-caption-text\">AM Probe als EMV-Abschirmung f\u00fcr Ger\u00e4teschr\u00e4nke<\/figcaption><\/figure>\n<p>&nbsp;<\/p>\n<p>&nbsp;<\/p>\n<p>&nbsp;<\/p>\n<p>&nbsp;<\/p>\n<p>&nbsp;<\/p>\n<p>&nbsp;<\/p>\n<p>Additive Manufacturing bietet uns verschiedene Anwendungen und viele Vorteile in Flugzeuganwendungen. Die Luft- und Raumfahrtindustrie ist auch daran interessiert, die Vorteile dieser neuen Technologie zu nutzen. Es gibt aber noch einige Herausforderungen, die untersucht werden sollten.<\/p>\n<p>In dieser Forschungsarbeit werden verschiedene Aspekte der AM-Technologie untersucht, um sie in der Flugzeugindustrie unter Einbeziehung elektrischer Funktionen einzusetzen.<\/p>\n<h2>Quellenangaben<\/h2>\n<p>P. Constantinou and S. Roy, \u201cA 3D printed electromagnetic nonlinear vibration energy harvester\u201d,\u00a0 Smart Mater. Struct., vol. 25, no. 9, 2016.<br \/>\nY. M. Like, \u201cAirbus plans 3D printed airplanes by 2050\u201d, pp. 1\u20133, 2018.<br \/>\nR. Krempin, \u201c Experimentelle Evaluierung der Eignung von ausgew\u00e4hlten Fertigungsverfahren zur Nachbearbeitung von FDM-3D-Druckbauteilen aus PLA\u201d, 2017.<br \/>\nS. Darvish, D. Schulz, \u201cStudy, assessment and testing of technologies to incorporate electrical functions in aircraft parts\u201d, 2018.<br \/>\nS. Darvish, D. Schulz, \u201cSP1806489 Investigation of 3D printing for integration of electrical functions\u201d, 2018.<br \/>\nS. Darvish, R. Jordan, D. Schulz, \u201cReport on lab test request of AM specimens for integration of electrics in aircrafts parts\u201d, 2018.<\/p>\n<h2>Ansprechpartner:<\/h2>\n<p><a href=\"https:\/\/www.hsu-hh.de\/ees\/team\" target=\"_blank\" rel=\"noopener noreferrer\">Prof. <abbr title=\"Doktor der Ingenieurwissenschaften\">Dr.-Ing.<\/abbr> <abbr title=\"habilitatus\">habil.<\/abbr> Detlef Schulz<\/a>\u00a0(Projektleiter)<br \/>\nSahar Darvish, <abbr title=\"Master of Science\">M.Sc.<\/abbr><br \/>\n<abbr title=\"Diplom-Ingenieur\">Dipl.-Ing.<\/abbr> (FH) Reiner Jordan<br \/>\nFakult\u00e4t f\u00fcr Elektrotechnik<br \/>\nElektrische Energiesysteme<\/p>\n<p>Kooperationspartner:\u00a0Airbus Operations\u00a0<abbr title=\"Gesellschaft mit beschr\u00e4nkter Haftung\">GmbH<\/abbr><\/p>\n","protected":false},"excerpt":{"rendered":"<p>Untersuchung des 3D-Drucks zur Integration elektrischer Funktionen In den 80er Jahren wurde die additive Fertigung urspr\u00fcnglich als Rapid Prototyping bezeichnet. Hier sollte schnell und kosteng\u00fcnstig ein Prototyp erstellt werden [1]. [&hellip;]<\/p>\n","protected":false},"author":57,"featured_media":0,"parent":3518,"menu_order":0,"comment_status":"closed","ping_status":"closed","template":"","meta":{"footnotes":""},"categories":[4,118],"tags":[506],"class_list":["post-3019","page","type-page","status-publish","hentry","category-forschung","category-projekte","tag-3d-druck"],"_links":{"self":[{"href":"https:\/\/www.hsu-hh.de\/ees\/wp-json\/wp\/v2\/pages\/3019","targetHints":{"allow":["GET"]}}],"collection":[{"href":"https:\/\/www.hsu-hh.de\/ees\/wp-json\/wp\/v2\/pages"}],"about":[{"href":"https:\/\/www.hsu-hh.de\/ees\/wp-json\/wp\/v2\/types\/page"}],"author":[{"embeddable":true,"href":"https:\/\/www.hsu-hh.de\/ees\/wp-json\/wp\/v2\/users\/57"}],"replies":[{"embeddable":true,"href":"https:\/\/www.hsu-hh.de\/ees\/wp-json\/wp\/v2\/comments?post=3019"}],"version-history":[{"count":21,"href":"https:\/\/www.hsu-hh.de\/ees\/wp-json\/wp\/v2\/pages\/3019\/revisions"}],"predecessor-version":[{"id":3088,"href":"https:\/\/www.hsu-hh.de\/ees\/wp-json\/wp\/v2\/pages\/3019\/revisions\/3088"}],"up":[{"embeddable":true,"href":"https:\/\/www.hsu-hh.de\/ees\/wp-json\/wp\/v2\/pages\/3518"}],"wp:attachment":[{"href":"https:\/\/www.hsu-hh.de\/ees\/wp-json\/wp\/v2\/media?parent=3019"}],"wp:term":[{"taxonomy":"category","embeddable":true,"href":"https:\/\/www.hsu-hh.de\/ees\/wp-json\/wp\/v2\/categories?post=3019"},{"taxonomy":"post_tag","embeddable":true,"href":"https:\/\/www.hsu-hh.de\/ees\/wp-json\/wp\/v2\/tags?post=3019"}],"curies":[{"name":"wp","href":"https:\/\/api.w.org\/{rel}","templated":true}]}}