{"id":298,"date":"2017-10-06T12:23:20","date_gmt":"2017-10-06T10:23:20","guid":{"rendered":"https:\/\/www.hsu-hh.de\/ees\/?page_id=298"},"modified":"2021-01-05T09:05:49","modified_gmt":"2021-01-05T08:05:49","slug":"lehrbuch","status":"publish","type":"page","link":"https:\/\/www.hsu-hh.de\/ees\/lehre\/lehrbuch","title":{"rendered":"Lehrbuch"},"content":{"rendered":"\n<div class=\"wp-block-columns are-vertically-aligned-center is-layout-flex wp-container-core-columns-is-layout-9d6595d7 wp-block-columns-is-layout-flex\">\n<div class=\"wp-block-column is-vertically-aligned-center is-layout-flow wp-block-column-is-layout-flow\" style=\"flex-basis:26.67%\">\n<div class=\"wp-block-image\"><figure class=\"alignleft size-large is-resized\"><img loading=\"lazy\" decoding=\"async\" src=\"https:\/\/www.hsu-hh.de\/ees\/wp-content\/uploads\/sites\/680\/2019\/11\/Elektrische-Energieversorgung-717x1024.png\" data-credit=\"Springer Vieweg\" alt=\"Eletrische Energieversorgung\" class=\"wp-image-2377\" width=\"359\" height=\"512\" srcset=\"https:\/\/www.hsu-hh.de\/ees\/wp-content\/uploads\/sites\/680\/2019\/11\/Elektrische-Energieversorgung-717x1024.png 717w, https:\/\/www.hsu-hh.de\/ees\/wp-content\/uploads\/sites\/680\/2019\/11\/Elektrische-Energieversorgung-210x300.png 210w, https:\/\/www.hsu-hh.de\/ees\/wp-content\/uploads\/sites\/680\/2019\/11\/Elektrische-Energieversorgung-768x1097.png 768w, https:\/\/www.hsu-hh.de\/ees\/wp-content\/uploads\/sites\/680\/2019\/11\/Elektrische-Energieversorgung.png 856w\" sizes=\"auto, (max-width: 359px) 100vw, 359px\" \/><\/figure><\/div>\n<\/div>\n\n\n\n<div class=\"wp-block-column is-vertically-aligned-center is-layout-flow wp-block-column-is-layout-flow\" style=\"flex-basis:73.32%\">\n<p><strong>Elektrische Energieversorgung<\/strong><\/p>\n\n\n\n<p><strong>Erzeugung, \u00dcbertragung&nbsp;<\/strong><strong>und Verteilung<br>elektrischer Energie&nbsp;<\/strong><strong>f\u00fcr Studium und Praxis<\/strong><br>9., aktualisierte und korrigierte&nbsp;Auflage<\/p>\n\n\n\n<p>Klaus Heuck,&nbsp;Klaus-Dieter Dettmann,&nbsp;Detlef Schulz<\/p>\n\n\n\n<p>XXIII, 783 Seiten,<br>mit 641 Abbildungen, 37 Tabellen<br>und 75 Aufgaben mit L\u00f6sungen<\/p>\n\n\n\n<p>Springer Vieweg&nbsp;2013<br>ISBN&nbsp;978-3-8348-1699-3&nbsp; (Print-Ausgabe),<br>ISBN&nbsp;978-3-8348-2174-4&nbsp; (E-Book)<\/p>\n<\/div>\n<\/div>\n\n\n\n<p>Dieses Lehr- und Praxisbuch umfasst die gesamte Breite der elektrischen Energieversorgung von der Erzeugung bis zu den Verbrauchern und ist auch zum Selbststudium geeignet. Schwerpunkt sind die Einrichtungen zum Transport und zur Verteilung elektrischer Energie. Ebenfalls werden regenerative Energien ausf\u00fchrlich behandelt, insbesondere Windkraftanlagen und die Netzanbindung von dezentralen Erzeugungsanlagen. Beim Betreib der Netze wird auch auf die Bedingungen eingegangen, die in einem liberalisierten und regulierten Strommarkt zu erf\u00fcllen sind. Vor allem in diesem Bereich waren zahlreiche \u00c4nderungen erforderlich.<\/p>\n\n\n\n<p>Dar\u00fcber hinaus enth\u00e4lt die 9. Auflage eine Reihe von Anpassungen an neue Vorschriften sowie kleinere Erg\u00e4nzungen. Viele Aufgaben mit Musterl\u00f6sungen erm\u00f6glichen eine Lernkontrolle. Als Beispiel stehen zwei Aufgaben zum Thema Kurzzschlussstromberechnung zum&nbsp;Download&nbsp;bereit; darin wird zur Veranschaulichung der L\u00f6sungsweg besonders ausf\u00fchrlich beschrieben.<\/p>\n\n\n\n<p><strong>Aus dem Inhalt<\/strong><\/p>\n\n\n\n<p>Grundz\u00fcge der elektrischen Energieerzeugung<br>Erneuerbare Energien und Netzintegration<br>Aufbau von Energieversorgungsnetzen<br>Aufbau und Ersatzschaltbilder der Betriebsmittel<br>Dimensionierung und Betrieb von Drehstromnetzen<br>Symmetrische und asymmetrische Kurzschl\u00fcsse sowie Kurzschlusswirkungen<br>Sternpunktbehandlung<br>Schutzma\u00dfnahmen und Auslegung von Erdungsanlagen<br>Investitions- und Wirtschaftlichkeitsberechnung f\u00fcr Netzanlagen<br>Genauere Informationen \u00fcber die behandelten Themen sind dem&nbsp;Inhaltsverzeichnis&nbsp;zu entnehmen.<\/p>\n\n\n\n<p><strong>Die Zielgruppen<\/strong><\/p>\n\n\n\n<p>Studierende der Fachrichtung Elektrische Energietechnik an&nbsp;FH&nbsp;und&nbsp; TU<br>Ingenieure und Praktiker aus energietechnischen Bereichen<br>Interessierte, die ihr Wissen auffrischen wollen<\/p>\n\n\n\n<p><strong>\u00dcber die Autoren<\/strong><\/p>\n\n\n\n<p><strong><abbr title=\"Universit\u00e4tsprofessor\">Univ.-Prof.<\/abbr>&nbsp; <abbr title=\"Doktor der Ingenieurwissenschaften\">Dr.-Ing.<\/abbr>&nbsp;Klaus Heuck,&nbsp; <abbr title=\"Diplom-Ingenieur\">Dipl.-Ing.<\/abbr><\/strong>, hat das Fachgebiet Energieversorgung und Hochspannungstechnik an der Helmut-Schmidt-Universit\u00e4t \/ Universit\u00e4t der Bundeswehr Hamburg bis November 2005 geleitet und \u00fcbt seitdem eine Beratungst\u00e4tigkeit in der Wandlerindustrie aus.<\/p>\n\n\n\n<p><strong><abbr title=\"Doktor der Ingenieurwissenschaften\">Dr.-Ing.<\/abbr>&nbsp;Klaus-Dieter Dettmann, <abbr title=\"Diplom-Ingenieur\">Dipl.-Ing.<\/abbr> \u2020<\/strong><strong>,&nbsp; <\/strong>war Akademischer Direktor und Laborleiter am Fachgebiet Elektrische Energiesysteme an der Helmut-Schmidt-Universit\u00e4t \/ Universit\u00e4t der Bundeswehr Hamburg.<\/p>\n\n\n\n<p><strong><abbr title=\"Universit\u00e4tsprofessor\">Univ.-Prof.<\/abbr>&nbsp; <abbr title=\"Doktor der Ingenieurwissenschaften\">Dr.-Ing.<\/abbr>&nbsp; <abbr title=\"habilitatus\">habil.<\/abbr>&nbsp;Detlef Schulz,&nbsp; <abbr title=\"Diplom-Ingenieur\">Dipl.-Ing.<\/abbr><\/strong>, leitet das Fachgebiet Elektrische Energiesysteme an der Helmut-Schmidt-Universit\u00e4t \/ Universit\u00e4t der Bundeswehr Hamburg seit Dezember 2005.<\/p>\n","protected":false},"excerpt":{"rendered":"<p>Elektrische Energieversorgung Erzeugung, \u00dcbertragung&nbsp;und Verteilungelektrischer Energie&nbsp;f\u00fcr Studium und Praxis9., aktualisierte und korrigierte&nbsp;Auflage Klaus Heuck,&nbsp;Klaus-Dieter Dettmann,&nbsp;Detlef Schulz XXIII, 783 Seiten,mit 641 Abbildungen, 37 Tabellenund 75 Aufgaben mit L\u00f6sungen Springer Vieweg&nbsp;2013ISBN&nbsp;978-3-8348-1699-3&nbsp; (Print-Ausgabe),ISBN&nbsp;978-3-8348-2174-4&nbsp; [&hellip;]<\/p>\n","protected":false},"author":57,"featured_media":0,"parent":164,"menu_order":0,"comment_status":"closed","ping_status":"closed","template":"","meta":{"footnotes":""},"categories":[6],"tags":[43],"class_list":["post-298","page","type-page","status-publish","hentry","category-lehre","tag-lehrbuch"],"_links":{"self":[{"href":"https:\/\/www.hsu-hh.de\/ees\/wp-json\/wp\/v2\/pages\/298","targetHints":{"allow":["GET"]}}],"collection":[{"href":"https:\/\/www.hsu-hh.de\/ees\/wp-json\/wp\/v2\/pages"}],"about":[{"href":"https:\/\/www.hsu-hh.de\/ees\/wp-json\/wp\/v2\/types\/page"}],"author":[{"embeddable":true,"href":"https:\/\/www.hsu-hh.de\/ees\/wp-json\/wp\/v2\/users\/57"}],"replies":[{"embeddable":true,"href":"https:\/\/www.hsu-hh.de\/ees\/wp-json\/wp\/v2\/comments?post=298"}],"version-history":[{"count":13,"href":"https:\/\/www.hsu-hh.de\/ees\/wp-json\/wp\/v2\/pages\/298\/revisions"}],"predecessor-version":[{"id":3815,"href":"https:\/\/www.hsu-hh.de\/ees\/wp-json\/wp\/v2\/pages\/298\/revisions\/3815"}],"up":[{"embeddable":true,"href":"https:\/\/www.hsu-hh.de\/ees\/wp-json\/wp\/v2\/pages\/164"}],"wp:attachment":[{"href":"https:\/\/www.hsu-hh.de\/ees\/wp-json\/wp\/v2\/media?parent=298"}],"wp:term":[{"taxonomy":"category","embeddable":true,"href":"https:\/\/www.hsu-hh.de\/ees\/wp-json\/wp\/v2\/categories?post=298"},{"taxonomy":"post_tag","embeddable":true,"href":"https:\/\/www.hsu-hh.de\/ees\/wp-json\/wp\/v2\/tags?post=298"}],"curies":[{"name":"wp","href":"https:\/\/api.w.org\/{rel}","templated":true}]}}