{"id":2304,"date":"2019-09-15T15:50:29","date_gmt":"2019-09-15T13:50:29","guid":{"rendered":"https:\/\/www.hsu-hh.de\/ees\/?page_id=2304"},"modified":"2020-06-22T12:56:55","modified_gmt":"2020-06-22T10:56:55","slug":"messungen-in-intelligenten-flugzeugbordnetzen","status":"publish","type":"page","link":"https:\/\/www.hsu-hh.de\/ees\/lff\/messungen-in-intelligenten-flugzeugbordnetzen","title":{"rendered":"Messungen in intelligenten Flugzeugbordnetzen"},"content":{"rendered":"<p>In diesem Projekt werden mithilfe eines selbst entwickelten Pr\u00fcfstands Messungen in intelligenten Flugzeugbordnetzen durchgef\u00fchrt, deren Verhalten im Betrieb wird \u00fcberpr\u00fcft. Ein Schwerpunkt sind dabei thermische B\u00fcndelanalysen. Eine weitere Untersuchung soll zeigen, welchen Einfluss Konstantleistungslasten auf die elektrische Energieversorgung im Flugzeug haben.<\/p>\n<figure id=\"attachment_2889\" aria-describedby=\"caption-attachment-2889\" style=\"width: 556px\" class=\"wp-caption alignnone\"><img loading=\"lazy\" decoding=\"async\" class=\"size-full wp-image-2889\" src=\"https:\/\/www.hsu-hh.de\/ees\/wp-content\/uploads\/sites\/680\/2020\/04\/81_Smart-Cabin-Measurement_CS.png\" alt=\"81_Smart Cabin Measurement_CS\" width=\"556\" height=\"420\" data-credit=\"HSU \/ EES\" srcset=\"https:\/\/www.hsu-hh.de\/ees\/wp-content\/uploads\/sites\/680\/2020\/04\/81_Smart-Cabin-Measurement_CS.png 556w, https:\/\/www.hsu-hh.de\/ees\/wp-content\/uploads\/sites\/680\/2020\/04\/81_Smart-Cabin-Measurement_CS-300x227.png 300w\" sizes=\"auto, (max-width: 556px) 100vw, 556px\" \/><figcaption id=\"caption-attachment-2889\" class=\"wp-caption-text\">Verhalten einer einphasigen AC Konstantleistungslast mit umgesteuertem Gleichrichter bei einem Spannungseinbruch<\/figcaption><\/figure>\n<h2>Dissertationen:<\/h2>\n<p><em>Brombach, J.<\/em><br \/>\n<a href=\"http:\/\/edoc.sub.uni-hamburg.de\/hsu\/volltexte\/2014\/3082\/\" target=\"_blank\" rel=\"noopener noreferrer\">Methoden zur Gewichtsreduktion in elektrischen Flugzeugkabinennetzen<\/a>,<br \/>\nDissertation Helmut-Schmidt-Universit\u00e4t\u00a0\/ Universit\u00e4t der\u00a0Bundeswehr\u00a0Hamburg 2014<\/p>\n<h2>Ansprechpartner:<\/h2>\n<p><a href=\"https:\/\/www.hsu-hh.de\/ees\/team\" target=\"_blank\" rel=\"noopener noreferrer\">Prof. <abbr title=\"Doktor der Ingenieurwissenschaften\">Dr.-Ing.<\/abbr> <abbr title=\"habilitatus\">habil.<\/abbr> Detlef Schulz<\/a>\u00a0(Projektleiter)<br \/>\nFakult\u00e4t f\u00fcr Elektrotechnik<br \/>\nElektrische Energiesysteme<\/p>\n<p>Kooperationspartner:\u00a0Airbus Operations\u00a0<abbr title=\"Gesellschaft mit beschr\u00e4nkter Haftung\">GmbH<\/abbr><\/p>\n","protected":false},"excerpt":{"rendered":"<p>In diesem Projekt werden mithilfe eines selbst entwickelten Pr\u00fcfstands Messungen in intelligenten Flugzeugbordnetzen durchgef\u00fchrt, deren Verhalten im Betrieb wird \u00fcberpr\u00fcft. Ein Schwerpunkt sind dabei thermische B\u00fcndelanalysen. Eine weitere Untersuchung soll [&hellip;]<\/p>\n","protected":false},"author":1341,"featured_media":0,"parent":999,"menu_order":0,"comment_status":"closed","ping_status":"closed","template":"","meta":{"footnotes":""},"categories":[352],"tags":[401],"class_list":["post-2304","page","type-page","status-publish","hentry","category-cluster-de","tag-luftfahrtforschung"],"_links":{"self":[{"href":"https:\/\/www.hsu-hh.de\/ees\/wp-json\/wp\/v2\/pages\/2304","targetHints":{"allow":["GET"]}}],"collection":[{"href":"https:\/\/www.hsu-hh.de\/ees\/wp-json\/wp\/v2\/pages"}],"about":[{"href":"https:\/\/www.hsu-hh.de\/ees\/wp-json\/wp\/v2\/types\/page"}],"author":[{"embeddable":true,"href":"https:\/\/www.hsu-hh.de\/ees\/wp-json\/wp\/v2\/users\/1341"}],"replies":[{"embeddable":true,"href":"https:\/\/www.hsu-hh.de\/ees\/wp-json\/wp\/v2\/comments?post=2304"}],"version-history":[{"count":7,"href":"https:\/\/www.hsu-hh.de\/ees\/wp-json\/wp\/v2\/pages\/2304\/revisions"}],"predecessor-version":[{"id":2919,"href":"https:\/\/www.hsu-hh.de\/ees\/wp-json\/wp\/v2\/pages\/2304\/revisions\/2919"}],"up":[{"embeddable":true,"href":"https:\/\/www.hsu-hh.de\/ees\/wp-json\/wp\/v2\/pages\/999"}],"wp:attachment":[{"href":"https:\/\/www.hsu-hh.de\/ees\/wp-json\/wp\/v2\/media?parent=2304"}],"wp:term":[{"taxonomy":"category","embeddable":true,"href":"https:\/\/www.hsu-hh.de\/ees\/wp-json\/wp\/v2\/categories?post=2304"},{"taxonomy":"post_tag","embeddable":true,"href":"https:\/\/www.hsu-hh.de\/ees\/wp-json\/wp\/v2\/tags?post=2304"}],"curies":[{"name":"wp","href":"https:\/\/api.w.org\/{rel}","templated":true}]}}