{"id":1600,"date":"2018-06-11T14:02:20","date_gmt":"2018-06-11T12:02:20","guid":{"rendered":"https:\/\/www.hsu-hh.de\/ees\/?page_id=1600"},"modified":"2021-05-27T13:48:44","modified_gmt":"2021-05-27T11:48:44","slug":"eu-projekt-bereitstellung-von-energiespeichern-zur-gewaehrleistung-eines-hohen-anteils-an-zeitlich-schwankender-energie-aus-erneuerbaren-energiequellen","status":"publish","type":"page","link":"https:\/\/www.hsu-hh.de\/ees\/forschung\/forschungsgebiete\/eu-projekt-bereitstellung-von-energiespeichern-zur-gewaehrleistung-eines-hohen-anteils-an-zeitlich-schwankender-energie-aus-erneuerbaren-energiequellen","title":{"rendered":"EU-Projekt stoRE: &#8222;Bereitstellung von Energiespeichern zur Gew\u00e4hrleistung eines hohen Anteils an zeitlich schwankender Energie aus erneuerbaren Energiequellen&#8220;"},"content":{"rendered":"<h3>Kontrakt-Nr.: IEE\/10\/222<br \/>\nLaufzeit 1.5.2011 &#8211; 30.04.2014<\/h3>\n<p><img loading=\"lazy\" decoding=\"async\" class=\"alignnone wp-image-1599\" src=\"https:\/\/www.hsu-hh.de\/ees\/wp-content\/uploads\/sites\/680\/2018\/06\/IEE-Logo_Fp.jpg\" alt=\"Logo_IEE\" width=\"367\" height=\"55\" srcset=\"https:\/\/www.hsu-hh.de\/ees\/wp-content\/uploads\/sites\/680\/2018\/06\/IEE-Logo_Fp.jpg 580w, https:\/\/www.hsu-hh.de\/ees\/wp-content\/uploads\/sites\/680\/2018\/06\/IEE-Logo_Fp-300x45.jpg 300w\" sizes=\"auto, (max-width: 367px) 100vw, 367px\" \/><\/p>\n<p>Das Projekt stoRE setzt sich zur Aufgabe, die ambitionierten Ziele zur hohen Integration von erneuerbaren Energien in das europ\u00e4ische Stromnetz bis 2020 und dar\u00fcber hinaus zu realisieren, indem das Potential einer Energiespeicher-Infrastruktur herausgestellt wird. Als Teil eines weitreichenden Ansatzes mit Netzausbau und Demand Management bringt die Energiespeicherung gro\u00dfe Vorteile f\u00fcr das ganze Versorgungssystem. Dadurch wird ein h\u00f6herer Anteil an erneuerbaren Energien erm\u00f6glicht, indem die produzierte Leistung dem Bedarf anpasst und somit die Netzqualit\u00e4t verbessert wird.<\/p>\n<p>Im Projekt StoRE wird untersucht, wie eine Speicher-Infrastruktur geschaffen werden kann, mit der sich die politisch geplante Integration von erneuerbaren Energien im Elektrizit\u00e4tsnetz in vollem Umfang verwirklichen l\u00e4sst. Dazu geh\u00f6rt auch, die richtigen Markt- und Regulierungsstrukturen zu schaffen. Dies geht Hand in Hand mit der neuen EU-Richtlinie zur Integration von erneuerbaren Energien, die den Mitgliedsstaaten explizit vorschreibt, neue M\u00f6glichkeiten zur Energiespeicherung zu erschlie\u00dfen.<\/p>\n<p>Eine \u00dcbereinkunft aller beteiligten Partner \u00fcber die Anpassung der europ\u00e4ischen Energie- und Marktstruktur wird angestrebt. Es werden konkrete Vorschl\u00e4ge erarbeitet, deren Implementation mit politischen Entscheidungstr\u00e4gern geplant und vorangetrieben wird. Das Gleiche gilt f\u00fcr die sechs sorgf\u00e4ltig ausgew\u00e4hlten Ziell\u00e4nder Deutschland, Spanien, Griechenland, Irland, D\u00e4nemark und \u00d6sterreich.\u00a0 Auch hier soll eine konkrete Verbesserung in den politischen Rahmenbedingungen sowie den Markt- und Genehmigungsmechanismen geschaffen werden.<\/p>\n<p>Die m\u00f6glichen positiven und negativen Auswirkungen der verschiedenen Speichertechnologien auf die Umwelt werden ebenfalls\u00a0 untersucht. Dabei sind die Abw\u00e4gungen relevanter Akteure (<abbr title=\"zum Beispiel\">z.B.<\/abbr> Umweltorganisationen oder NGO\u2019s ) mit in die Betrachtung einzubeziehen. So ist auch ein Leitfaden f\u00fcr die Planung von Pumpspeicherwerken in umwelttechnisch sensiblen Regionen geplant. Zu guter Letzt werden der Beratungsprozess, die politischen Debatten und die Kommunikationspolitik daf\u00fcr sorgen, dass das Projekt allen betroffenen Parteien zug\u00e4nglich gemacht wird und die Resultate somit den gesamten Energiesektor repr\u00e4sentieren k\u00f6nnen.<\/p>\n<div class=\"content-block2\">\n<h3>Ansprechpartner:<\/h3>\n<p>Prof. <abbr title=\"Doktor der Ingenieurwissenschaften\">Dr.-Ing.<\/abbr> <abbr title=\"habilitatus\">habil.<\/abbr> Detlef Schulz\u00a0(<u>Projektleiter<\/u>)<br \/>\nFakult\u00e4t f\u00fcr Elektrotechnik<br \/>\nElektrische Energiesysteme<\/p>\n<\/div>\n<div class=\"content-block2\">\n<div class=\"clearfix\">\n<h3><img loading=\"lazy\" decoding=\"async\" class=\"aligncenter wp-image-1598\" src=\"https:\/\/www.hsu-hh.de\/ees\/wp-content\/uploads\/sites\/680\/2018\/06\/stoRE-Logo_2T.jpg\" alt=\"Logo_StoRE\" width=\"147\" height=\"150\" srcset=\"https:\/\/www.hsu-hh.de\/ees\/wp-content\/uploads\/sites\/680\/2018\/06\/stoRE-Logo_2T.jpg 790w, https:\/\/www.hsu-hh.de\/ees\/wp-content\/uploads\/sites\/680\/2018\/06\/stoRE-Logo_2T-295x300.jpg 295w, https:\/\/www.hsu-hh.de\/ees\/wp-content\/uploads\/sites\/680\/2018\/06\/stoRE-Logo_2T-768x782.jpg 768w\" sizes=\"auto, (max-width: 147px) 100vw, 147px\" \/><\/h3>\n<\/div>\n<\/div>\n","protected":false},"excerpt":{"rendered":"<p>Kontrakt-Nr.: IEE\/10\/222 Laufzeit 1.5.2011 &#8211; 30.04.2014 Das Projekt stoRE setzt sich zur Aufgabe, die ambitionierten Ziele zur hohen Integration von erneuerbaren Energien in das europ\u00e4ische Stromnetz bis 2020 und dar\u00fcber [&hellip;]<\/p>\n","protected":false},"author":57,"featured_media":0,"parent":3518,"menu_order":0,"comment_status":"closed","ping_status":"closed","template":"","meta":{"footnotes":""},"categories":[4,118],"tags":[],"class_list":["post-1600","page","type-page","status-publish","hentry","category-forschung","category-projekte"],"_links":{"self":[{"href":"https:\/\/www.hsu-hh.de\/ees\/wp-json\/wp\/v2\/pages\/1600","targetHints":{"allow":["GET"]}}],"collection":[{"href":"https:\/\/www.hsu-hh.de\/ees\/wp-json\/wp\/v2\/pages"}],"about":[{"href":"https:\/\/www.hsu-hh.de\/ees\/wp-json\/wp\/v2\/types\/page"}],"author":[{"embeddable":true,"href":"https:\/\/www.hsu-hh.de\/ees\/wp-json\/wp\/v2\/users\/57"}],"replies":[{"embeddable":true,"href":"https:\/\/www.hsu-hh.de\/ees\/wp-json\/wp\/v2\/comments?post=1600"}],"version-history":[{"count":5,"href":"https:\/\/www.hsu-hh.de\/ees\/wp-json\/wp\/v2\/pages\/1600\/revisions"}],"predecessor-version":[{"id":4666,"href":"https:\/\/www.hsu-hh.de\/ees\/wp-json\/wp\/v2\/pages\/1600\/revisions\/4666"}],"up":[{"embeddable":true,"href":"https:\/\/www.hsu-hh.de\/ees\/wp-json\/wp\/v2\/pages\/3518"}],"wp:attachment":[{"href":"https:\/\/www.hsu-hh.de\/ees\/wp-json\/wp\/v2\/media?parent=1600"}],"wp:term":[{"taxonomy":"category","embeddable":true,"href":"https:\/\/www.hsu-hh.de\/ees\/wp-json\/wp\/v2\/categories?post=1600"},{"taxonomy":"post_tag","embeddable":true,"href":"https:\/\/www.hsu-hh.de\/ees\/wp-json\/wp\/v2\/tags?post=1600"}],"curies":[{"name":"wp","href":"https:\/\/api.w.org\/{rel}","templated":true}]}}