{"id":1213,"date":"2018-03-19T11:08:07","date_gmt":"2018-03-19T10:08:07","guid":{"rendered":"https:\/\/www.hsu-hh.de\/ees\/?page_id=1213"},"modified":"2018-03-28T07:39:21","modified_gmt":"2018-03-28T05:39:21","slug":"sbawi","status":"publish","type":"page","link":"https:\/\/www.hsu-hh.de\/ees\/sbawi","title":{"rendered":"Studienbereich Wirtschaftsingenieurwesen"},"content":{"rendered":"<p>&nbsp;<\/p>\n<div class=\"content-block3\">\n<div class=\"background-grey\">\n<p style=\"text-align: center\"><a href=\"https:\/\/www.hsu-hh.de\/ees\/studienbereichsausschuss-wirtschaftsingenieurwesen\/wi-uebersicht\">\u00dcbersicht<\/a><\/p>\n<\/div>\n<\/div>\n<div class=\"content-block3 clearfix\" style=\"text-align: center\">\n<div class=\"background-grey\">\n<p><strong>Studium<\/strong><\/p>\n<p>&nbsp;<\/p>\n<p><a href=\"https:\/\/www.hsu-hh.de\/ees\/studienbereichsausschuss-wirtschaftsingenieurwesen\/wi-infomationen-fuer-studierende\">Informationen f\u00fcr Studierende<\/a><\/p>\n<p><a href=\"https:\/\/www.hsu-hh.de\/ees\/studienbereichsausschuss-wirtschaftsingenieurwesen\/wi-bachelor-und-masterstudiengaenge\">Bachelor- und Masterstudieng\u00e4nge<\/a><\/p>\n<\/div>\n<\/div>\n<div class=\"clearfix\">\n<div class=\"content-block3\">\n<div class=\"background-grey\">\n<p style=\"text-align: center\"><a href=\"https:\/\/www.hsu-hh.de\/ees\/studienbereichsausschuss-wirtschaftsingenieurwesen\/wi-kontakt\">Kontakt<\/a><\/p>\n<\/div>\n<\/div>\n<\/div>\n<p>&nbsp;<\/p>\n<p>&nbsp;<\/p>\n<p>&nbsp;<\/p>\n<p>&nbsp;<\/p>\n","protected":false},"excerpt":{"rendered":"<p>&nbsp; \u00dcbersicht Studium &nbsp; Informationen f\u00fcr Studierende Bachelor- und Masterstudieng\u00e4nge Kontakt &nbsp; &nbsp; &nbsp; &nbsp;<\/p>\n","protected":false},"author":57,"featured_media":0,"parent":0,"menu_order":0,"comment_status":"closed","ping_status":"closed","template":"","meta":{"footnotes":""},"categories":[153],"tags":[159],"class_list":["post-1213","page","type-page","status-publish","hentry","category-wi","tag-wi-sbawi"],"_links":{"self":[{"href":"https:\/\/www.hsu-hh.de\/ees\/wp-json\/wp\/v2\/pages\/1213","targetHints":{"allow":["GET"]}}],"collection":[{"href":"https:\/\/www.hsu-hh.de\/ees\/wp-json\/wp\/v2\/pages"}],"about":[{"href":"https:\/\/www.hsu-hh.de\/ees\/wp-json\/wp\/v2\/types\/page"}],"author":[{"embeddable":true,"href":"https:\/\/www.hsu-hh.de\/ees\/wp-json\/wp\/v2\/users\/57"}],"replies":[{"embeddable":true,"href":"https:\/\/www.hsu-hh.de\/ees\/wp-json\/wp\/v2\/comments?post=1213"}],"version-history":[{"count":15,"href":"https:\/\/www.hsu-hh.de\/ees\/wp-json\/wp\/v2\/pages\/1213\/revisions"}],"predecessor-version":[{"id":1321,"href":"https:\/\/www.hsu-hh.de\/ees\/wp-json\/wp\/v2\/pages\/1213\/revisions\/1321"}],"wp:attachment":[{"href":"https:\/\/www.hsu-hh.de\/ees\/wp-json\/wp\/v2\/media?parent=1213"}],"wp:term":[{"taxonomy":"category","embeddable":true,"href":"https:\/\/www.hsu-hh.de\/ees\/wp-json\/wp\/v2\/categories?post=1213"},{"taxonomy":"post_tag","embeddable":true,"href":"https:\/\/www.hsu-hh.de\/ees\/wp-json\/wp\/v2\/tags?post=1213"}],"curies":[{"name":"wp","href":"https:\/\/api.w.org\/{rel}","templated":true}]}}