{"id":73,"date":"2017-07-03T15:52:08","date_gmt":"2017-07-03T13:52:08","guid":{"rendered":"https:\/\/www.hsu-hh.de\/drc\/?page_id=73"},"modified":"2024-12-18T20:36:41","modified_gmt":"2024-12-18T19:36:41","slug":"startseite","status":"publish","type":"page","link":"https:\/\/www.hsu-hh.de\/drc\/","title":{"rendered":"Willkommen auf der Seite des Democratic Resilience Center (DRC)"},"content":{"rendered":"\n<p class=\"has-text-align-center\"><\/p>\n\n\n\n<hr class=\"wp-block-separator has-alpha-channel-opacity\" \/>\n\n\n\n<p class=\"has-text-align-left\">Unsere Vision:<\/p>\n\n\n\n<div class=\"wp-block-columns is-layout-flex wp-container-core-columns-is-layout-9d6595d7 wp-block-columns-is-layout-flex\">\n<div class=\"wp-block-column is-layout-flow wp-block-column-is-layout-flow\" style=\"flex-basis:100%\">\n<p class=\"has-text-align-left\">Das Democratic Resilience Center (DRC) stellt sich eine Welt vor, in der demokratische Gesellschaften widerstandsf\u00e4hig sind; robust, glaubw\u00fcrdig und in der Lage, Herausforderungen und Bedrohungen zu erkennen, abzuschrecken und ihnen zu widerstehen.<\/p>\n<\/div>\n<\/div>\n\n\n\n<p>Unsere Mission:<\/p>\n\n\n\n<p class=\"has-text-align-left\">Wir f\u00f6rdern widerstandsf\u00e4hige demokratische Gesellschaften durch exzellente, international sichtbare und interdisziplin\u00e4re Forschung. Unser Ziel ist es, diese Erkenntnisse in praktisches Wissen umzusetzen, welches die Bereiche Bildung, Ausbildung und unparteiische Fachberatung unterst\u00fctzen kann.<\/p>\n\n\n\n<hr class=\"wp-block-separator has-alpha-channel-opacity\" \/>\n\n\n\n<h2 class=\"wp-block-heading has-text-align-center\"><a href=\"https:\/\/www.hsu-hh.de\/drc\/?page_id=850\" data-type=\"page\" data-id=\"850\">Neuigkeiten<\/a><\/h2>\n\n\n\n<figure class=\"wp-block-embed is-type-wp-embed is-provider-drc wp-block-embed-drc\"><div class=\"wp-block-embed__wrapper\">\n<blockquote class=\"wp-embedded-content\" data-secret=\"ZuWUvh0bMV\"><a href=\"https:\/\/www.hsu-hh.de\/drc\/neuigkeiten\/\">Neuigkeiten<\/a><\/blockquote><iframe loading=\"lazy\" class=\"wp-embedded-content\" sandbox=\"allow-scripts\" security=\"restricted\" style=\"position: absolute; clip: rect(1px, 1px, 1px, 1px);\" title=\"&#8222;Neuigkeiten&#8220; &#8212; DRC\" src=\"https:\/\/www.hsu-hh.de\/drc\/neuigkeiten\/embed\/#?secret=upBiAOfe8R#?secret=ZuWUvh0bMV\" data-secret=\"ZuWUvh0bMV\" width=\"500\" height=\"282\" frameborder=\"0\" marginwidth=\"0\" marginheight=\"0\" scrolling=\"no\"><\/iframe>\n<\/div><\/figure>\n\n\n\n<hr class=\"wp-block-separator has-alpha-channel-opacity\" \/>\n\n\n<script>\tvar sosereDefaults = {\"allowfullscreen\":true,\"fit\":\"contain\",\"transition\":\"crossfade\",\"loop\":true,\"autoplay\":\"3000\",\"stopautoplayontouch\":true,\"keyboard\":true,\"nav\":\"thumbs\"}<\/script><div class='sosere--wp' data-ids='739,732,816,730,731,727'data-link='file'data-itemtag='dl'data-icontag='dt'data-captiontag='dd'data-columns='0'data-size='large'data-width='1024'data-auto='false'data-max-width='100%'data-ratio='1.7933450087566'><div id='gallery-1' class='gallery galleryid-73 gallery-columns-0 gallery-size-thumbnail'><dl class='gallery-item'>\n\t\t\t<dt class='gallery-icon landscape'>\n\t\t\t\t<a href='https:\/\/www.hsu-hh.de\/drc\/wp-content\/uploads\/sites\/917\/2024\/10\/IMG_3616-1024x571.jpeg' data-full='https:\/\/www.hsu-hh.de\/drc\/wp-content\/uploads\/sites\/917\/2024\/10\/IMG_3616.jpeg' data-credit=\"DRC\"><img loading=\"lazy\" decoding=\"async\" width=\"150\" height=\"150\" src=\"https:\/\/www.hsu-hh.de\/drc\/wp-content\/uploads\/sites\/917\/2024\/10\/IMG_3616-150x150.jpeg\" class=\"attachment-thumbnail size-thumbnail\" alt=\"\" srcset=\"https:\/\/www.hsu-hh.de\/drc\/wp-content\/uploads\/sites\/917\/2024\/10\/IMG_3616-150x150.jpeg 150w, https:\/\/www.hsu-hh.de\/drc\/wp-content\/uploads\/sites\/917\/2024\/10\/IMG_3616-100x100.jpeg 100w\" sizes=\"auto, (max-width: 150px) 100vw, 150px\" \/><\/a>\n\t\t\t<\/dt><\/dl><dl class='gallery-item'>\n\t\t\t<dt class='gallery-icon landscape'>\n\t\t\t\t<a href='https:\/\/www.hsu-hh.de\/drc\/wp-content\/uploads\/sites\/917\/2024\/10\/IMG_3612-1-1024x573.jpeg' data-full='https:\/\/www.hsu-hh.de\/drc\/wp-content\/uploads\/sites\/917\/2024\/10\/IMG_3612-1.jpeg' data-credit=\"DRC\"><img loading=\"lazy\" decoding=\"async\" width=\"150\" height=\"150\" src=\"https:\/\/www.hsu-hh.de\/drc\/wp-content\/uploads\/sites\/917\/2024\/10\/IMG_3612-1-150x150.jpeg\" class=\"attachment-thumbnail size-thumbnail\" alt=\"\" srcset=\"https:\/\/www.hsu-hh.de\/drc\/wp-content\/uploads\/sites\/917\/2024\/10\/IMG_3612-1-150x150.jpeg 150w, https:\/\/www.hsu-hh.de\/drc\/wp-content\/uploads\/sites\/917\/2024\/10\/IMG_3612-1-100x100.jpeg 100w\" sizes=\"auto, (max-width: 150px) 100vw, 150px\" \/><\/a>\n\t\t\t<\/dt><\/dl><dl class='gallery-item'>\n\t\t\t<dt class='gallery-icon landscape'>\n\t\t\t\t<a href='https:\/\/www.hsu-hh.de\/drc\/wp-content\/uploads\/sites\/917\/2024\/11\/Bildschirmfoto-2024-11-14-um-07.28.03-1024x570.png' data-full='https:\/\/www.hsu-hh.de\/drc\/wp-content\/uploads\/sites\/917\/2024\/11\/Bildschirmfoto-2024-11-14-um-07.28.03.png' data-credit=\"DRC\"><img loading=\"lazy\" decoding=\"async\" width=\"150\" height=\"150\" src=\"https:\/\/www.hsu-hh.de\/drc\/wp-content\/uploads\/sites\/917\/2024\/11\/Bildschirmfoto-2024-11-14-um-07.28.03-150x150.png\" class=\"attachment-thumbnail size-thumbnail\" alt=\"\" srcset=\"https:\/\/www.hsu-hh.de\/drc\/wp-content\/uploads\/sites\/917\/2024\/11\/Bildschirmfoto-2024-11-14-um-07.28.03-150x150.png 150w, https:\/\/www.hsu-hh.de\/drc\/wp-content\/uploads\/sites\/917\/2024\/11\/Bildschirmfoto-2024-11-14-um-07.28.03-100x100.png 100w\" sizes=\"auto, (max-width: 150px) 100vw, 150px\" \/><\/a>\n\t\t\t<\/dt><\/dl><dl class='gallery-item'>\n\t\t\t<dt class='gallery-icon landscape'>\n\t\t\t\t<a href='https:\/\/www.hsu-hh.de\/drc\/wp-content\/uploads\/sites\/917\/2024\/10\/IMG_3610-1-1024x576.jpeg' data-full='https:\/\/www.hsu-hh.de\/drc\/wp-content\/uploads\/sites\/917\/2024\/10\/IMG_3610-1.jpeg' data-credit=\"DRC\"><img loading=\"lazy\" decoding=\"async\" width=\"150\" height=\"150\" src=\"https:\/\/www.hsu-hh.de\/drc\/wp-content\/uploads\/sites\/917\/2024\/10\/IMG_3610-1-150x150.jpeg\" class=\"attachment-thumbnail size-thumbnail\" alt=\"\" srcset=\"https:\/\/www.hsu-hh.de\/drc\/wp-content\/uploads\/sites\/917\/2024\/10\/IMG_3610-1-150x150.jpeg 150w, https:\/\/www.hsu-hh.de\/drc\/wp-content\/uploads\/sites\/917\/2024\/10\/IMG_3610-1-100x100.jpeg 100w\" sizes=\"auto, (max-width: 150px) 100vw, 150px\" \/><\/a>\n\t\t\t<\/dt><\/dl><dl class='gallery-item'>\n\t\t\t<dt class='gallery-icon landscape'>\n\t\t\t\t<a href='https:\/\/www.hsu-hh.de\/drc\/wp-content\/uploads\/sites\/917\/2024\/10\/IMG_3611-1-1024x576.jpeg' data-full='https:\/\/www.hsu-hh.de\/drc\/wp-content\/uploads\/sites\/917\/2024\/10\/IMG_3611-1.jpeg' data-credit=\"DRC\"><img loading=\"lazy\" decoding=\"async\" width=\"150\" height=\"150\" src=\"https:\/\/www.hsu-hh.de\/drc\/wp-content\/uploads\/sites\/917\/2024\/10\/IMG_3611-1-150x150.jpeg\" class=\"attachment-thumbnail size-thumbnail\" alt=\"\" srcset=\"https:\/\/www.hsu-hh.de\/drc\/wp-content\/uploads\/sites\/917\/2024\/10\/IMG_3611-1-150x150.jpeg 150w, https:\/\/www.hsu-hh.de\/drc\/wp-content\/uploads\/sites\/917\/2024\/10\/IMG_3611-1-100x100.jpeg 100w\" sizes=\"auto, (max-width: 150px) 100vw, 150px\" \/><\/a>\n\t\t\t<\/dt><\/dl><dl class='gallery-item'>\n\t\t\t<dt class='gallery-icon landscape'>\n\t\t\t\t<a href='https:\/\/www.hsu-hh.de\/drc\/wp-content\/uploads\/sites\/917\/2024\/10\/IMG_3609-1-1024x573.jpeg' data-full='https:\/\/www.hsu-hh.de\/drc\/wp-content\/uploads\/sites\/917\/2024\/10\/IMG_3609-1.jpeg' data-credit=\"DRC\"><img loading=\"lazy\" decoding=\"async\" width=\"150\" height=\"150\" src=\"https:\/\/www.hsu-hh.de\/drc\/wp-content\/uploads\/sites\/917\/2024\/10\/IMG_3609-1-150x150.jpeg\" class=\"attachment-thumbnail size-thumbnail\" alt=\"\" srcset=\"https:\/\/www.hsu-hh.de\/drc\/wp-content\/uploads\/sites\/917\/2024\/10\/IMG_3609-1-150x150.jpeg 150w, https:\/\/www.hsu-hh.de\/drc\/wp-content\/uploads\/sites\/917\/2024\/10\/IMG_3609-1-100x100.jpeg 100w\" sizes=\"auto, (max-width: 150px) 100vw, 150px\" \/><\/a>\n\t\t\t<\/dt><\/dl>\n\t\t<\/div>\n<\/div>\n\n\n<hr class=\"wp-block-separator has-alpha-channel-opacity\" \/>\n","protected":false},"excerpt":{"rendered":"<p>Unsere Vision: Das Democratic Resilience Center (DRC) stellt sich eine Welt vor, in der demokratische Gesellschaften widerstandsf\u00e4hig sind; robust, glaubw\u00fcrdig und in der Lage, Herausforderungen und Bedrohungen zu erkennen, abzuschrecken [&hellip;]<\/p>\n","protected":false},"author":3735,"featured_media":0,"parent":0,"menu_order":0,"comment_status":"closed","ping_status":"closed","template":"","meta":{"footnotes":""},"categories":[35],"tags":[],"class_list":["post-73","page","type-page","status-publish","hentry","category-startseite"],"_links":{"self":[{"href":"https:\/\/www.hsu-hh.de\/drc\/wp-json\/wp\/v2\/pages\/73","targetHints":{"allow":["GET"]}}],"collection":[{"href":"https:\/\/www.hsu-hh.de\/drc\/wp-json\/wp\/v2\/pages"}],"about":[{"href":"https:\/\/www.hsu-hh.de\/drc\/wp-json\/wp\/v2\/types\/page"}],"author":[{"embeddable":true,"href":"https:\/\/www.hsu-hh.de\/drc\/wp-json\/wp\/v2\/users\/3735"}],"replies":[{"embeddable":true,"href":"https:\/\/www.hsu-hh.de\/drc\/wp-json\/wp\/v2\/comments?post=73"}],"version-history":[{"count":41,"href":"https:\/\/www.hsu-hh.de\/drc\/wp-json\/wp\/v2\/pages\/73\/revisions"}],"predecessor-version":[{"id":857,"href":"https:\/\/www.hsu-hh.de\/drc\/wp-json\/wp\/v2\/pages\/73\/revisions\/857"}],"wp:attachment":[{"href":"https:\/\/www.hsu-hh.de\/drc\/wp-json\/wp\/v2\/media?parent=73"}],"wp:term":[{"taxonomy":"category","embeddable":true,"href":"https:\/\/www.hsu-hh.de\/drc\/wp-json\/wp\/v2\/categories?post=73"},{"taxonomy":"post_tag","embeddable":true,"href":"https:\/\/www.hsu-hh.de\/drc\/wp-json\/wp\/v2\/tags?post=73"}],"curies":[{"name":"wp","href":"https:\/\/api.w.org\/{rel}","templated":true}]}}