{"id":561,"date":"2024-09-18T10:25:11","date_gmt":"2024-09-18T08:25:11","guid":{"rendered":"https:\/\/www.hsu-hh.de\/drc\/?page_id=561"},"modified":"2026-04-15T15:19:08","modified_gmt":"2026-04-15T13:19:08","slug":"wer-wir-sind","status":"publish","type":"page","link":"https:\/\/www.hsu-hh.de\/drc\/wer-wir-sind\/","title":{"rendered":"Wer wir sind\u2026"},"content":{"rendered":"\n<div class=\"wp-block-columns is-layout-flex wp-container-core-columns-is-layout-9d6595d7 wp-block-columns-is-layout-flex\">\n<div class=\"wp-block-column is-layout-flow wp-block-column-is-layout-flow\" style=\"flex-basis:63%\">\n<p class=\"has-text-align-left\">Die Aktivit\u00e4ten des Democratic Resilience Center werden von einem zw\u00f6lf-k\u00f6pfigen Team geleitet, der sich aus angesehenen Wissenschaftlern und Vordenkern zusammensetzt, die sich f\u00fcr die F\u00f6rderung widerstandsf\u00e4higer, robuster und glaubw\u00fcrdiger demokratischer Gesellschaften einsetzen. Dieses Team leitet uns bei der Durchf\u00fchrung qualitativ hochwertiger, international anerkannter Forschung, die unsere unabh\u00e4ngige und unparteiische Haltung zur demokratischen Resilienz unterst\u00fctzt.<\/p>\n<\/div>\n\n\n\n<div class=\"wp-block-column is-layout-flow wp-block-column-is-layout-flow\" style=\"flex-basis:37%\"><div class=\"wp-block-image\">\n<figure class=\"aligncenter is-resized\"><img decoding=\"async\" src=\"https:\/\/www.hsu-hh.de\/drc\/wp-content\/uploads\/sites\/917\/2024\/03\/DRC-blau-CMYK.svg\" alt=\"DrC Text\" class=\"wp-image-352\" style=\"width:543px;height:auto\" \/><\/figure>\n<\/div><\/div>\n<\/div>\n\n\n\n<hr class=\"wp-block-separator has-alpha-channel-opacity\" \/>\n\n\n\n<h2 class=\"wp-block-heading\"><strong>Sprecher<\/strong><\/h2>\n\n\n\n<p><a href=\"https:\/\/www.hsu-hh.de\/politiktheorie\/prof-dr-gary-s-schaal\"><strong><abbr title=\"Professor\">Prof.<\/abbr> <abbr title=\"Doktor\">Dr.<\/abbr> Gary S. Schaal<\/strong><\/a> | Politikwissenschaft, <abbr title=\"insbesondere\">insb.<\/abbr> Politische Theorie<\/p>\n\n\n\n<p><strong>Forschungsschwerpunkte<\/strong>: Politische Theorie, Empirische Demokratie- und Deliberationsforschung, Maritime Sicherheit, K\u00fcnstliche Intelligenz und Strategie<\/p>\n\n\n\n<p><abbr title=\"Professor\">Prof.<\/abbr> <abbr title=\"Doktor\">Dr.<\/abbr> Gary S. Schaal, seit 2009 Inhaber des Lehrstuhls f\u00fcr Politische Theorie an der Helmut-Schmidt-Universit\u00e4t, leitet das German Institute for Defense and Strategic Studies (GIDS) sowie den Forschungsschwerpunkt Maritime Sicherheit (iFMS) an der Helmut-Schmidt-Universit\u00e4t. Er ist Dekan der Fakult\u00e4t f\u00fcr Wirtschafts- und Sozialwissenschaften.<\/p>\n\n\n\n<hr class=\"wp-block-separator has-alpha-channel-opacity\" \/>\n\n\n\n<h2 class=\"wp-block-heading\"><strong>Principal Investigators<\/strong>&nbsp;\u2013&nbsp;<em>alphabetisch<\/em><\/h2>\n\n\n\n<hr class=\"wp-block-separator has-alpha-channel-opacity\" \/>\n\n\n\n<p><strong><a href=\"https:\/\/www.hsu-hh.de\/orgasoz\/prof-dr-cristina-besio\"><abbr title=\"Professor\">Prof.<\/abbr> <abbr title=\"Doktor\">Dr.<\/abbr> Cristina Besio<\/a><\/strong> | Organisationssoziologie<br><br><strong>Forschungsschwerpunkte:<\/strong> Systemtheorie, Wissenschaftskommunikation, Organisationen, Ethik<br><br><abbr title=\"Professor\">Prof.<\/abbr> <abbr title=\"Doktor\">Dr.<\/abbr> Cristina Besio ist seit 2014 Professorin f\u00fcr Organisationssoziologie an der Helmut-Schmidt-Universit\u00e4t. Ihre Forschung umfasst Systemtheorie, Wissenschaftskommunikation, Organisationen und Ethik. Sie untersucht den Wandel von Organisationsstrukturen in der Wissenschaft, die gesellschaftliche Rolle von Organisationen und ethische Fragestellungen in organisationalen Kontexten. Au\u00dferdem leitet sie Projekte zur Untersuchung von Innovationsprozessen und zur Umsetzung ethisch-moralischer Anforderungen in Organisationen.<\/p>\n\n\n\n<hr class=\"wp-block-separator has-alpha-channel-opacity\" \/>\n\n\n\n<p><strong><a href=\"https:\/\/www.hsu-hh.de\/voelkerrecht\/prof-dr-sigrid-boysen\"><abbr title=\"Professor\">Prof.<\/abbr> <abbr title=\"Doktor\">Dr.<\/abbr> Sigrid Boysen<\/a><\/strong> | \u00d6ffentliches Recht, insbesondere V\u00f6lkerrecht und Europarecht<br><br><strong>Forschungsschwerpunkte:<\/strong> Internationales Umwelt- und Wirtschaftsrecht, Europarecht, V\u00f6lkerrecht, Verfassungsrecht<br><br><abbr title=\"Professor\">Prof.<\/abbr> <abbr title=\"Doktor\">Dr.<\/abbr> Sigrid Boysen ist seit 2014 Professorin f\u00fcr \u00d6ffentliches Recht sowie f\u00fcr V\u00f6lker- und Europarecht an der Helmut-Schmidt-Universit\u00e4t. In ihrer Forschung widmet sie sich dem internationalen Umwelt- und Wirtschaftsrecht sowie den v\u00f6lkerrechtlichen Dimensionen des Kolonialismus. Weitere Schwerpunkte sind das Verfassungsrecht, insbesondere F\u00f6deralismus und Gleichheitsschutz. Seit 2022 ist sie Richterin am Hamburgischen Verfassungsgericht.<\/p>\n\n\n\n<hr class=\"wp-block-separator has-alpha-channel-opacity\" \/>\n\n\n\n<p><strong><a href=\"https:\/\/www.hsu-hh.de\/paepsy\/team-2\"><abbr title=\"Professor\">Prof.<\/abbr> <abbr title=\"Doktor\">Dr.<\/abbr> Monika Daseking<\/a><\/strong> | Entwicklungspsychologie und P\u00e4dagogische Psychologie<\/p>\n\n\n\n<p><strong>Forschungsschwerpunkte:<\/strong> Lernst\u00f6rungen, ADHS, Exekutive Funktionen, Intelligenzdiagnostik, Moralentwicklung, Verschw\u00f6rungssensitivit\u00e4t und Epistemologische \u00dcberzeugungen<br><br><abbr title=\"Professor\">Prof.<\/abbr> <abbr title=\"Doktor\">Dr.<\/abbr> Monika Daseking ist seit 2019 Inhaberin der Professur f\u00fcr Entwicklungspsychologie und P\u00e4dagogische Psychologie an der Helmut-Schmidt-Universit\u00e4t. Ihre Forschungsschwerpunkte umfassen Themen der Entwicklungspsychologie wie ADHS, Exekutive Funktionen und Moralentwicklung sowie der P\u00e4dagogischen Psychologie wie Lernst\u00f6rungen und Intelligenzdiagnostik. Sie leitet Projekte zur F\u00f6rderung von Kindern mit schulischen Lernst\u00f6rungen, zur Fr\u00fcherkennung von ADHS sowie zur Entwicklung psychologischer Tests.<\/p>\n\n\n\n<hr class=\"wp-block-separator has-alpha-channel-opacity\" \/>\n\n\n\n<p><strong><a href=\"https:\/\/www.hsu-hh.de\/orga\/prof-dr-stephan-duschek\"><abbr title=\"Professor\">Prof.<\/abbr> <abbr title=\"Doktor\">Dr.<\/abbr> Stephan Duschek<\/a><\/strong> | Betriebswirtschaftslehre, insbesondere Organisationstheorie<br><br><strong>Forschungsschwerpunkte:<\/strong> Netzwerkmanagement, Innovationsmanagement, Organisationstheorie<br><br><abbr title=\"Professor\">Prof.<\/abbr> <abbr title=\"Doktor\">Dr.<\/abbr> Stephan Duschek ist seit 2009 Inhaber der Professur f\u00fcr Betriebswirtschaftslehre an der Helmut-Schmidt-Universit\u00e4t. Seine Forschung umfasst Netzwerk- und Innovationsmanagement sowie Organisationstheorie. Au\u00dferdem leitet er Projekte zur Analyse und Steuerung von interorganisationalen Beziehungen und zur Entwicklung von Strategien f\u00fcr effektives Management in komplexen organisatorischen Netzwerken.<\/p>\n\n\n\n<hr class=\"wp-block-separator has-alpha-channel-opacity\" \/>\n\n\n\n<p><strong><a href=\"https:\/\/www.hsu-hh.de\/vergaberecht\/mitarbeiter\/professurinhaber\/\"><abbr title=\"Professor\">Prof.<\/abbr> <abbr title=\"Doktor\">Dr.<\/abbr> Christian Ernst<\/a><\/strong> | \u00d6ffentliches Recht und Wirtschaftsrecht, einschlie\u00dflich Vergaberecht<br><br><strong>Forschungsschwerpunkte:<\/strong> Verwaltungsrecht, Kommunalrecht, Digitalisierung der Verwaltung<br><br><abbr title=\"Professor\">Prof.<\/abbr> <abbr title=\"Doktor\">Dr.<\/abbr> Christian Ernst ist seit 2019 Inhaber der Professur f\u00fcr \u00d6ffentliches Recht und Wirtschaftsrecht an der Helmut-Schmidt-Universit\u00e4t. Seine Forschung umfasst Verwaltungsrecht, Kommunalrecht und die Digitalisierung der Verwaltung. Er leitet Projekte zur Modernisierung der Verwaltung, zur Implementierung digitaler Prozesse und zur rechtlichen Analyse von Verwaltungsreformen.<\/p>\n\n\n\n<hr class=\"wp-block-separator has-alpha-channel-opacity\" \/>\n\n\n\n<p><strong><a href=\"https:\/\/www.hsu-hh.de\/psyaow\/team\/felfe\/\"><abbr title=\"Professor\">Prof.<\/abbr> <abbr title=\"Doktor\">Dr.<\/abbr> J\u00f6rg Felfe<\/a><\/strong> | Arbeits-, Organisations- und Wirtschaftspsychologie<strong><br><\/strong><br><strong>Forschungsschwerpunkte:<\/strong> Leadership, Gesundheitsf\u00f6rderung, Commitment, Personalentwicklung, Digitales Arbeiten<br><br><abbr title=\"Professor\">Prof.<\/abbr> <abbr title=\"Doktor\">Dr.<\/abbr> J\u00f6rg Felfe ist seit 2010 Inhaber der Professur f\u00fcr Arbeits-, Organisations- und Wirtschaftspsychologie an der Helmut-Schmidt-Universit\u00e4t. Seine Forschungsschwerpunkte umfassen transformationale F\u00fchrung, Health oriented Leadership, Commitment, betriebliches Gesundheitsmanagement, digitales und virtuelles Arbeiten sowie Personalauswahl und -entwicklung. Au\u00dferdem leitet er Projekte zur F\u00f6rderung individueller und organisationaler Resilienz, zur Entwicklung gesunder F\u00fchrung, und erforscht die Chancen und Risiken digitaler Arbeit. Dazu werden Diagnoseinstrumente, Trainings- und Interventionskonzepte sowie digitale Assistenzsysteme entwickelt und erprobt.<\/p>\n\n\n\n<hr class=\"wp-block-separator has-alpha-channel-opacity\" \/>\n\n\n\n<p><strong><a href=\"https:\/\/www.hsu-hh.de\/sozgov\/team\/prof-dr-sigrid-hartong\/\"><abbr title=\"Professor\">Prof.<\/abbr> <abbr title=\"Doktor\">Dr.<\/abbr> Sigrid Hartong<\/a><\/strong> | Soziologie, insbesondere Transformation von Governance in Bildung und Gesellschaft<\/p>\n\n\n\n<p><strong>Forschungsschwerpunkte:<\/strong> Governance, Datafizierung und Digitalisierung von Bildung und Gesellschaft, F\u00f6deralismusforschung, Critical Data\/Digital Literacies<br><br><abbr title=\"Professor\">Prof.<\/abbr> <abbr title=\"Doktor\">Dr.<\/abbr> Sigrid Hartong ist seit 2020 Professorin f\u00fcr Soziologie an der Helmut-Schmidt-Universit\u00e4t. Ihre Forschung fokussiert den Wandel von Governance in Bildung und Gesellschaft, insbesondere mit Blick auf Effekte wachsender Digitalisierung. Auch forscht sie zu Fragen der Kompetenzentwicklung f\u00fcr eine kritische Gestaltung postdigitaler Gesellschaft.<\/p>\n\n\n\n<hr class=\"wp-block-separator has-alpha-channel-opacity\" \/>\n\n\n\n<p><strong><a href=\"https:\/\/www.hsu-hh.de\/nng\/team\/jonas\"><abbr title=\"Professor\">Prof.<\/abbr> <abbr title=\"Doktor\">Dr.<\/abbr> Michael Jonas<\/a><\/strong> | Neuere und Neueste Geschichte<br><br><strong>Forschungsschwerpunkte:<\/strong> Geschichte der internationalen Beziehungen und des internationalen Systems, Historische Sicherheitspolitik- und Strategieforschung, War and Conflict Studies<br><br><abbr title=\"Professor\">Prof.<\/abbr> <abbr title=\"Doktor\">Dr.<\/abbr> Michael Jonas forscht zur Geschichte der internationalen Beziehungen und des internationalen Systems sowie zu Fragen von Krieg und Konflikt, Sicherheit und Strategie in historischer Perspektive. Seine Forschungsvorhaben umfassen die Geschichte Nordeuropas und internationaler Organisationen im 19. und 20. Jahrhundert, Kleinstaaten im internationalen System und den Wandel von Diplomatie in unterschiedlichen historischen Kontexten. Ab dem Herbst 2024 leitet er das trilaterale Centre for History, Strategy and International Order (CHIOS: <abbr title=\"Helmut Schmidt Universit\u00e4t\">HSU<\/abbr> &#8211; Univ. Kopenhagen &#8211; Univ. Florenz).<\/p>\n\n\n\n<hr class=\"wp-block-separator has-alpha-channel-opacity\" \/>\n\n\n\n<p><strong><a href=\"https:\/\/www.hsu-hh.de\/vw\/tanja\"><abbr title=\"Professor\">Prof.<\/abbr> <abbr title=\"Doktor\">Dr.<\/abbr> Tanja Klenk<\/a><\/strong> | Verwaltungswissenschaft<br><br><strong>Forschungsschwerpunkte:<\/strong> Organisations- und Verwaltungsreformen, Wohlfahrtsstaat, Digitalisierung der Verwaltung<br><br><abbr title=\"Professor\">Prof.<\/abbr> <abbr title=\"Doktor\">Dr.<\/abbr> Tanja Klenk ist seit 2017 Professorin f\u00fcr Verwaltungswissenschaft an der Helmut-Schmidt-Universit\u00e4t. Ihre Forschung umfasst den Wandel der (sozial-)staatlichen Leistungserbringung, die Digitalisierung der Verwaltung und den Einfluss politischer, sozialer und technischer Ver\u00e4nderungen auf \u00f6ffentliche Organisationen. Sie untersucht, wie sich Organisationsstrukturen und Steuerungsmechanismen vor dem Hintergrund von Internationalisierung und Marktliberalisierung ver\u00e4ndern.<\/p>\n\n\n\n<hr class=\"wp-block-separator has-alpha-channel-opacity\" \/>\n\n\n\n<p><strong><a href=\"https:\/\/www.hsu-hh.de\/imb\/team\"><abbr title=\"Professor\">Prof.<\/abbr> <abbr title=\"Doktor\">Dr.<\/abbr> Oliver Niggemann<\/a><\/strong> | Informatik im Maschinenbau<\/p>\n\n\n\n<p><strong><br>Forschungsschwerpunkte:<\/strong> K\u00fcnstliche Intelligenz, Maschinelles Lernen, Cyber-Physische Systeme<br><br><abbr title=\"Professor\">Prof.<\/abbr> <abbr title=\"Doktor\">Dr.<\/abbr> Oliver Niggemann ist seit 2019 Inhaber der Professur f\u00fcr Informatik im Maschinenbau an der Helmut-Schmidt-Universit\u00e4t. Unteranderem leitet er Projekte zur Anomalieerkennung und Diagnose komplexer technischer Systeme, sowie zur Nutzung von A-Priori Wissen zur Verbesserung von KI-Methoden in der industriellen Automatisierung.<\/p>\n","protected":false},"excerpt":{"rendered":"<p>Die Aktivit\u00e4ten des Democratic Resilience Center werden von einem zw\u00f6lf-k\u00f6pfigen Team geleitet, der sich aus angesehenen Wissenschaftlern und Vordenkern zusammensetzt, die sich f\u00fcr die F\u00f6rderung widerstandsf\u00e4higer, robuster und glaubw\u00fcrdiger demokratischer [&hellip;]<\/p>\n","protected":false},"author":3912,"featured_media":0,"parent":0,"menu_order":0,"comment_status":"closed","ping_status":"closed","template":"","meta":{"footnotes":""},"categories":[4],"tags":[],"class_list":["post-561","page","type-page","status-publish","hentry","category-forschung"],"_links":{"self":[{"href":"https:\/\/www.hsu-hh.de\/drc\/wp-json\/wp\/v2\/pages\/561","targetHints":{"allow":["GET"]}}],"collection":[{"href":"https:\/\/www.hsu-hh.de\/drc\/wp-json\/wp\/v2\/pages"}],"about":[{"href":"https:\/\/www.hsu-hh.de\/drc\/wp-json\/wp\/v2\/types\/page"}],"author":[{"embeddable":true,"href":"https:\/\/www.hsu-hh.de\/drc\/wp-json\/wp\/v2\/users\/3912"}],"replies":[{"embeddable":true,"href":"https:\/\/www.hsu-hh.de\/drc\/wp-json\/wp\/v2\/comments?post=561"}],"version-history":[{"count":20,"href":"https:\/\/www.hsu-hh.de\/drc\/wp-json\/wp\/v2\/pages\/561\/revisions"}],"predecessor-version":[{"id":910,"href":"https:\/\/www.hsu-hh.de\/drc\/wp-json\/wp\/v2\/pages\/561\/revisions\/910"}],"wp:attachment":[{"href":"https:\/\/www.hsu-hh.de\/drc\/wp-json\/wp\/v2\/media?parent=561"}],"wp:term":[{"taxonomy":"category","embeddable":true,"href":"https:\/\/www.hsu-hh.de\/drc\/wp-json\/wp\/v2\/categories?post=561"},{"taxonomy":"post_tag","embeddable":true,"href":"https:\/\/www.hsu-hh.de\/drc\/wp-json\/wp\/v2\/tags?post=561"}],"curies":[{"name":"wp","href":"https:\/\/api.w.org\/{rel}","templated":true}]}}