{"id":73,"date":"2017-07-03T15:52:08","date_gmt":"2017-07-03T13:52:08","guid":{"rendered":"https:\/\/www.hsu-hh.de\/doorlog\/?page_id=73"},"modified":"2025-06-24T16:26:43","modified_gmt":"2025-06-24T14:26:43","slug":"startseite","status":"publish","type":"page","link":"https:\/\/www.hsu-hh.de\/doorlog\/","title":{"rendered":""},"content":{"rendered":"<h1 style=\"float: right\"><img loading=\"lazy\" decoding=\"async\" id=\"logo\" src=\"https:\/\/www.hsu-hh.de\/doorlog\/wp-content\/uploads\/sites\/881\/2023\/06\/doORlog_rot.svg\" alt=\"Logo\" width=\"222\" height=\"32\" \/><\/h1>\n<h1>doORlog &#8211; Workshop f\u00fcr Doktorand:innen in Operations Research und Logistik<\/h1>\n<p style=\"text-align: left\">Zur intensiven Betreuung der Doktorand:innen der teilnehmenden Professuren findet einmal j\u00e4hrlich der gemeinsame Doktorandenworkshop f\u00fcr OR und Logistik (doORlog) statt. F\u00fcr drei Tage fahren Doktorand:innen und Betreuer:innen gemeinsam an einen inspirierenden Tagungsort im Norden Deutschlands. Dort pr\u00e4sentiert jede:r nicht nur aktuelle Forschungsergebnisse, sondern auch einen detaillierten Projektplan zur Dissertation.<\/p>\n<p style=\"text-align: left\">Erg\u00e4nzt wird der Workshop durch bilaterale Feedbackgespr\u00e4che mit den Betreuer:innen sowie ein ansprechendes Rahmenprogramm. Diese Kombination aus intensiven Fachgespr\u00e4chen, kollegialem Austausch und gemeinsamen Aktivit\u00e4ten schafft ein vertrauensvolles Arbeitsumfeld, das die Zusammenarbeit st\u00e4rkt und neue Impulse gibt. Durch die Verbindung von regelm\u00e4\u00dfiger Pr\u00e4sentation, direktem Feedback und langfristiger Projektplanung wird der individuelle Fortschritt der Doktorand:innen gezielt begleitet und nachhaltig unterst\u00fctzt.<\/p>\n<p style=\"text-align: left\">Der Workshop ist eingebettet in einen kontinuierlichen Betreuungsprozess: \u00dcber das Jahr hinweg stellen die Doktorand:innen ihre Forschung regelm\u00e4\u00dfig im w\u00f6chentlichen Kolloquium vor \u2013 in der Regel mindestens vier Mal, davon einmal im Rahmen des doORlog-Workshops. So erhalten sie kontinuierlich fachlich wertvolles Feedback und gezielte Unterst\u00fctzung f\u00fcr ihr Promotionsvorhaben. Dies gew\u00e4hrleistet eine strukturierte Betreuung, die sowohl wissenschaftliche Exzellenz als auch pers\u00f6nliche Entwicklung f\u00f6rdert \u2013 mit dem klaren Ziel, die Doktorand:innen auf ihrem Weg zum erfolgreichen Abschluss der Promotion bestm\u00f6glich zu begleiten.<\/p>\n<p style=\"text-align: left\">Wir freuen uns darauf, Sie auf unserem Workshop begr\u00fc\u00dfen zu d\u00fcrfen und gemeinsam die Zukunft der Forschung zu gestalten!<\/p>\n","protected":false},"excerpt":{"rendered":"<p>doORlog &#8211; Workshop f\u00fcr Doktorand:innen in Operations Research und Logistik Zur intensiven Betreuung der Doktorand:innen der teilnehmenden Professuren findet einmal j\u00e4hrlich der gemeinsame Doktorandenworkshop f\u00fcr OR und Logistik (doORlog) statt. [&hellip;]<\/p>\n","protected":false},"author":2775,"featured_media":0,"parent":0,"menu_order":0,"comment_status":"closed","ping_status":"closed","template":"","meta":{"footnotes":""},"categories":[35],"tags":[],"class_list":["post-73","page","type-page","status-publish","hentry","category-startseite"],"_links":{"self":[{"href":"https:\/\/www.hsu-hh.de\/doorlog\/wp-json\/wp\/v2\/pages\/73","targetHints":{"allow":["GET"]}}],"collection":[{"href":"https:\/\/www.hsu-hh.de\/doorlog\/wp-json\/wp\/v2\/pages"}],"about":[{"href":"https:\/\/www.hsu-hh.de\/doorlog\/wp-json\/wp\/v2\/types\/page"}],"author":[{"embeddable":true,"href":"https:\/\/www.hsu-hh.de\/doorlog\/wp-json\/wp\/v2\/users\/2775"}],"replies":[{"embeddable":true,"href":"https:\/\/www.hsu-hh.de\/doorlog\/wp-json\/wp\/v2\/comments?post=73"}],"version-history":[{"count":21,"href":"https:\/\/www.hsu-hh.de\/doorlog\/wp-json\/wp\/v2\/pages\/73\/revisions"}],"predecessor-version":[{"id":280,"href":"https:\/\/www.hsu-hh.de\/doorlog\/wp-json\/wp\/v2\/pages\/73\/revisions\/280"}],"wp:attachment":[{"href":"https:\/\/www.hsu-hh.de\/doorlog\/wp-json\/wp\/v2\/media?parent=73"}],"wp:term":[{"taxonomy":"category","embeddable":true,"href":"https:\/\/www.hsu-hh.de\/doorlog\/wp-json\/wp\/v2\/categories?post=73"},{"taxonomy":"post_tag","embeddable":true,"href":"https:\/\/www.hsu-hh.de\/doorlog\/wp-json\/wp\/v2\/tags?post=73"}],"curies":[{"name":"wp","href":"https:\/\/api.w.org\/{rel}","templated":true}]}}