{"id":197,"date":"2024-04-18T20:26:56","date_gmt":"2024-04-18T18:26:56","guid":{"rendered":"https:\/\/www.hsu-hh.de\/digigov\/?page_id=197"},"modified":"2025-09-17T09:23:19","modified_gmt":"2025-09-17T07:23:19","slug":"maximilian-heimstaedt-2","status":"publish","type":"page","link":"https:\/\/www.hsu-hh.de\/digigov\/en\/maximilian-heimstaedt-2\/","title":{"rendered":"Univ.-Prof. Dr. Maximilian Heimst\u00e4dt"},"content":{"rendered":"\n<div class=\"wp-block-columns is-layout-flex wp-container-core-columns-is-layout-9d6595d7 wp-block-columns-is-layout-flex\">\n<div class=\"wp-block-column is-layout-flow wp-block-column-is-layout-flow\">\n<p><strong>Address<\/strong><br>Helmut-Schmidt-Universit\u00e4t<br>Fakult\u00e4t f\u00fcr Wirtschafts- und Sozialwissenschaften<br>Friedrich-Ebert-Damm 245<br>22159 Hamburg<\/p>\n<\/div>\n\n\n\n<div class=\"wp-block-column is-layout-flow wp-block-column-is-layout-flow\">\n<p><strong>Room<\/strong>: Campus Nord, R. 3 E 144<br><strong>Phone:<\/strong> +49 (0)40 6541-4563<br><strong>E-mail:<\/strong> <a href=\"mailto:heimstaedt@hsu.hamburg\" rel='nofollow'>heimstaedt@hsu.hamburg<\/a><br><strong><strong>Office<\/strong><\/strong>: Jonas Tamm<br><strong>Phone: <\/strong>+49 (0)40 6541-3942<br><br><\/p>\n<\/div>\n\n\n\n<div class=\"wp-block-column is-layout-flow wp-block-column-is-layout-flow\"><div class=\"wp-block-image is-style-rounded\">\n<figure class=\"aligncenter size-medium is-resized\"><img loading=\"lazy\" decoding=\"async\" width=\"1706\" height=\"2560\" src=\"https:\/\/www.hsu-hh.de\/digigov\/wp-content\/uploads\/sites\/921\/2024\/09\/20240813_HSU_Professur_Heimstaedt_Teamfotos_Gelhausen_012-1-edited-scaled.jpg\" data-credit=\"HSU\/Christian Gelhausen\" alt=\"\" class=\"wp-image-608\" style=\"width:150px\" srcset=\"https:\/\/www.hsu-hh.de\/digigov\/wp-content\/uploads\/sites\/921\/2024\/09\/20240813_HSU_Professur_Heimstaedt_Teamfotos_Gelhausen_012-1-edited-scaled.jpg 1706w, https:\/\/www.hsu-hh.de\/digigov\/wp-content\/uploads\/sites\/921\/2024\/09\/20240813_HSU_Professur_Heimstaedt_Teamfotos_Gelhausen_012-1-edited-200x300.jpg 200w, https:\/\/www.hsu-hh.de\/digigov\/wp-content\/uploads\/sites\/921\/2024\/09\/20240813_HSU_Professur_Heimstaedt_Teamfotos_Gelhausen_012-1-edited-683x1024.jpg 683w, https:\/\/www.hsu-hh.de\/digigov\/wp-content\/uploads\/sites\/921\/2024\/09\/20240813_HSU_Professur_Heimstaedt_Teamfotos_Gelhausen_012-1-edited-768x1152.jpg 768w, https:\/\/www.hsu-hh.de\/digigov\/wp-content\/uploads\/sites\/921\/2024\/09\/20240813_HSU_Professur_Heimstaedt_Teamfotos_Gelhausen_012-1-edited-1024x1536.jpg 1024w, https:\/\/www.hsu-hh.de\/digigov\/wp-content\/uploads\/sites\/921\/2024\/09\/20240813_HSU_Professur_Heimstaedt_Teamfotos_Gelhausen_012-1-edited-1365x2048.jpg 1365w, https:\/\/www.hsu-hh.de\/digigov\/wp-content\/uploads\/sites\/921\/2024\/09\/20240813_HSU_Professur_Heimstaedt_Teamfotos_Gelhausen_012-1-edited-1100x1650.jpg 1100w\" sizes=\"auto, (max-width: 1706px) 100vw, 1706px\" \/><\/figure>\n<\/div><\/div>\n<\/div>\n\n\n\n<h4 class=\"wp-block-heading\">Office hours<\/h4>\n\n\n\n<p>by appointment<\/p>\n\n\n\n<hr class=\"wp-block-separator has-alpha-channel-opacity\" \/>\n\n\n\n<p><strong>CV<\/strong><\/p>\n\n\n\n<p>Maximilian Heimst\u00e4dt studied business administration in Cologne and business informatics in St. Andrews (Scotland). He received his doctorate from the School of Business and Economics at Free University of Berlin in 2017. He subsequently held positions at Witten\/Herdecke University (postdoc), Bielefeld University (senior researcher) and Weizenbaum Institute in Berlin (research group leader). In 2023, he completed his habilitation at the Faculty of Management, Economics and Society at Witten\/Herdecke University. In 2024, he was appointed Professor of Business Administration, in particular Digital Governance and Service Design, at Helmut Schmidt University\/University of the Federal Armed Forces Hamburg. Since April 1, 2024, he heads the interdisciplinary Master\u2019s program \u201c<a href=\"https:\/\/www.hsu-hh.de\/wiso\/en\/diga-2\" data-type=\"link\" data-id=\"https:\/\/www.hsu-hh.de\/wiso\/digital-governance-and-administration-diga\">Digital Governance and Administration<\/a>\u201d.<\/p>\n\n\n\n<hr class=\"wp-block-separator has-alpha-channel-opacity\" \/>\n\n\n\n<p><a href=\"https:\/\/heimstaedt.org\/\" data-type=\"link\" data-id=\"https:\/\/heimstaedt.org\/\" rel='nofollow'>Personal homepage<\/a> | <a href=\"https:\/\/scholar.google.de\/citations?user=HuHwOA8AAAAJ&amp;hl=en\" data-type=\"link\" data-id=\"https:\/\/scholar.google.de\/citations?user=HuHwOA8AAAAJ&amp;hl=en\" rel='nofollow'>Google Scholar<\/a><\/p>\n","protected":false},"excerpt":{"rendered":"<p>AddressHelmut-Schmidt-Universit\u00e4tFakult\u00e4t f\u00fcr Wirtschafts- und SozialwissenschaftenFriedrich-Ebert-Damm 24522159 Hamburg Room: Campus Nord, R. 3 E 144Phone: +49 (0)40 6541-4563E-mail: heimstaedt@hsu.hamburgOffice: Jonas TammPhone: +49 (0)40 6541-3942 Office hours by appointment CV Maximilian Heimst\u00e4dt [&hellip;]<\/p>\n","protected":false},"author":3884,"featured_media":0,"parent":0,"menu_order":0,"comment_status":"closed","ping_status":"closed","template":"","meta":{"footnotes":""},"categories":[9],"tags":[],"class_list":["post-197","page","type-page","status-publish","hentry","category-team-en"],"_links":{"self":[{"href":"https:\/\/www.hsu-hh.de\/digigov\/wp-json\/wp\/v2\/pages\/197","targetHints":{"allow":["GET"]}}],"collection":[{"href":"https:\/\/www.hsu-hh.de\/digigov\/wp-json\/wp\/v2\/pages"}],"about":[{"href":"https:\/\/www.hsu-hh.de\/digigov\/wp-json\/wp\/v2\/types\/page"}],"author":[{"embeddable":true,"href":"https:\/\/www.hsu-hh.de\/digigov\/wp-json\/wp\/v2\/users\/3884"}],"replies":[{"embeddable":true,"href":"https:\/\/www.hsu-hh.de\/digigov\/wp-json\/wp\/v2\/comments?post=197"}],"version-history":[{"count":13,"href":"https:\/\/www.hsu-hh.de\/digigov\/wp-json\/wp\/v2\/pages\/197\/revisions"}],"predecessor-version":[{"id":703,"href":"https:\/\/www.hsu-hh.de\/digigov\/wp-json\/wp\/v2\/pages\/197\/revisions\/703"}],"wp:attachment":[{"href":"https:\/\/www.hsu-hh.de\/digigov\/wp-json\/wp\/v2\/media?parent=197"}],"wp:term":[{"taxonomy":"category","embeddable":true,"href":"https:\/\/www.hsu-hh.de\/digigov\/wp-json\/wp\/v2\/categories?post=197"},{"taxonomy":"post_tag","embeddable":true,"href":"https:\/\/www.hsu-hh.de\/digigov\/wp-json\/wp\/v2\/tags?post=197"}],"curies":[{"name":"wp","href":"https:\/\/api.w.org\/{rel}","templated":true}]}}