{"id":9,"date":"2016-06-07T18:09:30","date_gmt":"2016-06-07T16:09:30","guid":{"rendered":"https:\/\/webbox.hsu-hh.de\/vorlage\/?page_id=9"},"modified":"2018-05-25T16:41:01","modified_gmt":"2018-05-25T14:41:01","slug":"impressum","status":"publish","type":"page","link":"https:\/\/www.hsu-hh.de\/diffpsych\/impressum","title":{"rendered":"Impressum"},"content":{"rendered":"<h2>Angaben gem. \u00a7 5 Telemediengesetz<\/h2>\n<p><strong>Herausgeber<\/strong><\/p>\n<p>Helmut-Schmidt-Universit\u00e4t<\/p>\n<p>Universit\u00e4t der Bundeswehr Hamburg<\/p>\n<p>Professur f\u00fcr Differentielle Psychologie und Psychologische Diagnostik<\/p>\n<p>Holstenhofweg 85<\/p>\n<p>22043 Hamburg<\/p>\n<p>&nbsp;<\/p>\n<p><strong>Leiter<\/strong>:\u00a0Prof.\u00a0<abbr title=\"Doktor\">Dr.<\/abbr>\u00a0Philipp Y. Herzberg<br \/>\n<strong>Redaktion<\/strong>:\u00a0J. M\u00fcnscher, K. Fricke<\/p>\n<p><strong>Telefon<\/strong><br \/>\n(040) 6541-1<\/p>\n<p><strong>Telefax<\/strong><br \/>\n(040) 6541-2869<\/p>\n<p><strong>E-Mail<\/strong><br \/>\n<a href=\"mailto:diffpsych@hsu-hh.de\" rel='nofollow'>diffpsych@hsu-hh.de<\/a><\/p>\n<p><strong><a href=\"https:\/\/www.hsu-hh.de\/datenschutzerklaerung\">Datenschutzinformationen<\/a><\/strong><\/p>\n<p>Das Landgericht Hamburg hat mit Urteil vom 12.05.1998 entschieden, dass man durch die Ausbringung eines Links die Inhalte der gelinkten Seite\u00a0<abbr title=\"gegebenenfalls\">ggf.<\/abbr>\u00a0mit zu verantworten hat. Dies kann &#8211; so das LG &#8211; nur dadurch verhindert werden, dass man sich ausdr\u00fccklich von diesen Inhalten distanziert. Wir bieten auf unserer Homepage Links zu anderen Seiten im Internet an. F\u00fcr alle diese Links gilt, dass die Betreiber des zentralen Internetauftritts der Universit\u00e4t der Bundeswehr Hamburg und der Pr\u00e4sident der Universit\u00e4t der Bundeswehr Hamburg als Herausgeber ausdr\u00fccklich betonen, dass sie keinerlei Einfluss auf die Gestaltung und die Inhalte der gelinkten Seiten haben. Deshalb distanzieren sie sich hiermit ausdr\u00fccklich von allen Inhalten aller gelinkten Seiten auf der gesamten Homepage inklusive aller Unterseiten. Diese Erkl\u00e4rung gilt f\u00fcr alle auf den Webseiten angebrachten Links und f\u00fcr alle Inhalte der Seiten, zu denen Links oder Banner f\u00fchren.<\/p>\n","protected":false},"excerpt":{"rendered":"<p>Angaben gem. \u00a7 5 Telemediengesetz Herausgeber Helmut-Schmidt-Universit\u00e4t Universit\u00e4t der Bundeswehr Hamburg Professur f\u00fcr Differentielle Psychologie und Psychologische Diagnostik Holstenhofweg 85 22043 Hamburg &nbsp; Leiter:\u00a0Prof.\u00a0Dr.\u00a0Philipp Y. Herzberg Redaktion:\u00a0J. M\u00fcnscher, K. Fricke [&hellip;]<\/p>\n","protected":false},"author":1,"featured_media":0,"parent":0,"menu_order":0,"comment_status":"closed","ping_status":"closed","template":"","meta":{"footnotes":""},"categories":[],"tags":[],"class_list":["post-9","page","type-page","status-publish","hentry"],"_links":{"self":[{"href":"https:\/\/www.hsu-hh.de\/diffpsych\/wp-json\/wp\/v2\/pages\/9","targetHints":{"allow":["GET"]}}],"collection":[{"href":"https:\/\/www.hsu-hh.de\/diffpsych\/wp-json\/wp\/v2\/pages"}],"about":[{"href":"https:\/\/www.hsu-hh.de\/diffpsych\/wp-json\/wp\/v2\/types\/page"}],"author":[{"embeddable":true,"href":"https:\/\/www.hsu-hh.de\/diffpsych\/wp-json\/wp\/v2\/users\/1"}],"replies":[{"embeddable":true,"href":"https:\/\/www.hsu-hh.de\/diffpsych\/wp-json\/wp\/v2\/comments?post=9"}],"version-history":[{"count":6,"href":"https:\/\/www.hsu-hh.de\/diffpsych\/wp-json\/wp\/v2\/pages\/9\/revisions"}],"predecessor-version":[{"id":571,"href":"https:\/\/www.hsu-hh.de\/diffpsych\/wp-json\/wp\/v2\/pages\/9\/revisions\/571"}],"wp:attachment":[{"href":"https:\/\/www.hsu-hh.de\/diffpsych\/wp-json\/wp\/v2\/media?parent=9"}],"wp:term":[{"taxonomy":"category","embeddable":true,"href":"https:\/\/www.hsu-hh.de\/diffpsych\/wp-json\/wp\/v2\/categories?post=9"},{"taxonomy":"post_tag","embeddable":true,"href":"https:\/\/www.hsu-hh.de\/diffpsych\/wp-json\/wp\/v2\/tags?post=9"}],"curies":[{"name":"wp","href":"https:\/\/api.w.org\/{rel}","templated":true}]}}