{"id":75,"date":"2017-07-03T15:52:18","date_gmt":"2017-07-03T13:52:18","guid":{"rendered":"https:\/\/www.hsu-hh.de\/vorlage\/?page_id=75"},"modified":"2021-10-11T21:19:11","modified_gmt":"2021-10-11T19:19:11","slug":"startpage","status":"publish","type":"page","link":"https:\/\/www.hsu-hh.de\/diffpsych\/en\/","title":{"rendered":""},"content":{"rendered":"\n<figure class=\"wp-block-image size-large\"><img loading=\"lazy\" decoding=\"async\" width=\"1024\" height=\"301\" src=\"https:\/\/www.hsu-hh.de\/diffpsych\/wp-content\/uploads\/sites\/722\/2021\/10\/Logo-PPD-EN-1024x301.png\" data-credit=\"HSU DiffPsy\" alt=\"Logo PPD EN\" class=\"wp-image-1424\" srcset=\"https:\/\/www.hsu-hh.de\/diffpsych\/wp-content\/uploads\/sites\/722\/2021\/10\/Logo-PPD-EN-1024x301.png 1024w, https:\/\/www.hsu-hh.de\/diffpsych\/wp-content\/uploads\/sites\/722\/2021\/10\/Logo-PPD-EN-300x88.png 300w, https:\/\/www.hsu-hh.de\/diffpsych\/wp-content\/uploads\/sites\/722\/2021\/10\/Logo-PPD-EN-768x226.png 768w, https:\/\/www.hsu-hh.de\/diffpsych\/wp-content\/uploads\/sites\/722\/2021\/10\/Logo-PPD-EN-1536x452.png 1536w, https:\/\/www.hsu-hh.de\/diffpsych\/wp-content\/uploads\/sites\/722\/2021\/10\/Logo-PPD-EN-1100x324.png 1100w, https:\/\/www.hsu-hh.de\/diffpsych\/wp-content\/uploads\/sites\/722\/2021\/10\/Logo-PPD-EN.png 1970w\" sizes=\"auto, (max-width: 1024px) 100vw, 1024px\" \/><\/figure>\n\n\n<p> <h3>Visiting address<\/h3><br \/>Helmut-Schmidt-Universit\u00e4t<br \/>Universit\u00e4t der Bundeswehr Hamburg<br \/>Holstenhofweg 85<br \/>22043 Hamburg<\/p>\n<p>Travel information<br \/><br \/><h3>Postal address<\/h3><\/p>\n<p>Helmut-Schmidt-Universit\u00e4t<br \/>Universit\u00e4t der Bundeswehr Hamburg<br \/>22008 Hamburg<\/p>\n<p><br \/><h3>Secretariat<\/h3><\/p>\n<p>Mrs Diana Vo\u00df<br \/>Building H4, Room 118<br \/><br \/><h3>Phone &amp; Fax<\/h3><\/p>\n<p>Phone &#8211; Operator:<\/p>\n<p>(040) 6541 &#8211; 1<\/p>\n<p>Phone &#8211; Secretariat:<\/p>\n<p>(040) 6541 &#8211; 2285<\/p>\n<p>Fax:<\/p>\n<p>(040) 6541 &#8211; 2041  <\/p>\n<p>\u00a0<\/p>\n\n\n<div class=\"wp-block-media-text alignwide is-stacked-on-mobile\" style=\"grid-template-columns:39% auto\"><figure class=\"wp-block-media-text__media\"><a href=\"https:\/\/www.hsu-hh.de\/diffpsych\/team\"><img loading=\"lazy\" decoding=\"async\" width=\"1024\" height=\"301\" src=\"https:\/\/www.hsu-hh.de\/diffpsych\/wp-content\/uploads\/sites\/722\/2021\/10\/Logo-PPD-Mitarbeiter-EN-1024x301.png\" data-credit=\"HSU DiffPsy\" alt=\"Logo PPD Mitarbeiter EN\" class=\"wp-image-1427 size-full\" srcset=\"https:\/\/www.hsu-hh.de\/diffpsych\/wp-content\/uploads\/sites\/722\/2021\/10\/Logo-PPD-Mitarbeiter-EN-1024x301.png 1024w, https:\/\/www.hsu-hh.de\/diffpsych\/wp-content\/uploads\/sites\/722\/2021\/10\/Logo-PPD-Mitarbeiter-EN-300x88.png 300w, https:\/\/www.hsu-hh.de\/diffpsych\/wp-content\/uploads\/sites\/722\/2021\/10\/Logo-PPD-Mitarbeiter-EN-768x226.png 768w, https:\/\/www.hsu-hh.de\/diffpsych\/wp-content\/uploads\/sites\/722\/2021\/10\/Logo-PPD-Mitarbeiter-EN-1536x452.png 1536w, https:\/\/www.hsu-hh.de\/diffpsych\/wp-content\/uploads\/sites\/722\/2021\/10\/Logo-PPD-Mitarbeiter-EN-1100x324.png 1100w, https:\/\/www.hsu-hh.de\/diffpsych\/wp-content\/uploads\/sites\/722\/2021\/10\/Logo-PPD-Mitarbeiter-EN.png 1970w\" sizes=\"auto, (max-width: 1024px) 100vw, 1024px\" \/><\/a><\/figure><div class=\"wp-block-media-text__content\">\n<p class=\"has-text-align-left has-normal-font-size\">Our team researches and works on a wide range of topics, including couple psychology, high sensitivity, attention, test and questionnaire construction, musicpsychology, text analysis<\/p>\n<\/div><\/div>\n\n\n\n<div class=\"wp-block-media-text alignwide is-stacked-on-mobile\" style=\"grid-template-columns:39% auto\"><figure class=\"wp-block-media-text__media\"><a href=\"https:\/\/ilias.hsu-hh.de\/goto_unibw_cat_172511.html\" rel='nofollow'><img loading=\"lazy\" decoding=\"async\" width=\"1024\" height=\"301\" src=\"https:\/\/www.hsu-hh.de\/diffpsych\/wp-content\/uploads\/sites\/722\/2021\/10\/Logo-PPD-LV-EN-1024x301.png\" data-credit=\"HSU DiffPsy\" alt=\"Logo PPD LV EN\" class=\"wp-image-1426 size-full\" srcset=\"https:\/\/www.hsu-hh.de\/diffpsych\/wp-content\/uploads\/sites\/722\/2021\/10\/Logo-PPD-LV-EN-1024x301.png 1024w, https:\/\/www.hsu-hh.de\/diffpsych\/wp-content\/uploads\/sites\/722\/2021\/10\/Logo-PPD-LV-EN-300x88.png 300w, https:\/\/www.hsu-hh.de\/diffpsych\/wp-content\/uploads\/sites\/722\/2021\/10\/Logo-PPD-LV-EN-768x226.png 768w, https:\/\/www.hsu-hh.de\/diffpsych\/wp-content\/uploads\/sites\/722\/2021\/10\/Logo-PPD-LV-EN-1536x452.png 1536w, https:\/\/www.hsu-hh.de\/diffpsych\/wp-content\/uploads\/sites\/722\/2021\/10\/Logo-PPD-LV-EN-1100x324.png 1100w, https:\/\/www.hsu-hh.de\/diffpsych\/wp-content\/uploads\/sites\/722\/2021\/10\/Logo-PPD-LV-EN.png 1970w\" sizes=\"auto, (max-width: 1024px) 100vw, 1024px\" \/><\/a><\/figure><div class=\"wp-block-media-text__content\">\n<p class=\"has-normal-font-size\">The chair&#8217;s courses are usually available on the e-learning platform ILIAS. There you can find courses, downloads, additional materials and general information.<\/p>\n<\/div><\/div>\n\n\n\n<div class=\"wp-block-media-text alignwide is-stacked-on-mobile\" style=\"grid-template-columns:39% auto\"><figure class=\"wp-block-media-text__media\"><a href=\"https:\/\/www.hsu-hh.de\/diffpsych\/testbibliothek\"><img loading=\"lazy\" decoding=\"async\" width=\"1024\" height=\"301\" src=\"https:\/\/www.hsu-hh.de\/diffpsych\/wp-content\/uploads\/sites\/722\/2021\/10\/Logo-PPD-TESTBIB-EN-1024x301.png\" data-credit=\"HSU DiffPsy\" alt=\"Logo PPD TESTBIB EN\" class=\"wp-image-1429 size-full\" srcset=\"https:\/\/www.hsu-hh.de\/diffpsych\/wp-content\/uploads\/sites\/722\/2021\/10\/Logo-PPD-TESTBIB-EN-1024x301.png 1024w, https:\/\/www.hsu-hh.de\/diffpsych\/wp-content\/uploads\/sites\/722\/2021\/10\/Logo-PPD-TESTBIB-EN-300x88.png 300w, https:\/\/www.hsu-hh.de\/diffpsych\/wp-content\/uploads\/sites\/722\/2021\/10\/Logo-PPD-TESTBIB-EN-768x226.png 768w, https:\/\/www.hsu-hh.de\/diffpsych\/wp-content\/uploads\/sites\/722\/2021\/10\/Logo-PPD-TESTBIB-EN-1536x452.png 1536w, https:\/\/www.hsu-hh.de\/diffpsych\/wp-content\/uploads\/sites\/722\/2021\/10\/Logo-PPD-TESTBIB-EN-1100x324.png 1100w, https:\/\/www.hsu-hh.de\/diffpsych\/wp-content\/uploads\/sites\/722\/2021\/10\/Logo-PPD-TESTBIB-EN.png 1970w\" sizes=\"auto, (max-width: 1024px) 100vw, 1024px\" \/><\/a><\/figure><div class=\"wp-block-media-text__content\">\n<p class=\"has-normal-font-size\">To support teaching, the Chair of Personality Psychology and Psychological Diagnostics has set up a test library. Here, HSU staff and students can borrow psychological test procedures for their teaching or studies.<\/p>\n<\/div><\/div>\n\n\n\n<div class=\"wp-block-media-text alignwide is-stacked-on-mobile\" style=\"grid-template-columns:39% auto\"><figure class=\"wp-block-media-text__media\"><a href=\"https:\/\/www.hsu-hh.de\/diffpsych\/labor\"><img loading=\"lazy\" decoding=\"async\" width=\"1024\" height=\"301\" src=\"https:\/\/www.hsu-hh.de\/diffpsych\/wp-content\/uploads\/sites\/722\/2021\/10\/Logo-PPD-labor-EN-1-1024x301.png\" data-credit=\"HSU DiffPsy\" alt=\"Logo PPD labor EN\" class=\"wp-image-1516 size-full\" srcset=\"https:\/\/www.hsu-hh.de\/diffpsych\/wp-content\/uploads\/sites\/722\/2021\/10\/Logo-PPD-labor-EN-1-1024x301.png 1024w, https:\/\/www.hsu-hh.de\/diffpsych\/wp-content\/uploads\/sites\/722\/2021\/10\/Logo-PPD-labor-EN-1-300x88.png 300w, https:\/\/www.hsu-hh.de\/diffpsych\/wp-content\/uploads\/sites\/722\/2021\/10\/Logo-PPD-labor-EN-1-768x226.png 768w, https:\/\/www.hsu-hh.de\/diffpsych\/wp-content\/uploads\/sites\/722\/2021\/10\/Logo-PPD-labor-EN-1-1536x452.png 1536w, https:\/\/www.hsu-hh.de\/diffpsych\/wp-content\/uploads\/sites\/722\/2021\/10\/Logo-PPD-labor-EN-1-1100x324.png 1100w, https:\/\/www.hsu-hh.de\/diffpsych\/wp-content\/uploads\/sites\/722\/2021\/10\/Logo-PPD-labor-EN-1.png 1970w\" sizes=\"auto, (max-width: 1024px) 100vw, 1024px\" \/><\/a><\/figure><div class=\"wp-block-media-text__content\">\n<p>The laboratory offers various possibilities for data collection and measurement. The available equipment includes computers with the Vienna Test System and other test procedures, eye-tracking computers, document scanners, an observation laboratory with video and audio recording and various software solutions for collection and measurement.&nbsp;For questions about the available equipment or to make an appointment for an introduction, write an email to diffpsych@hsu-hh.de .<\/p>\n<\/div><\/div>\n\n\n\n<p><\/p>\n","protected":false},"excerpt":{"rendered":"<p>Visiting address Helmut-Schmidt-Universit\u00e4tUniversit\u00e4t der Bundeswehr HamburgHolstenhofweg 8522043 Hamburg Travel information Postal address Helmut-Schmidt-Universit\u00e4tUniversit\u00e4t der Bundeswehr Hamburg22008 Hamburg Secretariat Mrs Diana Vo\u00dfBuilding H4, Room 118 Phone &amp; Fax Phone &#8211; Operator: [&hellip;]<\/p>\n","protected":false},"author":1,"featured_media":0,"parent":0,"menu_order":0,"comment_status":"closed","ping_status":"closed","template":"","meta":{"footnotes":""},"categories":[37],"tags":[],"class_list":["post-75","page","type-page","status-publish","hentry","category-startpage"],"_links":{"self":[{"href":"https:\/\/www.hsu-hh.de\/diffpsych\/wp-json\/wp\/v2\/pages\/75","targetHints":{"allow":["GET"]}}],"collection":[{"href":"https:\/\/www.hsu-hh.de\/diffpsych\/wp-json\/wp\/v2\/pages"}],"about":[{"href":"https:\/\/www.hsu-hh.de\/diffpsych\/wp-json\/wp\/v2\/types\/page"}],"author":[{"embeddable":true,"href":"https:\/\/www.hsu-hh.de\/diffpsych\/wp-json\/wp\/v2\/users\/1"}],"replies":[{"embeddable":true,"href":"https:\/\/www.hsu-hh.de\/diffpsych\/wp-json\/wp\/v2\/comments?post=75"}],"version-history":[{"count":21,"href":"https:\/\/www.hsu-hh.de\/diffpsych\/wp-json\/wp\/v2\/pages\/75\/revisions"}],"predecessor-version":[{"id":1575,"href":"https:\/\/www.hsu-hh.de\/diffpsych\/wp-json\/wp\/v2\/pages\/75\/revisions\/1575"}],"wp:attachment":[{"href":"https:\/\/www.hsu-hh.de\/diffpsych\/wp-json\/wp\/v2\/media?parent=75"}],"wp:term":[{"taxonomy":"category","embeddable":true,"href":"https:\/\/www.hsu-hh.de\/diffpsych\/wp-json\/wp\/v2\/categories?post=75"},{"taxonomy":"post_tag","embeddable":true,"href":"https:\/\/www.hsu-hh.de\/diffpsych\/wp-json\/wp\/v2\/tags?post=75"}],"curies":[{"name":"wp","href":"https:\/\/api.w.org\/{rel}","templated":true}]}}