{"id":618,"date":"2018-06-12T10:10:41","date_gmt":"2018-06-12T08:10:41","guid":{"rendered":"https:\/\/www.hsu-hh.de\/diffpsych\/?page_id=618"},"modified":"2024-10-23T16:28:32","modified_gmt":"2024-10-23T14:28:32","slug":"lynne-stoeven","status":"publish","type":"page","link":"https:\/\/www.hsu-hh.de\/diffpsych\/team\/lynne-stoeven","title":{"rendered":"Dr. Lynne Marie St\u00f6ven"},"content":{"rendered":"\n<p>Wissenschaftliche Mitarbeiterin<\/p>\n\n\n<script type=\"application\/ld+json\">[{\"@context\": \"https:\/\/www.schema.org\",\"@type\": \"Person\",\"name\": \"Lynne Marie St\u00f6ven\",\"worksFor\": [{\t\"@type\": \"Organization\",\t\"name\": \"Helmut-Schmidt-Universit\u00e4t\",\t\"url\": \"https:\/\/www.hsu-hh.de\"\t, \"department\": {\"@type\": \"Organization\",\t\t\t\t\t\"name\": \"Professur f\u00fcr Pers\u00f6nlichkeitspsychologie\",\t\t\t\t\t\"location\": {\t\t\t\t\t\t\"@type\": \"PostalAddress\",\t\t\t\t\t\t\"addressLocality\": \"\",        \t\t\t\t\"postalCode\": \"22043\",        \t\t\t\t\"streetAddress\": \"Holstenhofweg 85 , Geb\u00e4ude H4\"\t\t\t\t\t}},\t\"location\": {\t\t\"@type\": \"PostalAddress\",    \t\"addressLocality\": \"\",    \t\"postalCode\": \"22008\",    \t\"postOfficeBoxNumber\": \"700822\"\t}   }],\"image\": \"https:\/\/www.hsu-hh.de\/diffpsych\/wp-content\/uploads\/sites\/722\/2021\/03\/Profil-Stoeven-150x150.png\",\"telephone\": \"+49-40-6541-0\",\"faxNumber\": \"\",\"email\": \"lynne.stoeven@hsu-hh.de\"}]<\/script><div class=\"clearfix\"><\/div><div class=\"ansprechparter-container \" style=\"margin-top:1em; \"><div class=\"row ansprechpartner-item ansprechparter-header\" ><div class=\"col-xs-8 col-lg-12\" style=\"margin-bottom: 30px;\"><h3 class=\"ansprechparter-headline\">Lynne Marie St\u00f6ven<\/h3><\/div><\/div><div class=\"col-md-4 col-lg-3 col-xs-4 ansprechpartner-item floatright img-circle center-block\" style=\"margin-bottom: 30px;\"><div class=\"img-responsive-wrapper\"><img decoding=\"async\" src=\"https:\/\/www.hsu-hh.de\/diffpsych\/wp-content\/uploads\/sites\/722\/2021\/03\/Profil-Stoeven-150x150.png\" alt=\"Profil-Stoeven\" class=\"img-circle img-responsive center-block\" \/><\/div><\/div><div class=\"col-md-12 col-lg-3 col-xs-12 ansprechpartner-item kontakt floatright\" style=\"margin-bottom: 30px; \"><div class=\"row\"><div class=\"col-xs-12 col-sm-6 col-lg-12\"><div class=\"row\"><div class=\"col-xs-4 col-lg-4 row-text bold\" >Raum:<\/div><div class=\" row-text\">129<\/div><\/div><\/div><div class=\"col-xs-12 col-sm-6 col-lg-12\"><div class=\"row\"><div class=\"col-xs-4 col-lg-4 row-text bold\">Telefon:<\/div><div class=\" row-text\">+49-40-6541-0<\/div><\/div><\/div><div class=\"col-xs-12 col-sm-6 col-lg-12\"><div class=\"row\"><div class=\"col-xs-4 col-lg-4 row-text bold\">E-Mail:<\/div><div class=\"row-text\" style=\"overflow:hidden; word-break: break-word\"><a href=\"mailto:lynne.stoeven@hsu-hh.de\" rel=\"nofollow\">lynne.stoeven@hsu-hh.de<\/a><\/div><\/div><\/div><\/div><\/div><div class=\"col-md-6 col-lg-3 col-xs-12 ansprechpartner-item anschrift floatright\" ><div class=\"row-headline\">Besucheranschrift<\/div><div class=\"dataBesucheranschrift\" style=\"\"><div class=\"row-text\">Helmut-Schmidt-Universit\u00e4t<\/div><div class=\"row-text\">Geb\u00e4ude H4<\/div><div class=\"row-text\">Holstenhofweg 85<\/div><div class=\"row-text\">22043 Hamburg<\/div><\/div><\/div><div class=\"col-md-6 col-lg-3 col-xs-12 ansprechpartner-item anschrift floatright\"><div class=\"row-headline\">Postanschrift<\/div><div class=\"dataPostanschrift\" style=\"\"><div class=\"row-text\">Helmut-Schmidt-Universit\u00e4t<\/div><div class=\"row-text\">Fakult\u00e4t f\u00fcr Geistes- und Sozialwissenschaften<\/div><div class=\"row-text\">Professur f\u00fcr Pers\u00f6nlichkeitspsychologie<\/div><div class=\"row-text\">Postfach 70 08 22<\/div><div class=\"row-text\">22008 Hamburg<\/div><\/div><\/div><\/div><div class=\"clearfix\"><\/div>\n\n<p><br \/><h3>Publikationen<\/h3>\u00a0<\/p>\n<ul>\n<li>Ibrahim,\u00a0F., Herzberg,\u00a0P.\u00a0Y., &amp; St\u00f6ven,\u00a0L.\u00a0M. (2024). Feeling phony online &#8211; The impostor phenomenon&#8217;s link to online self-presentation, self-esteem, and social network site use.\u00a0Acta Psychologica, 248, 104342. https:\/\/doi.org\/10.1016\/j.actpsy.2024.104342<\/li>\n<li>St\u00f6ven,\u00a0L.\u00a0M., Herzberg,\u00a0P.\u00a0Y., &amp; Ibrahim,\u00a0F. (2024).\u00a0Navigating virtual selves: Validation of the German version of the presentation of online self scale.\u00a0Frontiers in Psychology, 15, 1435691. https:\/\/doi.org\/10.3389\/fpsyg.2024.1435691<\/li>\n<li>St\u00f6ven, L. M., &amp; Herzberg, P. Y. (2023). User-Defined Relationships: Exploring the Dynamics of Attachment Style and Motives, Activities, and Outcomes of Social Network Sites. Social Media + Society, 9(1). https:\/\/doi.org\/10.1177\/20563051231157291<\/li>\n<li>St\u00f6ven, L. M., &amp; Herzberg, P. Y. (2021). The German Version of the State Adult Attachment Measure (SAAM). Psychological Test Adaptation and Development, 0(0), 1-10.\u00a0https:\/\/doi.org\/10.1027\/2698-1866\/a000006<\/li>\n<li>St\u00f6ven, L. M., &amp; Herzberg, P. Y. (2021). Relationship 2.0: A systematic review of associations between the use of social network sites and attachment style. Journal of Social and Personal Relationships, 38(3), 1103-1128. https:\/\/doi.org\/10.1177\/0265407520982671<\/li>\n<\/ul>\n<p><br \/><\/p>\n<p><br \/><h3>Beitr\u00e4ge<\/h3>\u00a0<\/p>\n<ul>\n<li>St\u00f6ven, L.M., &amp; Herzberg, P.Y. (2024). Quick Relief, Lasting Doubts: Social Network Sites\u2019 Quick Fix for Attachment Anxiety and Its Failure to Restore Security (Posterpr\u00e4sentation). 53. Kongress der Deutschen Gesellschaft f\u00fcr Psychologie (DGPs), Wien, \u00d6sterreich<\/li>\n<li>St\u00f6ven, L.M., &amp; Herzberg, P.Y. (2019). Love in times of Facebook: The impact of social media use on attachment style and related personality traits (Posterpresentation). International Pairfam Userconference, Cologne, Germany.<\/li>\n<\/ul>\n<p> \u00a0 \u00a0 \u00a0 \u00a0 \u00a0 \u00a0 \u00a0 \u00a0 \u00a0 \u00a0 \u00a0 \u00a0 \u00a0 \u00a0 \u00a0 \u00a0 \u00a0 \u00a0 \u00a0 \u00a0 \u00a0 \u00a0 \u00a0 \u00a0 \u00a0 \u00a0 \u00a0 \u00a0 \u00a0 \u00a0 \u00a0 \u00a0 \u00a0 \u00a0 \u00a0 \u00a0 \u00a0 \u00a0 \u00a0 \u00a0 \u00a0 \u00a0 \u00a0 \u00a0 \u00a0 \u00a0 \u00a0 \u00a0 \u00a0 \u00a0 \u00a0 \u00a0 \u00a0 \u00a0 \u00a0 \u00a0 \u00a0 \u00a0 \u00a0 \u00a0 \u00a0 \u00a0 \u00a0 \u00a0 \u00a0 \u00a0 \u00a0 \u00a0 \u00a0 \u00a0 \u00a0 \u00a0 \u00a0 \u00a0 \u00a0 \u00a0 \u00a0 \u00a0 \u00a0 \u00a0 \u00a0 \u00a0 \u00a0 \u00a0 \u00a0 \u00a0 \u00a0 \u00a0 \u00a0 \u00a0 \u00a0 \u00a0 \u00a0 \u00a0 \u00a0 \u00a0 \u00a0 \u00a0 \u00a0 \u00a0 \u00a0 \u00a0 \u00a0 \u00a0 \u00a0 \u00a0 \u00a0 \u00a0 \u00a0 \u00a0 \u00a0 \u00a0 \u00a0 \u00a0 <\/p>\n<p>\u00a0<\/p>\n<p>\u00a0<\/p>\n\n\n<p><\/p>\n\n\n\n<p><\/p>\n","protected":false},"excerpt":{"rendered":"<p>Wissenschaftliche Mitarbeiterin Publikationen \u00a0 Ibrahim,\u00a0F., Herzberg,\u00a0P.\u00a0Y., &amp; St\u00f6ven,\u00a0L.\u00a0M. (2024). Feeling phony online &#8211; The impostor phenomenon&#8217;s link to online self-presentation, self-esteem, and social network site use.\u00a0Acta Psychologica, 248, 104342. https:\/\/doi.org\/10.1016\/j.actpsy.2024.104342 [&hellip;]<\/p>\n","protected":false},"author":189,"featured_media":0,"parent":102,"menu_order":0,"comment_status":"closed","ping_status":"closed","template":"","meta":{"footnotes":""},"categories":[4],"tags":[],"class_list":["post-618","page","type-page","status-publish","hentry","category-forschung"],"_links":{"self":[{"href":"https:\/\/www.hsu-hh.de\/diffpsych\/wp-json\/wp\/v2\/pages\/618","targetHints":{"allow":["GET"]}}],"collection":[{"href":"https:\/\/www.hsu-hh.de\/diffpsych\/wp-json\/wp\/v2\/pages"}],"about":[{"href":"https:\/\/www.hsu-hh.de\/diffpsych\/wp-json\/wp\/v2\/types\/page"}],"author":[{"embeddable":true,"href":"https:\/\/www.hsu-hh.de\/diffpsych\/wp-json\/wp\/v2\/users\/189"}],"replies":[{"embeddable":true,"href":"https:\/\/www.hsu-hh.de\/diffpsych\/wp-json\/wp\/v2\/comments?post=618"}],"version-history":[{"count":16,"href":"https:\/\/www.hsu-hh.de\/diffpsych\/wp-json\/wp\/v2\/pages\/618\/revisions"}],"predecessor-version":[{"id":2129,"href":"https:\/\/www.hsu-hh.de\/diffpsych\/wp-json\/wp\/v2\/pages\/618\/revisions\/2129"}],"up":[{"embeddable":true,"href":"https:\/\/www.hsu-hh.de\/diffpsych\/wp-json\/wp\/v2\/pages\/102"}],"wp:attachment":[{"href":"https:\/\/www.hsu-hh.de\/diffpsych\/wp-json\/wp\/v2\/media?parent=618"}],"wp:term":[{"taxonomy":"category","embeddable":true,"href":"https:\/\/www.hsu-hh.de\/diffpsych\/wp-json\/wp\/v2\/categories?post=618"},{"taxonomy":"post_tag","embeddable":true,"href":"https:\/\/www.hsu-hh.de\/diffpsych\/wp-json\/wp\/v2\/tags?post=618"}],"curies":[{"name":"wp","href":"https:\/\/api.w.org\/{rel}","templated":true}]}}