{"id":443,"date":"2018-05-22T17:00:36","date_gmt":"2018-05-22T15:00:36","guid":{"rendered":"https:\/\/www.hsu-hh.de\/diffpsych\/?page_id=443"},"modified":"2018-05-30T15:14:39","modified_gmt":"2018-05-30T13:14:39","slug":"anreise","status":"publish","type":"page","link":"https:\/\/www.hsu-hh.de\/diffpsych\/anreise","title":{"rendered":"Anreise"},"content":{"rendered":"<p><a href=\"https:\/\/goo.gl\/maps\/Fcv9cXoFtRv\" rel='nofollow'><img loading=\"lazy\" decoding=\"async\" class=\"alignnone size-medium wp-image-594\" src=\"https:\/\/www.hsu-hh.de\/diffpsych\/wp-content\/uploads\/sites\/722\/2018\/05\/Hsu-h4-google-300x249.png\" alt=\"Karte\" width=\"300\" height=\"249\" srcset=\"https:\/\/www.hsu-hh.de\/diffpsych\/wp-content\/uploads\/sites\/722\/2018\/05\/Hsu-h4-google-300x249.png 300w, https:\/\/www.hsu-hh.de\/diffpsych\/wp-content\/uploads\/sites\/722\/2018\/05\/Hsu-h4-google-768x637.png 768w, https:\/\/www.hsu-hh.de\/diffpsych\/wp-content\/uploads\/sites\/722\/2018\/05\/Hsu-h4-google.png 926w\" sizes=\"auto, (max-width: 300px) 100vw, 300px\" \/><\/a><\/p>\n<h3>Anreise mit dem Kfz<\/h3>\n<p>Fahren Sie die Bundesautobahn 24 bis zur Abfahrt Hamburg-Jenfeld.Nach Verlassen der Bundesautobahn auf den Schiffbeker Weg Richtung Norden bis zur Rodigallee.<\/p>\n<p>Hier biegen Sie dann links in die Rodigallee ein und folgen dieser bis zum Universit\u00e4tsbereich Holstenhofweg.<\/p>\n<h3>Anreise vom Flughafen<\/h3>\n<p>Ab dem Flughafen Hamburg mit dem Schnellbus 39 (Richtung Billstedt) bis Wandsbek Markt. Hier steigen Sie in die Bus-Linie 10 (Metro-Bus), 261 oder 263 um und fahren bis zur Haltestelle &#8222;Universit\u00e4t der Bundeswehr&#8220;.<\/p>\n<p>Jetzt sehen sie bereits den Universit\u00e4tsbereich Holstenhofweg und gelangen mit wenigen Schritten an Ihr Ziel.<\/p>\n<h3>Bus und Bahn<\/h3>\n<p>Ab Hamburg Hauptbahnhof mit dem Schnellbus Linie 35 (Richtung Rahlstedt Ost) bis zur Haltestelle &#8222;Universit\u00e4t der Bundeswehr&#8220;. Von der Haltestelle ist der Universit\u00e4tsbereich Holstenhofweg mit wenigen Schritten zu erreichen.Oder:<\/p>\n<p>Ab Hamburg Hauptbahnhof mit der U1 bis Wandsbek Markt, dann umsteigen in die Bus-Linie 10 (MetroBus), 261 oder 263 bis zur Haltestelle<br \/>\n&#8222;Universit\u00e4t der Bundeswehr&#8220;. Von der Haltestelle ist der Universit\u00e4tsbereich Holstenhofweg mit wenigen Schritten zu erreichen.<\/p>\n<h3>Lageplan der Universit\u00e4t<\/h3>\n<p>&nbsp;<\/p>\n<p>Bitte beachten Sie, dass das Gel\u00e4nde zur Zeit nur \u00fcber die Hauptzufahrt zug\u00e4nglich ist. Besuchern stehen dort Parkpl\u00e4tze zur Verf\u00fcgung.<\/p>\n","protected":false},"excerpt":{"rendered":"<p>Anreise mit dem Kfz Fahren Sie die Bundesautobahn 24 bis zur Abfahrt Hamburg-Jenfeld.Nach Verlassen der Bundesautobahn auf den Schiffbeker Weg Richtung Norden bis zur Rodigallee. Hier biegen Sie dann links [&hellip;]<\/p>\n","protected":false},"author":1462,"featured_media":0,"parent":0,"menu_order":0,"comment_status":"closed","ping_status":"closed","template":"","meta":{"footnotes":""},"categories":[38],"tags":[],"class_list":["post-443","page","type-page","status-publish","hentry","category-anreise"],"_links":{"self":[{"href":"https:\/\/www.hsu-hh.de\/diffpsych\/wp-json\/wp\/v2\/pages\/443","targetHints":{"allow":["GET"]}}],"collection":[{"href":"https:\/\/www.hsu-hh.de\/diffpsych\/wp-json\/wp\/v2\/pages"}],"about":[{"href":"https:\/\/www.hsu-hh.de\/diffpsych\/wp-json\/wp\/v2\/types\/page"}],"author":[{"embeddable":true,"href":"https:\/\/www.hsu-hh.de\/diffpsych\/wp-json\/wp\/v2\/users\/1462"}],"replies":[{"embeddable":true,"href":"https:\/\/www.hsu-hh.de\/diffpsych\/wp-json\/wp\/v2\/comments?post=443"}],"version-history":[{"count":11,"href":"https:\/\/www.hsu-hh.de\/diffpsych\/wp-json\/wp\/v2\/pages\/443\/revisions"}],"predecessor-version":[{"id":1452,"href":"https:\/\/www.hsu-hh.de\/diffpsych\/wp-json\/wp\/v2\/pages\/443\/revisions\/1452"}],"wp:attachment":[{"href":"https:\/\/www.hsu-hh.de\/diffpsych\/wp-json\/wp\/v2\/media?parent=443"}],"wp:term":[{"taxonomy":"category","embeddable":true,"href":"https:\/\/www.hsu-hh.de\/diffpsych\/wp-json\/wp\/v2\/categories?post=443"},{"taxonomy":"post_tag","embeddable":true,"href":"https:\/\/www.hsu-hh.de\/diffpsych\/wp-json\/wp\/v2\/tags?post=443"}],"curies":[{"name":"wp","href":"https:\/\/api.w.org\/{rel}","templated":true}]}}