{"id":1817,"date":"2022-12-15T10:26:57","date_gmt":"2022-12-15T09:26:57","guid":{"rendered":"https:\/\/www.hsu-hh.de\/diffpsych\/?page_id=1817"},"modified":"2023-06-14T08:09:15","modified_gmt":"2023-06-14T06:09:15","slug":"eye-tracking-studie-persoenlichkeit-und-die-wahrnehmung-emotionaler-bilder","status":"publish","type":"page","link":"https:\/\/www.hsu-hh.de\/diffpsych\/eye-tracking-studie-persoenlichkeit-und-die-wahrnehmung-emotionaler-bilder","title":{"rendered":"Eye-Tracking Studie: Pers\u00f6nlichkeit und die Wahrnehmung emotionaler Bilder"},"content":{"rendered":"\n<div class=\"wp-block-media-text alignwide is-stacked-on-mobile\" style=\"grid-template-columns:15% auto\"><figure class=\"wp-block-media-text__media\"><img loading=\"lazy\" decoding=\"async\" width=\"901\" height=\"1024\" src=\"https:\/\/www.hsu-hh.de\/diffpsych\/wp-content\/uploads\/sites\/722\/2021\/01\/IMG_2862-scaled-e1610110693936-901x1024.jpg\" data-credit=\"Dr. Hanno Andreas Ohmann\" alt=\"Dr. Hanno Andreas Ohmann\" class=\"wp-image-1207 size-full\" srcset=\"https:\/\/www.hsu-hh.de\/diffpsych\/wp-content\/uploads\/sites\/722\/2021\/01\/IMG_2862-scaled-e1610110693936-901x1024.jpg 901w, https:\/\/www.hsu-hh.de\/diffpsych\/wp-content\/uploads\/sites\/722\/2021\/01\/IMG_2862-scaled-e1610110693936-264x300.jpg 264w, https:\/\/www.hsu-hh.de\/diffpsych\/wp-content\/uploads\/sites\/722\/2021\/01\/IMG_2862-scaled-e1610110693936-768x873.jpg 768w, https:\/\/www.hsu-hh.de\/diffpsych\/wp-content\/uploads\/sites\/722\/2021\/01\/IMG_2862-scaled-e1610110693936-1352x1536.jpg 1352w, https:\/\/www.hsu-hh.de\/diffpsych\/wp-content\/uploads\/sites\/722\/2021\/01\/IMG_2862-scaled-e1610110693936-1802x2048.jpg 1802w, https:\/\/www.hsu-hh.de\/diffpsych\/wp-content\/uploads\/sites\/722\/2021\/01\/IMG_2862-scaled-e1610110693936-1100x1250.jpg 1100w, https:\/\/www.hsu-hh.de\/diffpsych\/wp-content\/uploads\/sites\/722\/2021\/01\/IMG_2862-scaled-e1610110693936.jpg 1920w\" sizes=\"auto, (max-width: 901px) 100vw, 901px\" \/><\/figure><div class=\"wp-block-media-text__content\">\n<p class=\"has-medium-font-size\" style=\"font-style:normal;font-weight:600\">Unter der Leitung von <a href=\"https:\/\/www.hsu-hh.de\/diffpsych\/team\/dr-hanno-andreas-ohmann\"><abbr title=\"Doktor\">Dr.<\/abbr> Hanno Ohmann<\/a> forschen wir zum Zusammenhang zwischen der Pers\u00f6nlichkeit und der individuellen Wahrnehmung emotionaler Bilder. In einer Eye-Tracking Studie wurden Erkenntnisse aus einer Vorstudie \u00fcberpr\u00fcft und erweitert. Wir haben au\u00dferdem untersucht, ob die Pers\u00f6nlichkeit einen Einfluss darauf hat, wie wir Bilder betrachten.<\/p>\n<\/div><\/div>\n\n\n\n<p class=\"has-medium-font-size\" style=\"font-style:normal;font-weight:400\">Emotionale Bilder sind in der psychologischen Forschung weit verbreitete Stimuli, und es existieren mehrere standardisierte Datenbanken, die die Reproduzierbarkeit und Vergleichbarkeit von Studien erh\u00f6hen sollen (Lang et al., 2008; Marchewka et al., 2014; Dan-Glauser &amp; Scherer, 2011; Olszanowski et al., 2015). Eine Vielzahl von Forschungsarbeiten basiert auf den Bewertungen solcher Bilder. Die emotionalen Bewertungen werden h\u00e4ufig als fixe Eigenschaften der Bilder betrachtet. Verschiedene Studien deuten jedoch darauf hin, dass Pers\u00f6nlichkeitsmerkmale die Reaktion auf emotionale Stimuli beeinflussen k\u00f6nnen. Fr\u00fchere Studien zeigten gemischte Ergebnisse hinsichtlich des Ausma\u00dfes und der Richtung solcher Effekte der Pers\u00f6nlichkeit (z. B. Aluja et al., 2015; Finley &amp; Schmeichel, 2019; Pe\u00f1a-G\u00f3mez et al., 2011).<\/p>\n\n\n\n<div class=\"wp-block-media-text alignwide has-media-on-the-right is-stacked-on-mobile\" style=\"grid-template-columns:auto 42%\"><div class=\"wp-block-media-text__content\">\n<p class=\"has-text-align-left has-medium-font-size\">In unserer aktuellsten  Studie zu diesem Thema haben wir die Auswirkungen eines breiten Spektrums von Pers\u00f6nlichkeitsmerkmalen, wie zum Beispiel <a href=\"https:\/\/www.hsu-hh.de\/diffpsych\/herzlich-willkommen-auf-unseren-forschungsseiten-zum-thema-hochsensibilitaet\">Hochsensibilit\u00e4t<\/a>, auf die Beurteilung von emotionalen Bildern untersucht. Wir nutzten dabei verschiedene Bewertungsma\u00dfe. Beim Betrachten der Bilder wurden zudem die Blickbewegungen unserer Versuchspersonen erfasst.<\/p>\n<\/div><figure class=\"wp-block-media-text__media\"><img loading=\"lazy\" decoding=\"async\" width=\"1024\" height=\"681\" src=\"https:\/\/www.hsu-hh.de\/diffpsych\/wp-content\/uploads\/sites\/722\/2022\/12\/pexels-pixabay-260367-1024x681.jpg\" data-credit=\"\" alt=\"\" class=\"wp-image-1818 size-full\" srcset=\"https:\/\/www.hsu-hh.de\/diffpsych\/wp-content\/uploads\/sites\/722\/2022\/12\/pexels-pixabay-260367-1024x681.jpg 1024w, https:\/\/www.hsu-hh.de\/diffpsych\/wp-content\/uploads\/sites\/722\/2022\/12\/pexels-pixabay-260367-300x200.jpg 300w, https:\/\/www.hsu-hh.de\/diffpsych\/wp-content\/uploads\/sites\/722\/2022\/12\/pexels-pixabay-260367-768x511.jpg 768w, https:\/\/www.hsu-hh.de\/diffpsych\/wp-content\/uploads\/sites\/722\/2022\/12\/pexels-pixabay-260367-1536x1022.jpg 1536w, https:\/\/www.hsu-hh.de\/diffpsych\/wp-content\/uploads\/sites\/722\/2022\/12\/pexels-pixabay-260367-2048x1363.jpg 2048w, https:\/\/www.hsu-hh.de\/diffpsych\/wp-content\/uploads\/sites\/722\/2022\/12\/pexels-pixabay-260367-1100x732.jpg 1100w\" sizes=\"auto, (max-width: 1024px) 100vw, 1024px\" \/><\/figure><\/div>\n\n\n\n<div class=\"wp-block-media-text alignwide is-stacked-on-mobile\" style=\"grid-template-columns:44% auto\"><figure class=\"wp-block-media-text__media\"><img loading=\"lazy\" decoding=\"async\" width=\"1024\" height=\"666\" src=\"https:\/\/www.hsu-hh.de\/diffpsych\/wp-content\/uploads\/sites\/722\/2022\/12\/pexels-torsten-dettlaff-59523-1024x666.jpg\" data-credit=\"\" alt=\"\" class=\"wp-image-1819 size-full\" srcset=\"https:\/\/www.hsu-hh.de\/diffpsych\/wp-content\/uploads\/sites\/722\/2022\/12\/pexels-torsten-dettlaff-59523-1024x666.jpg 1024w, https:\/\/www.hsu-hh.de\/diffpsych\/wp-content\/uploads\/sites\/722\/2022\/12\/pexels-torsten-dettlaff-59523-300x195.jpg 300w, https:\/\/www.hsu-hh.de\/diffpsych\/wp-content\/uploads\/sites\/722\/2022\/12\/pexels-torsten-dettlaff-59523-768x499.jpg 768w, https:\/\/www.hsu-hh.de\/diffpsych\/wp-content\/uploads\/sites\/722\/2022\/12\/pexels-torsten-dettlaff-59523-1536x999.jpg 1536w, https:\/\/www.hsu-hh.de\/diffpsych\/wp-content\/uploads\/sites\/722\/2022\/12\/pexels-torsten-dettlaff-59523-2048x1331.jpg 2048w, https:\/\/www.hsu-hh.de\/diffpsych\/wp-content\/uploads\/sites\/722\/2022\/12\/pexels-torsten-dettlaff-59523-1100x715.jpg 1100w\" sizes=\"auto, (max-width: 1024px) 100vw, 1024px\" \/><\/figure><div class=\"wp-block-media-text__content\">\n<p class=\"has-medium-font-size\">Die Ergebnisse einer von uns durchgef\u00fchrten Vorstudie zeigen, dass verschiedene Pers\u00f6nlichkeitsmerkmale tats\u00e4chlich die Bewertung von emotionalen Bildern beeinflussen. Daher sollten Studien, die Bilder aus standardisierten Datenbanken verwenden, den potenziellen Einfluss der Pers\u00f6nlichkeit stets ber\u00fccksichtigen.<\/p>\n<\/div><\/div>\n\n\n\n<p class=\"has-medium-font-size\" style=\"font-style:normal;font-weight:400\">Unsere aktuellste Studie hat nun untersucht, ob ein Zusammenhang zwischen der Pers\u00f6nlichkeit und den individuellen Blickbewegungen beim Betrachten emotionaler Bilder besteht.  <\/p>\n\n\n\n<h2 class=\"wp-block-heading\">Literatur<\/h2>\n\n\n\n<ul class=\"wp-block-list\">\n<li>Aluja, A., Rossier, J., Blanch, \u00c1., Blanco, E., Mart\u00ed-Guiu, M., &amp; Balada, F. (2015). Personality effects and sex differences on the International Affective Picture System (IAPS): A Spanish and Swiss study. Personality and Individual Differences, 77, 143-148.<\/li>\n<\/ul>\n\n\n\n<ul class=\"wp-block-list\">\n<li>Dan-Glauser, E. S., &amp; Scherer, K. R. (2011). The Geneva affective picture database (GAPED): a new 730-picture database focusing on valence and normative significance. Behavior research methods, 43(2), 468-477.<br><\/li>\n\n\n\n<li>Finley, A. J., &amp; Schmeichel, B. J. (2019). Aftereffects of self-control on positive emotional reactivity. Personality and Social Psychology Bulletin, 45(7), 1011-1027.<\/li>\n<\/ul>\n\n\n\n<ul class=\"wp-block-list\">\n<li>Lang, P. J., Bradley, M. M., &amp; Cuthbert, B. N. (2008). International Affective Picture System (IAPS): Instruction manual and affective ratings, Technical Report A-8. Gainesville: The Center for Research in Psychophysiology, University of Florida.<\/li>\n<\/ul>\n\n\n\n<ul class=\"wp-block-list\">\n<li>Marchewka, A., \u017burawski, \u0141., Jednor\u00f3g, K., &amp; Grabowska, A. (2014). The Nencki Affective Picture System (NAPS): Introduction to a novel, standardized, wide-range, high-quality, realistic picture database. Behavior research methods, 46(2), 596-610.<\/li>\n<\/ul>\n\n\n\n<ul class=\"wp-block-list\">\n<li>Olszanowski, M., Pochwatko, G., Kuklinski, K., Scibor-Rylski, M., Lewinski, P., &amp; Ohme, R. K. (2015). Warsaw set of emotional facial expression pictures: a validation study of facial display photographs. Frontiers in psychology, 5, 1516.<\/li>\n<\/ul>\n\n\n\n<ul class=\"wp-block-list\">\n<li>Pe\u00f1a-G\u00f3mez, C., Vidal-Pineiro, D., Clemente, I. C., Pascual-Leone, \u00c1., &amp; Bartres-Faz, D. (2011). Down-regulation of negative emotional processing by transcranial direct current stimulation: effects of personality characteristics. PloS one, 6(7), e22812.<\/li>\n<\/ul>\n\n\n\n<p><\/p>\n\n\n\n<p><\/p>\n","protected":false},"excerpt":{"rendered":"<p>Unter der Leitung von Dr. Hanno Ohmann forschen wir zum Zusammenhang zwischen der Pers\u00f6nlichkeit und der individuellen Wahrnehmung emotionaler Bilder. In einer Eye-Tracking Studie wurden Erkenntnisse aus einer Vorstudie \u00fcberpr\u00fcft [&hellip;]<\/p>\n","protected":false},"author":2884,"featured_media":0,"parent":0,"menu_order":0,"comment_status":"closed","ping_status":"closed","template":"","meta":{"footnotes":""},"categories":[4],"tags":[],"class_list":["post-1817","page","type-page","status-publish","hentry","category-forschung"],"_links":{"self":[{"href":"https:\/\/www.hsu-hh.de\/diffpsych\/wp-json\/wp\/v2\/pages\/1817","targetHints":{"allow":["GET"]}}],"collection":[{"href":"https:\/\/www.hsu-hh.de\/diffpsych\/wp-json\/wp\/v2\/pages"}],"about":[{"href":"https:\/\/www.hsu-hh.de\/diffpsych\/wp-json\/wp\/v2\/types\/page"}],"author":[{"embeddable":true,"href":"https:\/\/www.hsu-hh.de\/diffpsych\/wp-json\/wp\/v2\/users\/2884"}],"replies":[{"embeddable":true,"href":"https:\/\/www.hsu-hh.de\/diffpsych\/wp-json\/wp\/v2\/comments?post=1817"}],"version-history":[{"count":17,"href":"https:\/\/www.hsu-hh.de\/diffpsych\/wp-json\/wp\/v2\/pages\/1817\/revisions"}],"predecessor-version":[{"id":1953,"href":"https:\/\/www.hsu-hh.de\/diffpsych\/wp-json\/wp\/v2\/pages\/1817\/revisions\/1953"}],"wp:attachment":[{"href":"https:\/\/www.hsu-hh.de\/diffpsych\/wp-json\/wp\/v2\/media?parent=1817"}],"wp:term":[{"taxonomy":"category","embeddable":true,"href":"https:\/\/www.hsu-hh.de\/diffpsych\/wp-json\/wp\/v2\/categories?post=1817"},{"taxonomy":"post_tag","embeddable":true,"href":"https:\/\/www.hsu-hh.de\/diffpsych\/wp-json\/wp\/v2\/tags?post=1817"}],"curies":[{"name":"wp","href":"https:\/\/api.w.org\/{rel}","templated":true}]}}