{"id":416,"date":"2024-08-27T17:37:48","date_gmt":"2024-08-27T15:37:48","guid":{"rendered":"https:\/\/www.hsu-hh.de\/dataeng\/?page_id=416"},"modified":"2025-02-07T10:02:02","modified_gmt":"2025-02-07T09:02:02","slug":"hypoglykaemierkennung-bei-typ-1-diabetes","status":"publish","type":"page","link":"https:\/\/www.hsu-hh.de\/dataeng\/forschung\/aktuelle-projekte\/hypoglykaemierkennung-bei-typ-1-diabetes\/","title":{"rendered":"Hypoglyk\u00e4mierkennung bei Typ 1 Diabetes"},"content":{"rendered":"\n<p>Das Ziel dieses Projekts ist die fr\u00fchzeitige Erkennung hypoglyk\u00e4mischer Anf\u00e4lle, um Betroffene rechtzeitig zu alarmieren und schwerwiegende Folgen zu verhindern. Hypoglyk\u00e4mie ist ein Zustand der Unterzuckerung, der zur Bewusstlosigkeit, zum Koma und im schlimmsten Fall zum Tod f\u00fchren kann. Patienten mit Typ 1 Diabetes sind besonders gef\u00e4hrdet, da sie auf externes Insulin angewiesen sind, dessen unangemessene Dosierung leicht zu einem niedrigen Blutzuckerspiegel f\u00fchren kann.<\/p>\n\n\n\n<p>KI-Methoden k\u00f6nnen hierbei potenzielle hypoglyk\u00e4mische Anf\u00e4lle durch die Analyse historischer Datenmuster erkennen. Als Eingabewerte f\u00fcr die maschinellen Lernverfahren k\u00f6nnen kontinuierlich gemessene Glukosewerte und weitere physiologische Daten wie die Herzrate genutzt werden. Unsere Professur forscht zun\u00e4chst an der pr\u00e4zisen Klassifizierung des Risikos bis zu zwei Stunden vor der Hypoglyk\u00e4mie. Im n\u00e4chsten Schritt werden l\u00e4ngere Vorhersagezeitr\u00e4ume von bis zu 24 Stunden betrachtet, um kurzzeitige Risiken, postprandiale Hypoglyk\u00e4mien, n\u00e4chtliche Hypoglyk\u00e4mien und durch erh\u00f6hte Aktivit\u00e4t induzierte Hypoglyk\u00e4mien zu erkennen. Das Projekt zielt darauf ab, personalisierte Ans\u00e4tze zu entwickeln, die sich an individuelle Daten, das Alter und das spezifische Verh\u00e4ltnis der Individuen anpassen.<\/p>\n","protected":false},"excerpt":{"rendered":"<p>Das Ziel dieses Projekts ist die fr\u00fchzeitige Erkennung hypoglyk\u00e4mischer Anf\u00e4lle, um Betroffene rechtzeitig zu alarmieren und schwerwiegende Folgen zu verhindern. Hypoglyk\u00e4mie ist ein Zustand der Unterzuckerung, der zur Bewusstlosigkeit, zum [&hellip;]<\/p>\n","protected":false},"author":3889,"featured_media":0,"parent":204,"menu_order":0,"comment_status":"closed","ping_status":"closed","template":"","meta":{"footnotes":""},"categories":[4],"tags":[],"class_list":["post-416","page","type-page","status-publish","hentry","category-forschung"],"_links":{"self":[{"href":"https:\/\/www.hsu-hh.de\/dataeng\/wp-json\/wp\/v2\/pages\/416","targetHints":{"allow":["GET"]}}],"collection":[{"href":"https:\/\/www.hsu-hh.de\/dataeng\/wp-json\/wp\/v2\/pages"}],"about":[{"href":"https:\/\/www.hsu-hh.de\/dataeng\/wp-json\/wp\/v2\/types\/page"}],"author":[{"embeddable":true,"href":"https:\/\/www.hsu-hh.de\/dataeng\/wp-json\/wp\/v2\/users\/3889"}],"replies":[{"embeddable":true,"href":"https:\/\/www.hsu-hh.de\/dataeng\/wp-json\/wp\/v2\/comments?post=416"}],"version-history":[{"count":1,"href":"https:\/\/www.hsu-hh.de\/dataeng\/wp-json\/wp\/v2\/pages\/416\/revisions"}],"predecessor-version":[{"id":417,"href":"https:\/\/www.hsu-hh.de\/dataeng\/wp-json\/wp\/v2\/pages\/416\/revisions\/417"}],"up":[{"embeddable":true,"href":"https:\/\/www.hsu-hh.de\/dataeng\/wp-json\/wp\/v2\/pages\/204"}],"wp:attachment":[{"href":"https:\/\/www.hsu-hh.de\/dataeng\/wp-json\/wp\/v2\/media?parent=416"}],"wp:term":[{"taxonomy":"category","embeddable":true,"href":"https:\/\/www.hsu-hh.de\/dataeng\/wp-json\/wp\/v2\/categories?post=416"},{"taxonomy":"post_tag","embeddable":true,"href":"https:\/\/www.hsu-hh.de\/dataeng\/wp-json\/wp\/v2\/tags?post=416"}],"curies":[{"name":"wp","href":"https:\/\/api.w.org\/{rel}","templated":true}]}}