{"id":370,"date":"2024-08-27T15:19:29","date_gmt":"2024-08-27T13:19:29","guid":{"rendered":"https:\/\/www.hsu-hh.de\/dataeng\/?page_id=370"},"modified":"2025-02-11T11:52:16","modified_gmt":"2025-02-11T10:52:16","slug":"informationssicherheit-vernetzter-logistischer-systeme","status":"publish","type":"page","link":"https:\/\/www.hsu-hh.de\/dataeng\/lehre\/informationssicherheit-vernetzter-logistischer-systeme\/","title":{"rendered":"Informationssicherheit vernetzter logistischer Systeme"},"content":{"rendered":"\n<h2 class=\"wp-block-heading\">Modulverantwortliche<\/h2>\n\n\n\n<p><a href=\"https:\/\/www.hsu-hh.de\/dataeng\/mitarbeiter\/maria-maleshkova\" data-type=\"page\" data-id=\"327\"><abbr title=\"Professor\">Prof.<\/abbr> <abbr title=\"Doktor\">Dr.<\/abbr> Maria Maleshkova<\/a><\/p>\n\n\n\n<h2 class=\"wp-block-heading\">Qualifikationsziel<\/h2>\n\n\n\n<p>Das Modul vermittelt Grundlagenkomzepte im Bereich der Sicherheit informationstechnischer Systeme mit besonderem Schwerpunkt in den Bereichen der vernetzten logistischen Systeme. Vernetzte logistische Systeme enthalten Quellenlogistik, Verarbeitungslogistik, Verteilungslogistik und Entsorgungslogistik. Ein state-of-the-art Merkmal moderner Logistik ist die Begleitung solcher Systeme durch Gegenst\u00e4nde und Methoden der Automatisierungstechnik. Aufgrund der systemimmanenten Mobilit\u00e4t der bewegten G\u00fcter im System bietet die Informationstechnik im Umfeld der Logistik eine enorme Angriffsfl\u00e4che f\u00fcr Cyber-Angriffe und damit ein hohes Risiko.<\/p>\n\n\n\n<p>Die Studierenden erwerben die Qualifikation,<\/p>\n\n\n\n<ul class=\"wp-block-list\">\n<li>die <abbr title=\"Informationstechnologie\">IT<\/abbr>-Sicherheit der in logistischen Systemen eingesetzten Komponenten einzusch\u00e4tzen<\/li>\n\n\n\n<li>die Schwachstellen logistischer Systeme gegen\u00fcber g\u00e4ngigen Angriffstechniken zu identifizieren<\/li>\n\n\n\n<li>automatisierte Mechanismen zur Angriffserkennung passend auszuw\u00e4hlen<\/li>\n\n\n\n<li>geh\u00e4rtete logistische Systeme zu spezifizieren und bei Aufbau und Betrieb zu begleiten<\/li>\n\n\n\n<li>die <abbr title=\"Informationstechnologie\">IT<\/abbr>-Sicherheit der in logistischen Systemen eingesetzten Komponenten einzusch\u00e4tzen<\/li>\n<\/ul>\n\n\n\n<h2 class=\"wp-block-heading\">Inhalte<\/h2>\n\n\n\n<p>Die fachspezifische Berufsqualifikation und Schl\u00fcsselkompetenzen sollen im Besonderen in folgenden Bereichen vermittelt werden:<\/p>\n\n\n\n<ul class=\"wp-block-list\">\n<li>Grundlagen der Angriffstechniken auf logistische Systeme<\/li>\n\n\n\n<li>Grundlagen der automatisierten Angriffserkennung (<abbr title=\"zum Beispiel\">z.B.<\/abbr> Intrusion Detection, KI, Bots, Ants)<\/li>\n\n\n\n<li>Grundlagen der Risikominimierung durch Konstruktion geh\u00e4rteter logistischer Systeme in den Bereichen:\n<ul class=\"wp-block-list\">\n<li>Fahrzeuge zu Land, Luft, und See (LLS)<\/li>\n\n\n\n<li>Infrastruktur: Quellen, Senken, Verarbeitung, Transport, (Fahrzeuge LLS, Rohrsysteme, Leitungen), G\u00fcterklassen: St\u00fcckgut, Fl\u00fcssiggut, Saug- und Sch\u00fcttgut, sowie Daten<\/li>\n<\/ul>\n<\/li>\n\n\n\n<li>Lokale und verteilte Logistik begleitende <abbr title=\"Informationstechnologie\">IT<\/abbr><\/li>\n\n\n\n<li>Sicherheitsbezogene Bewertung und H\u00e4rtung lokaler und verteilter Logistikinformationssysteme an Fallbeispielen<\/li>\n\n\n\n<li><abbr title=\"Informationstechnologie\">IT<\/abbr>-Sicherheit eingebetteter Systeme in logistischen Netzen<\/li>\n<\/ul>\n\n\n\n<h2 class=\"wp-block-heading\">Modulbestandteile<\/h2>\n\n\n\n<p>Der Umfang des Kurses betr\u00e4gt 2 TWS Vorlesung, 1 TWS \u00dcbung f\u00fcr 6 LP.<\/p>\n\n\n\n<h2 class=\"wp-block-heading\">Empfohlene Literatur<\/h2>\n\n\n\n<p>Pohlmann: Cyber-Sicherheit: Das Lehrbuch fu2r Konzepte, Prinzipien, Mechanismen, Architekturen und Eigenschaften von Cyber-Sicherheitssystemen in der Digitalisierung<\/p>\n\n\n\n<p>M\u00f6ller, Haas: Guide to Automotive Connectivity and Cybersecurity: Trends, Technologies, Innovations and Applications<\/p>\n","protected":false},"excerpt":{"rendered":"<p>Modulverantwortliche Prof. Dr. Maria Maleshkova Qualifikationsziel Das Modul vermittelt Grundlagenkomzepte im Bereich der Sicherheit informationstechnischer Systeme mit besonderem Schwerpunkt in den Bereichen der vernetzten logistischen Systeme. Vernetzte logistische Systeme enthalten [&hellip;]<\/p>\n","protected":false},"author":3889,"featured_media":0,"parent":116,"menu_order":0,"comment_status":"closed","ping_status":"closed","template":"","meta":{"footnotes":""},"categories":[4],"tags":[],"class_list":["post-370","page","type-page","status-publish","hentry","category-forschung"],"_links":{"self":[{"href":"https:\/\/www.hsu-hh.de\/dataeng\/wp-json\/wp\/v2\/pages\/370","targetHints":{"allow":["GET"]}}],"collection":[{"href":"https:\/\/www.hsu-hh.de\/dataeng\/wp-json\/wp\/v2\/pages"}],"about":[{"href":"https:\/\/www.hsu-hh.de\/dataeng\/wp-json\/wp\/v2\/types\/page"}],"author":[{"embeddable":true,"href":"https:\/\/www.hsu-hh.de\/dataeng\/wp-json\/wp\/v2\/users\/3889"}],"replies":[{"embeddable":true,"href":"https:\/\/www.hsu-hh.de\/dataeng\/wp-json\/wp\/v2\/comments?post=370"}],"version-history":[{"count":8,"href":"https:\/\/www.hsu-hh.de\/dataeng\/wp-json\/wp\/v2\/pages\/370\/revisions"}],"predecessor-version":[{"id":966,"href":"https:\/\/www.hsu-hh.de\/dataeng\/wp-json\/wp\/v2\/pages\/370\/revisions\/966"}],"up":[{"embeddable":true,"href":"https:\/\/www.hsu-hh.de\/dataeng\/wp-json\/wp\/v2\/pages\/116"}],"wp:attachment":[{"href":"https:\/\/www.hsu-hh.de\/dataeng\/wp-json\/wp\/v2\/media?parent=370"}],"wp:term":[{"taxonomy":"category","embeddable":true,"href":"https:\/\/www.hsu-hh.de\/dataeng\/wp-json\/wp\/v2\/categories?post=370"},{"taxonomy":"post_tag","embeddable":true,"href":"https:\/\/www.hsu-hh.de\/dataeng\/wp-json\/wp\/v2\/tags?post=370"}],"curies":[{"name":"wp","href":"https:\/\/api.w.org\/{rel}","templated":true}]}}