{"id":73,"date":"2017-07-03T15:52:08","date_gmt":"2017-07-03T13:52:08","guid":{"rendered":"https:\/\/www.hsu-hh.de\/vorlage\/?page_id=73"},"modified":"2024-09-06T16:27:30","modified_gmt":"2024-09-06T14:27:30","slug":"startseite","status":"publish","type":"page","link":"https:\/\/www.hsu-hh.de\/bwp-w\/","title":{"rendered":"Berufs- und Wirtschaftsp\u00e4dagogik \/ Wirtschaftsp\u00e4dagogik"},"content":{"rendered":"<h2>Leitung: <abbr title=\"Professor\">Prof.<\/abbr> <abbr title=\"Doktor\">Dr.<\/abbr> Tobias Schl\u00f6mer<\/h2>\n<p>Die Professur f\u00fcr Berufs- und Wirtschaftsp\u00e4dagogik mit dem Schwerpunkt Wirtschaftsp\u00e4dagogik befasst sich in Forschung und Lehre mit der beruflichen Bildung von Jugendlichen und Erwachsenen im Rahmen von Berufsorientierung, Berufsvorbereitung, beruflicher Ausbildung sowie beruflicher Fort- und Weiterbildung. Wir betrachten betriebliche, \u00fcberbetriebliche und schulische Lernorte. In unseren Arbeiten besch\u00e4ftigen wir uns mit Fragen zum berufsbezogenen Wissens- und Kompetenzerwerb, zur betrieblichen Personalentwicklung, zur Professionalisierung von Lehrpersonal, zur curricularen-ordnungspolitischen Entwicklung von Berufen (<abbr title=\"insbesondere\">insb.<\/abbr> in kaufm\u00e4nnischen Berufsfeldern) sowie zur Innovationsentwicklung und zur Entrepreneurship Education. Besondere Schwerpunkte setzen wir in der Forschung und Lehre auf die Transformation zur nachhaltigen Entwicklung und die digitale Transformation. Beruf, Arbeit und berufliche Bildungsprozesse stehen mit diesen Wandlungsprozessen in engem Zusammenhang und k\u00f6nnen Ausdruck und Gestaltungsraum f\u00fcr die Transformationsprozesse sein. Diese Zusammenh\u00e4nge untersuchen wir mit qualitativen und quantitativen Methoden der empirischen Sozialforschung, sowohl in grundlagenorientierten als auch anwendungsbezogenen Studien.<\/p>\n<p>Arbeitsschwerpunkte der Professur sind:<\/p>\n<ul>\n<li>Empirische Lehr-Lernforschung und Diagnostik, <abbr title=\"insbesondere\">insb.<\/abbr> in kaufm\u00e4nnischer Berufsbildung<\/li>\n<li>Berufsbildung f\u00fcr nachhaltiges Wirtschaften<\/li>\n<li>Digitale Transformation in Wirtschaft und Beruf<\/li>\n<li>Professionalisierung von Lehrenden und Ausbilder:innen<\/li>\n<li>Curriculumentwicklung in kaufm\u00e4nnischer Bildung<\/li>\n<li>Entrepreneurship Education und Innovationen in der beruflichen Bildung<\/li>\n<\/ul>\n","protected":false},"excerpt":{"rendered":"<p>Leitung: Prof. Dr. Tobias Schl\u00f6mer Die Professur f\u00fcr Berufs- und Wirtschaftsp\u00e4dagogik mit dem Schwerpunkt Wirtschaftsp\u00e4dagogik befasst sich in Forschung und Lehre mit der beruflichen Bildung von Jugendlichen und Erwachsenen im [&hellip;]<\/p>\n","protected":false},"author":26,"featured_media":0,"parent":0,"menu_order":0,"comment_status":"closed","ping_status":"closed","template":"","meta":{"_EventAllDay":false,"_EventTimezone":"","_EventStartDate":"","_EventEndDate":"","_EventStartDateUTC":"","_EventEndDateUTC":"","_EventShowMap":false,"_EventShowMapLink":false,"_EventURL":"","_EventCost":"","_EventCostDescription":"","_EventCurrencySymbol":"","_EventCurrencyCode":"","_EventCurrencyPosition":"","_EventDateTimeSeparator":"","_EventTimeRangeSeparator":"","_EventOrganizerID":[],"_EventVenueID":[],"_OrganizerEmail":"","_OrganizerPhone":"","_OrganizerWebsite":"","_VenueAddress":"","_VenueCity":"","_VenueCountry":"","_VenueProvince":"","_VenueState":"","_VenueZip":"","_VenuePhone":"","_VenueURL":"","_VenueStateProvince":"","_VenueLat":"","_VenueLng":"","_VenueShowMap":false,"_VenueShowMapLink":false,"footnotes":""},"categories":[35],"tags":[],"class_list":["post-73","page","type-page","status-publish","hentry","category-startseite"],"_links":{"self":[{"href":"https:\/\/www.hsu-hh.de\/bwp-w\/wp-json\/wp\/v2\/pages\/73","targetHints":{"allow":["GET"]}}],"collection":[{"href":"https:\/\/www.hsu-hh.de\/bwp-w\/wp-json\/wp\/v2\/pages"}],"about":[{"href":"https:\/\/www.hsu-hh.de\/bwp-w\/wp-json\/wp\/v2\/types\/page"}],"author":[{"embeddable":true,"href":"https:\/\/www.hsu-hh.de\/bwp-w\/wp-json\/wp\/v2\/users\/26"}],"replies":[{"embeddable":true,"href":"https:\/\/www.hsu-hh.de\/bwp-w\/wp-json\/wp\/v2\/comments?post=73"}],"version-history":[{"count":32,"href":"https:\/\/www.hsu-hh.de\/bwp-w\/wp-json\/wp\/v2\/pages\/73\/revisions"}],"predecessor-version":[{"id":1271,"href":"https:\/\/www.hsu-hh.de\/bwp-w\/wp-json\/wp\/v2\/pages\/73\/revisions\/1271"}],"wp:attachment":[{"href":"https:\/\/www.hsu-hh.de\/bwp-w\/wp-json\/wp\/v2\/media?parent=73"}],"wp:term":[{"taxonomy":"category","embeddable":true,"href":"https:\/\/www.hsu-hh.de\/bwp-w\/wp-json\/wp\/v2\/categories?post=73"},{"taxonomy":"post_tag","embeddable":true,"href":"https:\/\/www.hsu-hh.de\/bwp-w\/wp-json\/wp\/v2\/tags?post=73"}],"curies":[{"name":"wp","href":"https:\/\/api.w.org\/{rel}","templated":true}]}}