{"id":116,"date":"2018-01-17T14:07:04","date_gmt":"2018-01-17T13:07:04","guid":{"rendered":"https:\/\/www.hsu-hh.de\/vorlage\/?page_id=116"},"modified":"2024-09-06T15:53:28","modified_gmt":"2024-09-06T13:53:28","slug":"lehre","status":"publish","type":"page","link":"https:\/\/www.hsu-hh.de\/bwp-w\/lehre\/","title":{"rendered":"Lehre"},"content":{"rendered":"<p>Die Professur bietet Lehrveranstaltungen zur Studienrichtung \u201eBerufsbildung\/Berufs- und Wirtschaftsp\u00e4dagogik\u201c im konsekutiven Bachelor- und Masterstudiengang der Bildung- und Erziehungswissenschaften (BuErz) an. Das Lehrangebot findet im Rahmen der folgenden f\u00fcnf Module statt<strong>.<\/strong><\/p>\n<p><strong>Bachelor:\u00a0<\/strong><\/p>\n<p>BuErz01003\/Berufsbildung im Bildungs- und Besch\u00e4ftigungssystem in Theorie und Praxis, 1.-2. Trimester, 1 Vorlesung und 2 Seminare<\/p>\n<p>BuErz03003\/Gestaltung, Forschung und Evaluation des beruflichen Lehrens und Lernens, 3.-4. Trimester, 2 Seminare<\/p>\n<p>BuErz05003\/Beruf, Curriculum und Professionalit\u00e4t: Erkundungen zum Selbstverst\u00e4ndnis der Berufs- und Wirtschaftsp\u00e4dagogik, 5.-7. Trimester, 3 Seminare<\/p>\n<h3>Master:<\/h3>\n<p>BuErz08003\/Forschungsfelder der Berufsbildung unter Ber\u00fccksichtigung unterschiedlicher theoretischer und methodischer Zug\u00e4nge: Lehrforschungsprojekt, 8.-10. Trimester, 3 Seminare<\/p>\n<p>BuErz11003\/Vergleichende Berufsbildungsforschung und Berufsbildungstheorie, 11-12. Trimester, 2 Seminare<\/p>\n<p>Das aktuelle Lehrangebot der Professur ist im Campus-Management-System der <abbr title=\"Helmut Schmidt Universit\u00e4t\">HSU<\/abbr>\/UniBw H sowie auf den Seiten der <a href=\"https:\/\/www.hsu-hh.de\/geiso\/startseite\/studierende\">Fakult\u00e4t <abbr title=\"Geistes- und Sozialwissenschaften\">GeiSo<\/abbr><\/a> erh\u00e4ltich. Zu allen Lehrveranstaltungen werden MS-Teams-Kurse eingerichtet. Informationen zu den Modulen finden Sie au\u00dferdem in den Modulhandb\u00fcchern.<\/p>\n<h3>Betreuung von Bachelor- und Masterarbeiten:<\/h3>\n<p>Gerne betreuen wir Abschlussarbeiten im Studiengang Bildungs- und Erziehungswissenschaften. Wir bieten hierzu aktuelle Themenvorschl\u00e4ge an, die in der Regel mit unseren eigenen Studien- und Forschungsschwerpunkten verzahnt sind und an die f\u00fcnf Module der Studienrichtung Berufsbildung\/BWP anschlie\u00dfen. Zur effektiven Themenvereinbarung sehen wir folgenden Ablauf vor.<\/p>\n<ul>\n<li>Erster Termin: Themenabsprache mit dem Betreuer. Ziel des Treffens ist es, den Rahmen der Arbeit zu sondieren. Aufbauend darauf wird das Expos\u00e9 erstellt. Das Expos\u00e9 soll einen Eindruck von Ihrem geplanten Forschungsvorhaben vermitteln und die Grundlage f\u00fcr die von Ihnen zu erstellende Abschlussarbeit sein. Das Expos\u00e9 sollte folgende Punkte enthalten:<br \/>\nSkizzierung der beabsichtigten Fragestellung; Darlegung der geplanten Vorgehensweise bei der Bearbeitung der Fragestellung;<br \/>\n\u00dcberblick der gesichteten Literatur<\/li>\n<li>Zweiter Termin: Besprechung des eingereichten Expos\u00e9s. Absprache \u00fcber die theoretische und <abbr title=\"gegebenenfalls\">ggf.<\/abbr> empirische Fundierung sowie der detaillierten Gliederung der Arbeit. Anmeldung der Arbeit.<\/li>\n<li>Weitere Termine: Vorstellung der Zwischenergebnisse der theoretischen oder <abbr title=\"gegebenenfalls\">ggf.<\/abbr> empirischen Untersuchungen. Besprechung von Problemen und n\u00e4chsten Arbeitsschritten.<\/li>\n<li>Hinweise zum wissenschaftlichen Arbeiten<\/li>\n<\/ul>\n<h3>Hinweise zum wissenschaftlichen Arbeiten<\/h3>\n<p>Eine Zusammenstellung der wesentlichen Hinweise zum wissenschaftlichen Arbeiten in der Studienrichtung Berufsbildung ist hier verf\u00fcgbar:<\/p>\n<div class=\"col-xs-12 downloads-item\">\n<div class=\"row border-line\">\n<div class=\"thumbnail-area\"><img decoding=\"async\" class=\"download-image\" src=\"\/wp-content\/themes\/hsu\/img\/dummy\/downloads_dummy.png\" alt=\"\" \/><\/div>\n<div class=\"text-area\"><span class=\"download-text\">Hinweise zum wissenschaftlichen Arbeiten (Stand 01\/2021)<br \/>\n<\/span><\/div>\n<div class=\"download-area\"><a class=\"download-link\" href=\"https:\/\/www.hsu-hh.de\/bwp-w\/wp-content\/uploads\/sites\/833\/2021\/01\/Hinweise-zum-wissenschaftlichen-Arbeiten-in-der-BB_2021-01-25.pdf\"><span class=\"download-name\">pdf laden<\/span><span class=\"donwload-icon\"><img decoding=\"async\" class=\"download-icon\" src=\"\/wp-content\/themes\/hsu\/img\/icons\/download_icon.png\" alt=\"download icon\" \/><\/span><span class=\"download-size\">260 kB<\/span><\/a><\/div>\n<\/div>\n<\/div>\n","protected":false},"excerpt":{"rendered":"<p>Die Professur bietet Lehrveranstaltungen zur Studienrichtung \u201eBerufsbildung\/Berufs- und Wirtschaftsp\u00e4dagogik\u201c im konsekutiven Bachelor- und Masterstudiengang der Bildung- und Erziehungswissenschaften (BuErz) an. Das Lehrangebot findet im Rahmen der folgenden f\u00fcnf Module statt. [&hellip;]<\/p>\n","protected":false},"author":26,"featured_media":0,"parent":0,"menu_order":0,"comment_status":"closed","ping_status":"closed","template":"","meta":{"_EventAllDay":false,"_EventTimezone":"","_EventStartDate":"","_EventEndDate":"","_EventStartDateUTC":"","_EventEndDateUTC":"","_EventShowMap":false,"_EventShowMapLink":false,"_EventURL":"","_EventCost":"","_EventCostDescription":"","_EventCurrencySymbol":"","_EventCurrencyCode":"","_EventCurrencyPosition":"","_EventDateTimeSeparator":"","_EventTimeRangeSeparator":"","_EventOrganizerID":[],"_EventVenueID":[],"_OrganizerEmail":"","_OrganizerPhone":"","_OrganizerWebsite":"","_VenueAddress":"","_VenueCity":"","_VenueCountry":"","_VenueProvince":"","_VenueState":"","_VenueZip":"","_VenuePhone":"","_VenueURL":"","_VenueStateProvince":"","_VenueLat":"","_VenueLng":"","_VenueShowMap":false,"_VenueShowMapLink":false,"footnotes":""},"categories":[6],"tags":[],"class_list":["post-116","page","type-page","status-publish","hentry","category-lehre"],"_links":{"self":[{"href":"https:\/\/www.hsu-hh.de\/bwp-w\/wp-json\/wp\/v2\/pages\/116","targetHints":{"allow":["GET"]}}],"collection":[{"href":"https:\/\/www.hsu-hh.de\/bwp-w\/wp-json\/wp\/v2\/pages"}],"about":[{"href":"https:\/\/www.hsu-hh.de\/bwp-w\/wp-json\/wp\/v2\/types\/page"}],"author":[{"embeddable":true,"href":"https:\/\/www.hsu-hh.de\/bwp-w\/wp-json\/wp\/v2\/users\/26"}],"replies":[{"embeddable":true,"href":"https:\/\/www.hsu-hh.de\/bwp-w\/wp-json\/wp\/v2\/comments?post=116"}],"version-history":[{"count":33,"href":"https:\/\/www.hsu-hh.de\/bwp-w\/wp-json\/wp\/v2\/pages\/116\/revisions"}],"predecessor-version":[{"id":1249,"href":"https:\/\/www.hsu-hh.de\/bwp-w\/wp-json\/wp\/v2\/pages\/116\/revisions\/1249"}],"wp:attachment":[{"href":"https:\/\/www.hsu-hh.de\/bwp-w\/wp-json\/wp\/v2\/media?parent=116"}],"wp:term":[{"taxonomy":"category","embeddable":true,"href":"https:\/\/www.hsu-hh.de\/bwp-w\/wp-json\/wp\/v2\/categories?post=116"},{"taxonomy":"post_tag","embeddable":true,"href":"https:\/\/www.hsu-hh.de\/bwp-w\/wp-json\/wp\/v2\/tags?post=116"}],"curies":[{"name":"wp","href":"https:\/\/api.w.org\/{rel}","templated":true}]}}