{"id":1659,"date":"2022-02-13T17:06:41","date_gmt":"2022-02-13T16:06:41","guid":{"rendered":"https:\/\/www.hsu-hh.de\/bbp\/?page_id=1659"},"modified":"2026-03-16T13:33:55","modified_gmt":"2026-03-16T12:33:55","slug":"patrick-stobbe","status":"publish","type":"page","link":"https:\/\/www.hsu-hh.de\/bwp-b\/team\/patrick-stobbe\/","title":{"rendered":"Dr. Patrick Stobbe"},"content":{"rendered":"<div class=\"clearfix\">\u00a0<\/div>\n<div class=\"ansprechparter-container\">\n<div class=\"row ansprechpartner-item ansprechparter-header\">\n<div class=\"col-xs-8 col-lg-12\" style=\"margin-bottom: 30px\">\n<h3 class=\"ansprechparter-headline\">Wissenschaftlicher Mitarbeiter<\/h3>\n<\/div>\n<div class=\"col-md-4 col-lg-3 col-xs-4 ansprechpartner-item floatright img-circle center-block\" style=\"margin-bottom: 30px\">\n<div class=\"img-responsive-wrapper\">\n<p><img loading=\"lazy\" decoding=\"async\" class=\"wp-image-1648 size-full\" src=\"https:\/\/www.hsu-hh.de\/bbp\/wp-content\/uploads\/sites\/818\/2022\/02\/2022-01-12-Bild-Patrick-Stobbe.jpg\" alt=\"Patrick Stobbe\" width=\"372\" height=\"323\" data-credit=\"Patrick Stobbe\" srcset=\"https:\/\/www.hsu-hh.de\/bwp-b\/wp-content\/uploads\/sites\/818\/2022\/02\/2022-01-12-Bild-Patrick-Stobbe.jpg 372w, https:\/\/www.hsu-hh.de\/bwp-b\/wp-content\/uploads\/sites\/818\/2022\/02\/2022-01-12-Bild-Patrick-Stobbe-300x260.jpg 300w\" sizes=\"auto, (max-width: 372px) 100vw, 372px\" \/><\/p>\n<\/div>\n<\/div>\n<div class=\"col-md-12 col-lg-3 col-xs-12 ansprechpartner-item kontakt floatright\" style=\"margin-bottom: 30px\">\n<div class=\"row\">\n<div class=\"col-xs-12 col-sm-6 col-lg-12\">\n<div class=\"row\">\n<div class=\"col-xs-12 col-lg-4 row-text bold\">Raum:<\/div>\n<div class=\"col-xs-12 col-lg-8 row-text\">2313<\/div>\n<\/div>\n<\/div>\n<div class=\"col-xs-12 col-sm-6 col-lg-12\">\n<div class=\"row\">\n<div class=\"col-xs-12 col-lg-4 row-text bold\">Telefon:<\/div>\n<div class=\"col-xs-12 col-lg-8 row-text\">(040) 6541-3884<\/div>\n<\/div>\n<\/div>\n<div class=\"col-xs-12 col-sm-6 col-lg-12\">\n<div class=\"row\">\n<div class=\"col-xs-12 col-md-12 row-text bold\">E-Mail:<\/div>\n<div class=\"col-xs-12 col-md-12 row-text\"><a href=\"mailto:stobbep@hsu-hh.de\" rel='nofollow'>stobbep@hsu-hh.de<\/a><\/div>\n<\/div>\n<\/div>\n<\/div>\n<\/div>\n<div class=\"col-md-6 col-lg-3 col-xs-12 ansprechpartner-item anschrift floatright\">\n<div class=\"row-headline\">Besucheranschrift<\/div>\n<div class=\"row-text\">Helmut-Schmidt-Universit\u00e4t<br \/>Geb\u00e4ude H1<br \/>Holstenhofweg 85<br \/>22043 Hamburg<\/div>\n<\/div>\n<div class=\"col-md-6 col-lg-3 col-xs-12 ansprechpartner-item anschrift floatright\">\n<div class=\"row-headline\">Postanschrift<\/div>\n<div class=\"row-text\">Helmut-Schmidt-Universit\u00e4t<br \/>Postfach 70 08 22<br \/>22008 Hamburg<\/div>\n<\/div>\n<\/div>\n<\/div>\n<div class=\"clearfix\">\u00a0<\/div>\n<\/p>\n\n\n<details class=\"wp-block-details is-layout-flow wp-block-details-is-layout-flow\"><summary>Sprechzeit<\/summary>\n<p>Nach Vereinbarung per E-Mail<\/p>\n<\/details>\n\n\n\n<details class=\"wp-block-details is-layout-flow wp-block-details-is-layout-flow\"><summary>Lebenslauf<\/summary>\n<p>Von 2012 bis 2016 Student der Bildungs- und Erziehungswissenschaften mit Schwerpunkt Berufsbildung an der <abbr title=\"Helmut Schmidt Universit\u00e4t\">HSU<\/abbr>\/UniBw H.<\/p>\n\n\n\n<p>Ab 2016 Ausbildung zum und anschlie\u00dfende T\u00e4tigkeit als Zugf\u00fchrer und Einsatzoffizier.<\/p>\n\n\n\n<p>Ab Oktober 2021 t\u00e4tig an der <abbr title=\"Helmut Schmidt Universit\u00e4t\">HSU<\/abbr>\/UniBw H. Von Februar 2022 bis April 2025 wissenschaftlicher Mitarbeiter an der Professur f\u00fcr Beruf- und Wirtschaftsp\u00e4dagogik\/Berufsp\u00e4dagogik und im Projekt Crowdwork und Crowdworker vor, w\u00e4hrend und nach der beruflichen Ausbildung \u2013 Kompetenz-\/Subjektivierungseffekte, individuelle Beruflichkeit und lernf\u00f6rderliche Plattformgestaltung (CKoBeLeP, 2021-2024).<\/p>\n<\/details>\n\n\n\n<details class=\"wp-block-details is-layout-flow wp-block-details-is-layout-flow\"><summary>Publikationen<\/summary>\n<p>Stobbe, P.\/K\u00fclpmann, I. (2026): Lernf\u00f6rderlichkeit in Crowdwork \u2013 Lernen und Arbeiten \u201eproduktiv\u201c verbunden. In: B\u00fcchter, K.\/Schl\u00f6mer, T.\/Kleemann, F.\/ Krzywdzinski, M. (<abbr title=\"Herausgeber\">Hrsg.<\/abbr>):<br>Crowdwork als Beruf? Subjektivierung, Kompetenzerwerb und Lernen in der digitalen Plattformarbeit. Opladen.<\/p>\n\n\n\n<p>Stobbe, P. (2025): Bildung im Medium des Berufs \u2013 Beruf im Medium von Bildung. Zur &gt;&gt;Aufhebung&lt;&lt; &nbsp;und Regeneration der Berufsbildungstheorie. Bielefeld.<\/p>\n\n\n\n<p>Stobbe, P. (2025): Berufsbildungstheorie und ihre \u201ePraxistauglichkeit\u201c \u2013 eine Reflexion. In: berufsbildung. Zeitschrift f\u00fcr Theorie-Praxis-Dialog, 79, H. 2, S. 10-13.<\/p>\n\n\n\n<p>Stobbe, P. (2024): Verantwortung in der digitalisierten Arbeitswelt im Lichte berufsp\u00e4dagogischer \u00dcberlegungen exemplifiziert an der Arbeitsform \u201eCrowdwork\u201c. In: K\u00f6gler, K.\/Kremer, H.-H.\/Herkner, V. (<abbr title=\"Herausgeber\">Hrsg.<\/abbr>): Jahrbuch der berufs- und wirtschaftsp\u00e4dagogische Forschung 2024. Opladen, S. 11-35.<\/p>\n\n\n\n<p>Becker, A.\/Ecker, L.\/K\u00fclpmann, I.\/Schwien, K.\/Stobbe, P. (2023): Cooperative solidarity among crowdworkers? Social learning practices on a crowdtesting social media platform. In: Convergence. The International Journal of Research into New Media Technologies. Special Issue: Social Media and Platform Work, 1\u201322. doi: 10.1177\/13548565231183298 [Titel anhand dieser DOI in Citavi-Projekt \u00fcbernehmen]<\/p>\n\n\n\n<p>Stobbe, P. (2022): Bildung im Medium der Digitalisierung von Arbeit? \u2013 Zur Revitalisierung bildungstheoretischer Reflexionen in der Berufs- und Wirtschaftsp\u00e4dagogik. In: bwp@ Berufs- und Wirtschafts\u00adp\u00e4da\u00adgogik \u2013 online, Ausgabe 43, 1-28. Online:&nbsp;<a rel=\"noreferrer noopener\" target=\"_blank\" href=\"https:\/\/www.bwpat.de\/ausgabe43\/stobbe_bwpat43.pdf\">https:\/\/www.bwpat.de\/ausgabe43\/stobbe_bwpat43.pdf<\/a>&nbsp;(18.12.2022).<\/p>\n\n\n\n<p><\/p>\n\n\n\n<p><\/p>\n\n\n\n<p><\/p>\n\n\n\n<p><\/p>\n\n\n\n<p><\/p>\n\n\n\n<p><\/p>\n\n\n\n<p><\/p>\n\n\n\n<p><\/p>\n\n\n\n<p><\/p>\n<\/details>\n","protected":false},"excerpt":{"rendered":"<p>\u00a0 Wissenschaftlicher Mitarbeiter Raum: 2313 Telefon: (040) 6541-3884 E-Mail: stobbep@hsu-hh.de Besucheranschrift Helmut-Schmidt-Universit\u00e4tGeb\u00e4ude H1Holstenhofweg 8522043 Hamburg Postanschrift Helmut-Schmidt-Universit\u00e4tPostfach 70 08 2222008 Hamburg \u00a0<\/p>\n","protected":false},"author":2636,"featured_media":0,"parent":1076,"menu_order":0,"comment_status":"closed","ping_status":"closed","template":"","meta":{"_EventAllDay":false,"_EventTimezone":"","_EventStartDate":"","_EventEndDate":"","_EventStartDateUTC":"","_EventEndDateUTC":"","_EventShowMap":false,"_EventShowMapLink":false,"_EventURL":"","_EventCost":"","_EventCostDescription":"","_EventCurrencySymbol":"","_EventCurrencyCode":"","_EventCurrencyPosition":"","_EventDateTimeSeparator":"","_EventTimeRangeSeparator":"","_EventOrganizerID":[],"_EventVenueID":[],"_OrganizerEmail":"","_OrganizerPhone":"","_OrganizerWebsite":"","_VenueAddress":"","_VenueCity":"","_VenueCountry":"","_VenueProvince":"","_VenueState":"","_VenueZip":"","_VenuePhone":"","_VenueURL":"","_VenueStateProvince":"","_VenueLat":"","_VenueLng":"","_VenueShowMap":false,"_VenueShowMapLink":false,"footnotes":""},"categories":[8],"tags":[180,306,182],"class_list":["post-1659","page","type-page","status-publish","hentry","category-team_de","tag-mitarbeiter-de","tag-stobbe-de","tag-team-de"],"_links":{"self":[{"href":"https:\/\/www.hsu-hh.de\/bwp-b\/wp-json\/wp\/v2\/pages\/1659","targetHints":{"allow":["GET"]}}],"collection":[{"href":"https:\/\/www.hsu-hh.de\/bwp-b\/wp-json\/wp\/v2\/pages"}],"about":[{"href":"https:\/\/www.hsu-hh.de\/bwp-b\/wp-json\/wp\/v2\/types\/page"}],"author":[{"embeddable":true,"href":"https:\/\/www.hsu-hh.de\/bwp-b\/wp-json\/wp\/v2\/users\/2636"}],"replies":[{"embeddable":true,"href":"https:\/\/www.hsu-hh.de\/bwp-b\/wp-json\/wp\/v2\/comments?post=1659"}],"version-history":[{"count":15,"href":"https:\/\/www.hsu-hh.de\/bwp-b\/wp-json\/wp\/v2\/pages\/1659\/revisions"}],"predecessor-version":[{"id":2555,"href":"https:\/\/www.hsu-hh.de\/bwp-b\/wp-json\/wp\/v2\/pages\/1659\/revisions\/2555"}],"up":[{"embeddable":true,"href":"https:\/\/www.hsu-hh.de\/bwp-b\/wp-json\/wp\/v2\/pages\/1076"}],"wp:attachment":[{"href":"https:\/\/www.hsu-hh.de\/bwp-b\/wp-json\/wp\/v2\/media?parent=1659"}],"wp:term":[{"taxonomy":"category","embeddable":true,"href":"https:\/\/www.hsu-hh.de\/bwp-b\/wp-json\/wp\/v2\/categories?post=1659"},{"taxonomy":"post_tag","embeddable":true,"href":"https:\/\/www.hsu-hh.de\/bwp-b\/wp-json\/wp\/v2\/tags?post=1659"}],"curies":[{"name":"wp","href":"https:\/\/api.w.org\/{rel}","templated":true}]}}