{"id":1007,"date":"2021-07-02T13:22:43","date_gmt":"2021-07-02T11:22:43","guid":{"rendered":"https:\/\/www.hsu-hh.de\/bbp\/?page_id=1007"},"modified":"2021-09-10T14:34:31","modified_gmt":"2021-09-10T12:34:31","slug":"studium","status":"publish","type":"page","link":"https:\/\/www.hsu-hh.de\/bwp-b\/studium\/","title":{"rendered":"Studium"},"content":{"rendered":"\n<p><\/p>\n\n\n\n<p>Die Studierenden setzen sich mit theoretischen Ans\u00e4tzen, empirischen Zug\u00e4ngen und Methoden in der bildungs- und erziehungswissenschaftlichen Disziplin Berufsbildung auseinander. Ziel ist die Bef\u00e4higung zur kritischen Einordnung wissenschaftlicher Erkenntnisse, zum fundierten Urteil \u00fcber berufsbildungspolitische und -praktische Entwicklungen und zu verantwortlichem Handeln in Beruf und Gesellschaft.<\/p>\n\n\n\n<ul class=\"wp-block-list\"><li>Berufsbildungstheorie<\/li><li>Berufsbildungspolitik<\/li><li>Berufsbildungsgeschichte<\/li><\/ul>\n\n\n\n<p>Weitere Informationen erhalten Sie im&nbsp;<a rel=\"noreferrer noopener\" href=\"https:\/\/campus.hsu-hh.de\/qisserver\/rds?state=user&amp;type=0\" target=\"_blank\">Campus-Management-System<\/a>&nbsp;der&nbsp;HSU\/UniBw H (Anmeldung erforderlich) <\/p>\n\n\n\n<div style=\"height:60px\" aria-hidden=\"true\" class=\"wp-block-spacer\"><\/div>\n\n\n\n<h2 class=\"wp-block-heading\">Wir suchen Unterst\u00fctzung!<\/h2>\n\n\n\n<p>Wir suchen eine <strong>studentische Hilfskraft<\/strong> (soldatisch oder zivil), die in der Vorbereitung und Durchf\u00fchrung der Lehre unterst\u00fctzt. <\/p>\n\n\n\n<p>Bei Interesse wenden Sie sich gerne an: Kristina Heinrich-Rascher unter <a href=\"mailto:heinrick@hsu-hh.de\" rel='nofollow'>heinrick@hsu-hh.de<\/a><\/p>\n\n\n\n<div style=\"height:60px\" aria-hidden=\"true\" class=\"wp-block-spacer\"><\/div>\n\n\n\n<h2 class=\"wp-block-heading\">Wir unterst\u00fctzen Sie!<\/h2>\n\n\n\n<p>Sie befinden sich im Zweit- oder Drittversuch im Fachbereich Berufsbildung und w\u00fcnschen sich Unterst\u00fctzung? <\/p>\n\n\n\n<p>Wir vermitteln in unserem Tutor*innen-Programm gerne zwischen motivierten und erfahrenen Studierenden h\u00f6herer Jahrg\u00e4nge und Studierenden mit Unterst\u00fctzungsbedarf. <\/p>\n\n\n\n<p>Bei Interesse an einer tutoriellen Betreuung wenden Sie sich gerne an <a href=\"mailto:tutoren-bb@hsu-hh.de\" rel='nofollow'>tutoren-bb@hsu-hh.de<\/a> oder an <a href=\"mailto:heinrick@hsu-hh.de\" rel='nofollow'>heinrick@hsu-hh.de<\/a>!<\/p>\n\n\n\n<div class=\"wp-block-hsu-downloadblock\"><div class=\"thumbnail-area\"><img decoding=\"async\" src=\"\/wp-content\/themes\/hsu\/img\/dummy\/downloads_dummy.png\" alt=\"Download Symbol-Icon\" \/><\/div><div class=\"text-area\">Aushang Tutor_innen Programm<\/div><div class=\"download-area\"><a class=\"download-link\" href=\"https:\/\/www.hsu-hh.de\/bbp\/wp-content\/uploads\/sites\/818\/2021\/01\/Tutor_innen-Programm_Aushang.pdf\"><span class=\"download-name\">pdf laden<\/span><span class=\"download-icon\"><img decoding=\"async\" class=\"download-icon\" alt=\"download icon\" src=\"\/wp-content\/themes\/hsu\/img\/icons\/download_icon.png\" \/><\/span><span class=\"download-size\">90 kB<\/span><\/a><\/div><\/div>\n\n\n\n<div style=\"height:60px\" aria-hidden=\"true\" class=\"wp-block-spacer\"><\/div>\n\n\n\n<h2 class=\"wp-block-heading\">Themen f\u00fcr Abschlussarbeiten<\/h2>\n\n\n\n<p><em>Informationen zu aktuellen Themen folgen.<\/em><\/p>\n\n\n\n<div style=\"height:51px\" aria-hidden=\"true\" class=\"wp-block-spacer\"><\/div>\n\n\n\n<hr class=\"wp-block-separator\" \/>\n\n\n\n<div style=\"height:51px\" aria-hidden=\"true\" class=\"wp-block-spacer\"><\/div>\n\n\n\n<h2 class=\"wp-block-heading\">Materialien zum Download<\/h2>\n\n\n\n<div class=\"wp-block-hsu-downloadblock\"><div class=\"thumbnail-area\"><img decoding=\"async\" src=\"\/wp-content\/themes\/hsu\/img\/dummy\/downloads_dummy.png\" alt=\"Download Symbol-Icon\" \/><\/div><div class=\"text-area\">Hinweise zum wissenschaftlichen Arbeiten in der BB_2021-01-25<\/div><div class=\"download-area\"><a class=\"download-link\" href=\"https:\/\/www.hsu-hh.de\/bbp\/wp-content\/uploads\/sites\/818\/2021\/07\/Hinweise-zum-wissenschaftlichen-Arbeiten-in-der-BB_2021-01-25.pdf\"><span class=\"download-name\">pdf laden<\/span><span class=\"download-icon\"><img decoding=\"async\" class=\"download-icon\" alt=\"download icon\" src=\"\/wp-content\/themes\/hsu\/img\/icons\/download_icon.png\" \/><\/span><span class=\"download-size\">260 kB<\/span><\/a><\/div><\/div>\n\n\n\n<div class=\"wp-block-hsu-downloadblock\"><div class=\"thumbnail-area\"><img decoding=\"async\" src=\"\/wp-content\/themes\/hsu\/img\/dummy\/downloads_dummy.png\" alt=\"Download Symbol-Icon\" \/><\/div><div class=\"text-area\">Hinweise zum Gendern (DGPs Manuskriptgestaltung) <\/div><div class=\"download-area\"><a class=\"download-link\" href=\"https:\/\/www.hsu-hh.de\/bbp\/wp-content\/uploads\/sites\/818\/2021\/07\/DGPs_Manuskriptgestaltung_Gendern.pdf\"><span class=\"download-name\">pdf laden<\/span><span class=\"download-icon\"><img decoding=\"async\" class=\"download-icon\" alt=\"download icon\" src=\"\/wp-content\/themes\/hsu\/img\/icons\/download_icon.png\" \/><\/span><span class=\"download-size\">3 MB<\/span><\/a><\/div><\/div>\n","protected":false},"excerpt":{"rendered":"<p>Die Studierenden setzen sich mit theoretischen Ans\u00e4tzen, empirischen Zug\u00e4ngen und Methoden in der bildungs- und erziehungswissenschaftlichen Disziplin Berufsbildung auseinander. Ziel ist die Bef\u00e4higung zur kritischen Einordnung wissenschaftlicher Erkenntnisse, zum fundierten [&hellip;]<\/p>\n","protected":false},"author":2636,"featured_media":0,"parent":0,"menu_order":0,"comment_status":"closed","ping_status":"closed","template":"","meta":{"_EventAllDay":false,"_EventTimezone":"","_EventStartDate":"","_EventEndDate":"","_EventStartDateUTC":"","_EventEndDateUTC":"","_EventShowMap":false,"_EventShowMapLink":false,"_EventURL":"","_EventCost":"","_EventCostDescription":"","_EventCurrencySymbol":"","_EventCurrencyCode":"","_EventCurrencyPosition":"","_EventDateTimeSeparator":"","_EventTimeRangeSeparator":"","_EventOrganizerID":[],"_EventVenueID":[],"_OrganizerEmail":"","_OrganizerPhone":"","_OrganizerWebsite":"","_VenueAddress":"","_VenueCity":"","_VenueCountry":"","_VenueProvince":"","_VenueState":"","_VenueZip":"","_VenuePhone":"","_VenueURL":"","_VenueStateProvince":"","_VenueLat":"","_VenueLng":"","_VenueShowMap":false,"_VenueShowMapLink":false,"footnotes":""},"categories":[6],"tags":[73,84,70,71,72],"class_list":["post-1007","page","type-page","status-publish","hentry","category-studium","tag-abschlussarbeiten","tag-gendern","tag-lehre","tag-studium","tag-wir-suchen"],"_links":{"self":[{"href":"https:\/\/www.hsu-hh.de\/bwp-b\/wp-json\/wp\/v2\/pages\/1007","targetHints":{"allow":["GET"]}}],"collection":[{"href":"https:\/\/www.hsu-hh.de\/bwp-b\/wp-json\/wp\/v2\/pages"}],"about":[{"href":"https:\/\/www.hsu-hh.de\/bwp-b\/wp-json\/wp\/v2\/types\/page"}],"author":[{"embeddable":true,"href":"https:\/\/www.hsu-hh.de\/bwp-b\/wp-json\/wp\/v2\/users\/2636"}],"replies":[{"embeddable":true,"href":"https:\/\/www.hsu-hh.de\/bwp-b\/wp-json\/wp\/v2\/comments?post=1007"}],"version-history":[{"count":19,"href":"https:\/\/www.hsu-hh.de\/bwp-b\/wp-json\/wp\/v2\/pages\/1007\/revisions"}],"predecessor-version":[{"id":1448,"href":"https:\/\/www.hsu-hh.de\/bwp-b\/wp-json\/wp\/v2\/pages\/1007\/revisions\/1448"}],"wp:attachment":[{"href":"https:\/\/www.hsu-hh.de\/bwp-b\/wp-json\/wp\/v2\/media?parent=1007"}],"wp:term":[{"taxonomy":"category","embeddable":true,"href":"https:\/\/www.hsu-hh.de\/bwp-b\/wp-json\/wp\/v2\/categories?post=1007"},{"taxonomy":"post_tag","embeddable":true,"href":"https:\/\/www.hsu-hh.de\/bwp-b\/wp-json\/wp\/v2\/tags?post=1007"}],"curies":[{"name":"wp","href":"https:\/\/api.w.org\/{rel}","templated":true}]}}