{"id":116,"date":"2018-01-17T14:07:04","date_gmt":"2018-01-17T13:07:04","guid":{"rendered":"https:\/\/www.hsu-hh.de\/biw\/?page_id=116"},"modified":"2026-01-21T16:19:48","modified_gmt":"2026-01-21T15:19:48","slug":"lehre","status":"publish","type":"page","link":"https:\/\/www.hsu-hh.de\/biw\/lehre\/","title":{"rendered":"Lehre"},"content":{"rendered":"\n<p>Das Studium des Bauingenieurwesens gliedert sich in zwei Teile: ein berufsqualifizierendes Bachelor-Studium sowie ein darauf aufbauendes Master-Studium. Als Vertiefungsrichtungen werden derzeit Konstruktiver Ingenieurbau, Wasserbau und Verkehrsbau angeboten.<\/p>\n\n\n\n<p>Das Studium Bauingenieurwesen an der Helmut-Schmidt-Universit\u00e4t Hamburg steht milit\u00e4rischen und zivilen Studierenden offen. Zivil studieren erm\u00f6glichen Kooperationen mit Bedarfstr\u00e4gern wie z. B. der <a href=\"https:\/\/www.karriere.wsv.de\/Webs\/Karriere\/DE\/Studium_Beamtenlaufbahn\/Studium_Master\/Studium_node.html\" target=\"_blank\" rel=\"noreferrer noopener\">Wasserstra\u00dfen- und Schifffahrtsverwaltung<\/a> und der Deutschen Bahn. Details zu aktuellen Angeboten f\u00fcr zivile Studierende sind unter <a href=\"https:\/\/www.hsu-hh.de\/hsm\/ziviles-studium\/foerderung\">https:\/\/www.hsu-hh.de\/hsm\/ziviles-studium\/foerderung<\/a> zusammengestellt.<\/p>\n\n\n\n<p>Im Gegensatz zu Landesuniversit\u00e4ten liegt der Vorteil eines Studiums an der <abbr title=\"Helmut Schmidt Universit\u00e4t\">HSU<\/abbr> in der verk\u00fcrzten, intensivierten Studiendauer von 47 Monaten. Nach bereits 4 Jahren beendet man das Studium mit einem Bachelor of Science (B.Sc.) sowie Master of Science (<abbr title=\"Master of Science\">M.Sc.<\/abbr>). Dies ist m\u00f6glich, da ein herausragendes Betreuungsverh\u00e4ltnis mit Kleingruppen gew\u00e4hrleistet ist.<\/p>\n\n\n\n<p><\/p>\n\n\n\n<p>Nachfolgend finden Sie einige studienrelevante Inhalte:<\/p>\n\n\n\n<p>Bachelor und Master Curriculum (akkreditiert)<\/p>\n\n\n\n<p>Vertiefungsrichtungen<\/p>\n\n\n\n<p>Abschlussarbeiten<\/p>\n\n\n\n<p>Baustellenpraktikum<\/p>\n\n\n\n<p><a href=\"https:\/\/www.hsu-hh.de\/mb\/wp-content\/uploads\/sites\/672\/2018\/09\/BauIng.pdf\" target=\"_blank\" rel=\"noreferrer noopener\">Informations-Flyer<\/a><\/p>\n\n\n\n<p><a href=\"https:\/\/www.hsu-hh.de\/asv\/studiengaenge\/\" target=\"_blank\" rel=\"noreferrer noopener\">Fachspezifische Pr\u00fcfungsordnung (FSPO)<\/a><\/p>\n\n\n\n<p><a href=\"https:\/\/www.hsu-hh.de\/asv\/allgemeine-pruefungsordnung-alt\/\" target=\"_blank\" rel=\"noreferrer noopener\">Allgemeine Pr\u00fcfungsordnung (APO)<\/a><\/p>\n\n\n\n<p><a href=\"https:\/\/www.hsu-hh.de\/mb\/wp-content\/uploads\/sites\/672\/2026\/01\/MHB_BSc_BIW_ab_einschl_Jahrgang_2025.pdf\" target=\"_blank\" rel=\"noreferrer noopener\">Modulhandbuch Bachelor BIW<\/a> f\u00fcr die Immatrikulationsjahrg\u00e4nge ab einschl. BIW2025<\/p>\n\n\n\n<p><a href=\"https:\/\/www.hsu-hh.de\/mb\/wp-content\/uploads\/sites\/672\/2026\/01\/MHB_BSc_BIW_Jahrgang_2021_bis_einschl_Jahrgang_2024.pdf\" target=\"_blank\" rel=\"noreferrer noopener\">Modulhandbuch Bachelor BIW<\/a> f\u00fcr die Immatrikulationsjahrg\u00e4nge BIW2022 bis einschl. BIW2024<\/p>\n\n\n\n<p><a href=\"https:\/\/www.hsu-hh.de\/mb\/wp-content\/uploads\/sites\/672\/2024\/04\/MHB_MSc_BIW.pdf\" target=\"_blank\" rel=\"noreferrer noopener\">Modulhandbuch Master BIW<\/a><\/p>\n\n\n\n<p><a href=\"https:\/\/www.hsu-hh.de\/asv\/wp-content\/uploads\/sites\/776\/2018\/05\/Praktikumsordnung-Bauingenieurwesen.pdf\" target=\"_blank\" rel=\"noreferrer noopener\">Praktikumsordnung<\/a> (Baustellenpraktikum)<\/p>\n\n\n\n<p><a href=\"https:\/\/www.hsu-hh.de\/campusinfo\/wichtige-formulare\" target=\"_blank\" rel=\"noreferrer noopener\">Formblatt \u00dcbernahme Bachelor- oder Masterarbeit<\/a><\/p>\n\n\n\n<p><\/p>\n","protected":false},"excerpt":{"rendered":"<p>Das Studium des Bauingenieurwesens gliedert sich in zwei Teile: ein berufsqualifizierendes Bachelor-Studium sowie ein darauf aufbauendes Master-Studium. Als Vertiefungsrichtungen werden derzeit Konstruktiver Ingenieurbau, Wasserbau und Verkehrsbau angeboten. Das Studium Bauingenieurwesen [&hellip;]<\/p>\n","protected":false},"author":26,"featured_media":0,"parent":0,"menu_order":0,"comment_status":"closed","ping_status":"closed","template":"","meta":{"footnotes":""},"categories":[6],"tags":[],"class_list":["post-116","page","type-page","status-publish","hentry","category-lehre"],"_links":{"self":[{"href":"https:\/\/www.hsu-hh.de\/biw\/wp-json\/wp\/v2\/pages\/116","targetHints":{"allow":["GET"]}}],"collection":[{"href":"https:\/\/www.hsu-hh.de\/biw\/wp-json\/wp\/v2\/pages"}],"about":[{"href":"https:\/\/www.hsu-hh.de\/biw\/wp-json\/wp\/v2\/types\/page"}],"author":[{"embeddable":true,"href":"https:\/\/www.hsu-hh.de\/biw\/wp-json\/wp\/v2\/users\/26"}],"replies":[{"embeddable":true,"href":"https:\/\/www.hsu-hh.de\/biw\/wp-json\/wp\/v2\/comments?post=116"}],"version-history":[{"count":14,"href":"https:\/\/www.hsu-hh.de\/biw\/wp-json\/wp\/v2\/pages\/116\/revisions"}],"predecessor-version":[{"id":212,"href":"https:\/\/www.hsu-hh.de\/biw\/wp-json\/wp\/v2\/pages\/116\/revisions\/212"}],"wp:attachment":[{"href":"https:\/\/www.hsu-hh.de\/biw\/wp-json\/wp\/v2\/media?parent=116"}],"wp:term":[{"taxonomy":"category","embeddable":true,"href":"https:\/\/www.hsu-hh.de\/biw\/wp-json\/wp\/v2\/categories?post=116"},{"taxonomy":"post_tag","embeddable":true,"href":"https:\/\/www.hsu-hh.de\/biw\/wp-json\/wp\/v2\/tags?post=116"}],"curies":[{"name":"wp","href":"https:\/\/api.w.org\/{rel}","templated":true}]}}