{"id":653,"date":"2020-05-03T12:20:39","date_gmt":"2020-05-03T10:20:39","guid":{"rendered":"https:\/\/www.hsu-hh.de\/bgm\/?page_id=653"},"modified":"2023-07-12T16:19:35","modified_gmt":"2023-07-12T14:19:35","slug":"ideen-willkommen","status":"publish","type":"page","link":"https:\/\/www.hsu-hh.de\/bgm\/ideen-willkommen","title":{"rendered":"Ideen willkommen"},"content":{"rendered":"\n<div style=\"height:55px\" aria-hidden=\"true\" class=\"wp-block-spacer\"><\/div>\n\n\n\n<div class=\"wp-block-media-text alignwide has-media-on-the-right is-stacked-on-mobile\"><div class=\"wp-block-media-text__content\">\n<p class=\"has-grey-background-color has-background has-medium-font-size\"><strong>Pers\u00f6nliche Erfahrungen und Expertenwissen teilen<\/strong><\/p>\n\n\n\n<p class=\"has-medium-font-size\">Sie haben Ideen und Empfehlungen, was f\u00fcr die Gesundheit gerade unter den neuen Lebensumst\u00e4nden durch die Corona-Pandemie f\u00f6rderlich ist?&nbsp; Was tut Ihrer Gesundheit besonders gut?&nbsp; Was hat Ihnen bisher geholfen, um mit der Situation zurechtzukommen? Haben Sie <abbr title=\"zum Beispiel\">z.B.<\/abbr> Tipps f\u00fcr den Alltag, die anderen Menschen als Anregung und Inspirationen dienen k\u00f6nnen?<\/p>\n<\/div><figure class=\"wp-block-media-text__media\"><img loading=\"lazy\" decoding=\"async\" width=\"1024\" height=\"683\" src=\"https:\/\/www.hsu-hh.de\/bgm\/wp-content\/uploads\/sites\/790\/2023\/07\/Sport_Outdorr-1024x683.png\" data-credit=\"www.pixabay.com\" alt=\"Mann auf Berg\" class=\"wp-image-2807 size-full\" srcset=\"https:\/\/www.hsu-hh.de\/bgm\/wp-content\/uploads\/sites\/790\/2023\/07\/Sport_Outdorr-1024x683.png 1024w, https:\/\/www.hsu-hh.de\/bgm\/wp-content\/uploads\/sites\/790\/2023\/07\/Sport_Outdorr-300x200.png 300w, https:\/\/www.hsu-hh.de\/bgm\/wp-content\/uploads\/sites\/790\/2023\/07\/Sport_Outdorr-768x512.png 768w, https:\/\/www.hsu-hh.de\/bgm\/wp-content\/uploads\/sites\/790\/2023\/07\/Sport_Outdorr-1100x734.png 1100w, https:\/\/www.hsu-hh.de\/bgm\/wp-content\/uploads\/sites\/790\/2023\/07\/Sport_Outdorr.png 1280w\" sizes=\"auto, (max-width: 1024px) 100vw, 1024px\" \/><\/figure><\/div>\n\n\n\n<div style=\"height:50px\" aria-hidden=\"true\" class=\"wp-block-spacer\"><\/div>\n\n\n\n<div class=\"wp-block-media-text alignwide is-stacked-on-mobile\"><figure class=\"wp-block-media-text__media\"><img loading=\"lazy\" decoding=\"async\" width=\"1024\" height=\"682\" src=\"https:\/\/www.hsu-hh.de\/bgm\/wp-content\/uploads\/sites\/790\/2023\/07\/Kamera-1024x682.png\" data-credit=\"www.pixabay.com\" alt=\"Kamera\" class=\"wp-image-2808 size-full\" srcset=\"https:\/\/www.hsu-hh.de\/bgm\/wp-content\/uploads\/sites\/790\/2023\/07\/Kamera-1024x682.png 1024w, https:\/\/www.hsu-hh.de\/bgm\/wp-content\/uploads\/sites\/790\/2023\/07\/Kamera-300x200.png 300w, https:\/\/www.hsu-hh.de\/bgm\/wp-content\/uploads\/sites\/790\/2023\/07\/Kamera-768x512.png 768w, https:\/\/www.hsu-hh.de\/bgm\/wp-content\/uploads\/sites\/790\/2023\/07\/Kamera-1100x733.png 1100w, https:\/\/www.hsu-hh.de\/bgm\/wp-content\/uploads\/sites\/790\/2023\/07\/Kamera.png 1280w\" sizes=\"auto, (max-width: 1024px) 100vw, 1024px\" \/><\/figure><div class=\"wp-block-media-text__content\">\n<p class=\"has-grey-background-color has-background has-medium-font-size\"><strong>Einen eigenen Beitrag gestalten<\/strong><\/p>\n\n\n\n<p class=\"has-medium-font-size\">Wir nehmen Beitr\u00e4ge entgegen!&nbsp; Sie haben <abbr title=\"beziehungsweise\">bzw.<\/abbr> du hast eine F\u00e4higkeit oder Qualifikation, um selbst einen Beitrag f\u00fcr Online-Gesundheitsempfehlungen beizusteuern? Werden Sie Teil der Kampagne und gestalten Sie das Online-Angebot aktiv mit. Insbesondere im Bereich &#8222;Bewegung&#8220; freuen wir uns \u00fcber Videobeitr\u00e4ge, in denen ein gesundheitsorientiertes Training im Home-Office oder an der frischen Luft professionell angeleitet wird<\/p>\n<\/div><\/div>\n\n\n\n<div style=\"height:50px\" aria-hidden=\"true\" class=\"wp-block-spacer\"><\/div>\n\n\n\n<div class=\"wp-block-media-text alignwide has-media-on-the-right is-stacked-on-mobile\"><div class=\"wp-block-media-text__content\">\n<p class=\"has-grey-background-color has-background has-medium-font-size\"><strong>Themenvielfalt<\/strong><\/p>\n\n\n\n<p class=\"has-medium-font-size\">Aber nicht nur zum Bereich &#8222;Bewegung&#8220;, sondern auch zu den Themen &#8222;Stresspr\u00e4vention&#8220;, &#8222;Ern\u00e4hrung&#8220; und &#8222;Suchtpr\u00e4vention&#8220; sind wir gespannt auf Beitr\u00e4ge von Universit\u00e4ts- und Bundeswehrangeh\u00f6rigen. Ob in Text Form oder als Video &#8211; beides ist m\u00f6glich. Ein Video kann <abbr title=\"zum Beispiel\">z.B.<\/abbr> 1 Minute dauern, in dem die pers\u00f6nliche Gesundheitsempfehlung kurz beschrieben wird. Selbst erstellt oder eine Empfehlung zu einem existierenden Beitrag &#8211; wir pr\u00fcfen die Inhalte und entscheiden dann \u00fcber die Ver\u00f6ffentlichung.<\/p>\n<\/div><figure class=\"wp-block-media-text__media\"><img loading=\"lazy\" decoding=\"async\" width=\"1024\" height=\"681\" src=\"https:\/\/www.hsu-hh.de\/bgm\/wp-content\/uploads\/sites\/790\/2023\/07\/marguerite-g754476131_1280-1024x681.jpg\" data-credit=\"www.pixabay.com\" alt=\"Bunte Blume\" class=\"wp-image-2809 size-full\" srcset=\"https:\/\/www.hsu-hh.de\/bgm\/wp-content\/uploads\/sites\/790\/2023\/07\/marguerite-g754476131_1280-1024x681.jpg 1024w, https:\/\/www.hsu-hh.de\/bgm\/wp-content\/uploads\/sites\/790\/2023\/07\/marguerite-g754476131_1280-300x199.jpg 300w, https:\/\/www.hsu-hh.de\/bgm\/wp-content\/uploads\/sites\/790\/2023\/07\/marguerite-g754476131_1280-768x511.jpg 768w, https:\/\/www.hsu-hh.de\/bgm\/wp-content\/uploads\/sites\/790\/2023\/07\/marguerite-g754476131_1280-1100x731.jpg 1100w, https:\/\/www.hsu-hh.de\/bgm\/wp-content\/uploads\/sites\/790\/2023\/07\/marguerite-g754476131_1280.jpg 1280w\" sizes=\"auto, (max-width: 1024px) 100vw, 1024px\" \/><\/figure><\/div>\n\n\n\n<div style=\"height:35px\" aria-hidden=\"true\" class=\"wp-block-spacer\"><\/div>\n\n\n\n<hr class=\"wp-block-separator has-alpha-channel-opacity\" \/>\n\n\n\n<div style=\"height:35px\" aria-hidden=\"true\" class=\"wp-block-spacer\"><\/div>\n\n\n\n<p class=\"has-medium-font-size\">Zur Absprache der Inhalte und L\u00e4nge des geplanten Beitrags bitte vorab Kontakt zum Team BGM aufnehmen. Nutzen Sie hierzu die E-Mailadresse <a href=\"mailto:bgm@hsu-hh.de\" rel='nofollow'>bgm@hsu-hh.de<\/a>.<\/p>\n\n\n\n<div style=\"height:35px\" aria-hidden=\"true\" class=\"wp-block-spacer\"><\/div>\n\n\n\n<p class=\"has-medium-font-size\">Hinweis: Wir bitten um Verst\u00e4ndnis, dass wir keine Werbung f\u00fcr Produkte, Dienstleistung oder Personen (youtube-Kanal, Buchautoren <abbr title=\"et cetera\">etc.<\/abbr>) hier platzieren k\u00f6nnen. Beitr\u00e4ge von nicht kommerziellen Quellen sind erlaubt. Wir pr\u00fcfen jeden Beitrag vor der Ver\u00f6ffentlichung.<\/p>\n\n\n\n<div style=\"height:35px\" aria-hidden=\"true\" class=\"wp-block-spacer\"><\/div>\n\n\n\n<div class=\"wp-block-media-text alignwide is-stacked-on-mobile\" style=\"grid-template-columns:33% auto\"><figure class=\"wp-block-media-text__media\"><img loading=\"lazy\" decoding=\"async\" width=\"310\" height=\"250\" src=\"https:\/\/www.hsu-hh.de\/bgm\/wp-content\/uploads\/sites\/790\/2023\/06\/BGM.png\" data-credit=\"Bundeswehr\" alt=\"BGM-Logo\" class=\"wp-image-2444 size-full\" srcset=\"https:\/\/www.hsu-hh.de\/bgm\/wp-content\/uploads\/sites\/790\/2023\/06\/BGM.png 310w, https:\/\/www.hsu-hh.de\/bgm\/wp-content\/uploads\/sites\/790\/2023\/06\/BGM-300x242.png 300w\" sizes=\"auto, (max-width: 310px) 100vw, 310px\" \/><\/figure><div class=\"wp-block-media-text__content\">\n<p class=\"has-medium-font-size\"><strong>Wir freuen uns auf Ihren Beitrag!<\/strong><\/p>\n<\/div><\/div>\n","protected":false},"excerpt":{"rendered":"<p>Pers\u00f6nliche Erfahrungen und Expertenwissen teilen Sie haben Ideen und Empfehlungen, was f\u00fcr die Gesundheit gerade unter den neuen Lebensumst\u00e4nden durch die Corona-Pandemie f\u00f6rderlich ist?&nbsp; Was tut Ihrer Gesundheit besonders gut?&nbsp; [&hellip;]<\/p>\n","protected":false},"author":193,"featured_media":0,"parent":0,"menu_order":0,"comment_status":"closed","ping_status":"closed","template":"","meta":{"footnotes":""},"categories":[4],"tags":[],"class_list":["post-653","page","type-page","status-publish","hentry","category-forschung"],"_links":{"self":[{"href":"https:\/\/www.hsu-hh.de\/bgm\/wp-json\/wp\/v2\/pages\/653","targetHints":{"allow":["GET"]}}],"collection":[{"href":"https:\/\/www.hsu-hh.de\/bgm\/wp-json\/wp\/v2\/pages"}],"about":[{"href":"https:\/\/www.hsu-hh.de\/bgm\/wp-json\/wp\/v2\/types\/page"}],"author":[{"embeddable":true,"href":"https:\/\/www.hsu-hh.de\/bgm\/wp-json\/wp\/v2\/users\/193"}],"replies":[{"embeddable":true,"href":"https:\/\/www.hsu-hh.de\/bgm\/wp-json\/wp\/v2\/comments?post=653"}],"version-history":[{"count":23,"href":"https:\/\/www.hsu-hh.de\/bgm\/wp-json\/wp\/v2\/pages\/653\/revisions"}],"predecessor-version":[{"id":2810,"href":"https:\/\/www.hsu-hh.de\/bgm\/wp-json\/wp\/v2\/pages\/653\/revisions\/2810"}],"wp:attachment":[{"href":"https:\/\/www.hsu-hh.de\/bgm\/wp-json\/wp\/v2\/media?parent=653"}],"wp:term":[{"taxonomy":"category","embeddable":true,"href":"https:\/\/www.hsu-hh.de\/bgm\/wp-json\/wp\/v2\/categories?post=653"},{"taxonomy":"post_tag","embeddable":true,"href":"https:\/\/www.hsu-hh.de\/bgm\/wp-json\/wp\/v2\/tags?post=653"}],"curies":[{"name":"wp","href":"https:\/\/api.w.org\/{rel}","templated":true}]}}