{"id":2425,"date":"2023-06-08T16:31:45","date_gmt":"2023-06-08T14:31:45","guid":{"rendered":"https:\/\/www.hsu-hh.de\/bgm\/?page_id=2425"},"modified":"2023-06-12T13:42:46","modified_gmt":"2023-06-12T11:42:46","slug":"getraenke","status":"publish","type":"page","link":"https:\/\/www.hsu-hh.de\/bgm\/getraenke","title":{"rendered":"Getr\u00e4nke"},"content":{"rendered":"\n<p class=\"has-text-align-center has-grey-background-color has-background\" style=\"font-size:25px\"><strong>Hier finden Sie alle Ideen f\u00fcr leckere Getr\u00e4nke. Ob Limonade, Eiskaffee oder ein leckerer Fr\u00fcchtepunsch.<\/strong><\/p>\n\n\n\n<div style=\"height:50px\" aria-hidden=\"true\" class=\"wp-block-spacer\"><\/div>\n\n\n<div class=\"wp-block-image\">\n<figure class=\"aligncenter size-large is-resized\"><img loading=\"lazy\" decoding=\"async\" src=\"https:\/\/www.hsu-hh.de\/bgm\/wp-content\/uploads\/sites\/790\/2023\/06\/kaizen-nguy-n-jcLcWL8D7AQ-unsplash-1024x636.jpg\" data-credit=\"www.unsplash.com\" alt=\"Getr\u00e4nke\" class=\"wp-image-2486\" width=\"512\" height=\"318\" srcset=\"https:\/\/www.hsu-hh.de\/bgm\/wp-content\/uploads\/sites\/790\/2023\/06\/kaizen-nguy-n-jcLcWL8D7AQ-unsplash-1024x636.jpg 1024w, https:\/\/www.hsu-hh.de\/bgm\/wp-content\/uploads\/sites\/790\/2023\/06\/kaizen-nguy-n-jcLcWL8D7AQ-unsplash-300x186.jpg 300w, https:\/\/www.hsu-hh.de\/bgm\/wp-content\/uploads\/sites\/790\/2023\/06\/kaizen-nguy-n-jcLcWL8D7AQ-unsplash-768x477.jpg 768w, https:\/\/www.hsu-hh.de\/bgm\/wp-content\/uploads\/sites\/790\/2023\/06\/kaizen-nguy-n-jcLcWL8D7AQ-unsplash-1536x954.jpg 1536w, https:\/\/www.hsu-hh.de\/bgm\/wp-content\/uploads\/sites\/790\/2023\/06\/kaizen-nguy-n-jcLcWL8D7AQ-unsplash-2048x1272.jpg 2048w, https:\/\/www.hsu-hh.de\/bgm\/wp-content\/uploads\/sites\/790\/2023\/06\/kaizen-nguy-n-jcLcWL8D7AQ-unsplash-1100x683.jpg 1100w\" sizes=\"auto, (max-width: 512px) 100vw, 512px\" \/><\/figure>\n<\/div>\n\n\n<div style=\"height:50px\" aria-hidden=\"true\" class=\"wp-block-spacer\"><\/div>\n\n\n\n<hr class=\"wp-block-separator has-alpha-channel-opacity\" \/>\n\n\n\n<div style=\"height:50px\" aria-hidden=\"true\" class=\"wp-block-spacer\"><\/div>\n\n\n\n<p><\/p>\n","protected":false},"excerpt":{"rendered":"<p>Hier finden Sie alle Ideen f\u00fcr leckere Getr\u00e4nke. Ob Limonade, Eiskaffee oder ein leckerer Fr\u00fcchtepunsch.<\/p>\n","protected":false},"author":153,"featured_media":0,"parent":0,"menu_order":0,"comment_status":"closed","ping_status":"closed","template":"","meta":{"footnotes":""},"categories":[4],"tags":[],"class_list":["post-2425","page","type-page","status-publish","hentry","category-forschung"],"_links":{"self":[{"href":"https:\/\/www.hsu-hh.de\/bgm\/wp-json\/wp\/v2\/pages\/2425","targetHints":{"allow":["GET"]}}],"collection":[{"href":"https:\/\/www.hsu-hh.de\/bgm\/wp-json\/wp\/v2\/pages"}],"about":[{"href":"https:\/\/www.hsu-hh.de\/bgm\/wp-json\/wp\/v2\/types\/page"}],"author":[{"embeddable":true,"href":"https:\/\/www.hsu-hh.de\/bgm\/wp-json\/wp\/v2\/users\/153"}],"replies":[{"embeddable":true,"href":"https:\/\/www.hsu-hh.de\/bgm\/wp-json\/wp\/v2\/comments?post=2425"}],"version-history":[{"count":6,"href":"https:\/\/www.hsu-hh.de\/bgm\/wp-json\/wp\/v2\/pages\/2425\/revisions"}],"predecessor-version":[{"id":2488,"href":"https:\/\/www.hsu-hh.de\/bgm\/wp-json\/wp\/v2\/pages\/2425\/revisions\/2488"}],"wp:attachment":[{"href":"https:\/\/www.hsu-hh.de\/bgm\/wp-json\/wp\/v2\/media?parent=2425"}],"wp:term":[{"taxonomy":"category","embeddable":true,"href":"https:\/\/www.hsu-hh.de\/bgm\/wp-json\/wp\/v2\/categories?post=2425"},{"taxonomy":"post_tag","embeddable":true,"href":"https:\/\/www.hsu-hh.de\/bgm\/wp-json\/wp\/v2\/tags?post=2425"}],"curies":[{"name":"wp","href":"https:\/\/api.w.org\/{rel}","templated":true}]}}