{"id":1611,"date":"2021-01-28T15:43:10","date_gmt":"2021-01-28T14:43:10","guid":{"rendered":"https:\/\/www.hsu-hh.de\/bgm\/?page_id=1611"},"modified":"2021-02-24T07:56:06","modified_gmt":"2021-02-24T06:56:06","slug":"richtig-lueften-bei-pandemie","status":"publish","type":"page","link":"https:\/\/www.hsu-hh.de\/bgm\/richtig-lueften-bei-pandemie","title":{"rendered":"Richtig L\u00fcften bei Pandemie!"},"content":{"rendered":"\n<figure class=\"wp-block-video\"><video height=\"1080\" style=\"aspect-ratio: 1920 \/ 1080;\" width=\"1920\" controls poster=\"https:\/\/www.hsu-hh.de\/bgm\/wp-content\/uploads\/sites\/790\/2021\/01\/Messcheibe-Luefuntgsintervalle.png\" src=\"https:\/\/www.hsu-hh.de\/bgm\/wp-content\/uploads\/sites\/790\/2021\/01\/BGM-Lueftungsscheibe.mp4\"><\/video><figcaption>Video &#8222;Messscheibe L\u00fcftungsintervalle&#8220; vom Presseinformationszentrum der Luftwaffe, Bundeswehr <\/figcaption><\/figure>\n\n\n\n<p>Wir danken BGM-Koordinierenden Herr Robin Schneider von der BGM Koordinierungsstelle Berlin und dem Presseinformationszentrum der Luftwaffe der Bundeswehr f\u00fcr die Bereitstellung des Videos.<\/p>\n\n\n\n<p>Anhand der Messscheibe wird eine Handlungshilfe f\u00fcr die Bel\u00fcftung in R\u00e4umen in den Liegenschaften der Bundeswehr angeboten. Die Messcheibe ist insbesondere f\u00fcr Dienststellen gedacht, die unter Pandemiebedingungen darauf angewiesen sind, mit mehreren Menschen in einem Raum zu arbeiten (z.B. Lagezentren, Ausbildungszentren, Schulen, Grundausbildungseinrichtungen). <\/p>\n\n\n\n<div class=\"wp-block-image\"><figure class=\"aligncenter size-large is-resized\"><img loading=\"lazy\" decoding=\"async\" src=\"https:\/\/www.hsu-hh.de\/bgm\/wp-content\/uploads\/sites\/790\/2020\/06\/BGM_Logo_2-1024x719.png\" data-credit=\"Bundeswehr\" alt=\"BGM_Logo\" class=\"wp-image-853\" width=\"512\" height=\"360\" srcset=\"https:\/\/www.hsu-hh.de\/bgm\/wp-content\/uploads\/sites\/790\/2020\/06\/BGM_Logo_2-1024x719.png 1024w, https:\/\/www.hsu-hh.de\/bgm\/wp-content\/uploads\/sites\/790\/2020\/06\/BGM_Logo_2-300x211.png 300w, https:\/\/www.hsu-hh.de\/bgm\/wp-content\/uploads\/sites\/790\/2020\/06\/BGM_Logo_2-768x539.png 768w, https:\/\/www.hsu-hh.de\/bgm\/wp-content\/uploads\/sites\/790\/2020\/06\/BGM_Logo_2-1100x772.png 1100w, https:\/\/www.hsu-hh.de\/bgm\/wp-content\/uploads\/sites\/790\/2020\/06\/BGM_Logo_2.png 1108w\" sizes=\"auto, (max-width: 512px) 100vw, 512px\" \/><\/figure><\/div>\n\n\n\n<p><\/p>\n\n\n\n<p><strong>Die Messscheibe L\u00fcftungsintervalle erhalten Sie bei unserem BGM-Team Ines Mahler und Stefanie Reeder<\/strong>.<\/p>\n\n\n\n<p><\/p>\n\n\n\n<p>Den L\u00fcftungsplan zum Aushang z.B. in Besprechungsr\u00e4umen k\u00f6nnen Sie <a href=\"https:\/\/www.hsu-hh.de\/bgm\/wp-content\/uploads\/sites\/790\/2021\/01\/Aushang-Lueftungsplan.pdf\">hier<\/a> downloaden:<\/p>\n\n\n\n<div class=\"wp-block-image\"><figure class=\"aligncenter size-large\"><img loading=\"lazy\" decoding=\"async\" width=\"617\" height=\"872\" src=\"https:\/\/www.hsu-hh.de\/bgm\/wp-content\/uploads\/sites\/790\/2021\/01\/grafik.png\" data-credit=\"\" alt=\"\" class=\"wp-image-1615\" srcset=\"https:\/\/www.hsu-hh.de\/bgm\/wp-content\/uploads\/sites\/790\/2021\/01\/grafik.png 617w, https:\/\/www.hsu-hh.de\/bgm\/wp-content\/uploads\/sites\/790\/2021\/01\/grafik-212x300.png 212w\" sizes=\"auto, (max-width: 617px) 100vw, 617px\" \/><figcaption>Aushang L\u00fcftungsplan &#8211; Kommando Sanit\u00e4tsdienst der Bundeswehr<\/figcaption><\/figure><\/div>\n\n\n\n<p><\/p>\n","protected":false},"excerpt":{"rendered":"<p>Wir danken BGM-Koordinierenden Herr Robin Schneider von der BGM Koordinierungsstelle Berlin und dem Presseinformationszentrum der Luftwaffe der Bundeswehr f\u00fcr die Bereitstellung des Videos. Anhand der Messscheibe wird eine Handlungshilfe f\u00fcr [&hellip;]<\/p>\n","protected":false},"author":193,"featured_media":0,"parent":0,"menu_order":0,"comment_status":"closed","ping_status":"closed","template":"","meta":{"footnotes":""},"categories":[4],"tags":[],"class_list":["post-1611","page","type-page","status-publish","hentry","category-forschung"],"_links":{"self":[{"href":"https:\/\/www.hsu-hh.de\/bgm\/wp-json\/wp\/v2\/pages\/1611","targetHints":{"allow":["GET"]}}],"collection":[{"href":"https:\/\/www.hsu-hh.de\/bgm\/wp-json\/wp\/v2\/pages"}],"about":[{"href":"https:\/\/www.hsu-hh.de\/bgm\/wp-json\/wp\/v2\/types\/page"}],"author":[{"embeddable":true,"href":"https:\/\/www.hsu-hh.de\/bgm\/wp-json\/wp\/v2\/users\/193"}],"replies":[{"embeddable":true,"href":"https:\/\/www.hsu-hh.de\/bgm\/wp-json\/wp\/v2\/comments?post=1611"}],"version-history":[{"count":19,"href":"https:\/\/www.hsu-hh.de\/bgm\/wp-json\/wp\/v2\/pages\/1611\/revisions"}],"predecessor-version":[{"id":1719,"href":"https:\/\/www.hsu-hh.de\/bgm\/wp-json\/wp\/v2\/pages\/1611\/revisions\/1719"}],"wp:attachment":[{"href":"https:\/\/www.hsu-hh.de\/bgm\/wp-json\/wp\/v2\/media?parent=1611"}],"wp:term":[{"taxonomy":"category","embeddable":true,"href":"https:\/\/www.hsu-hh.de\/bgm\/wp-json\/wp\/v2\/categories?post=1611"},{"taxonomy":"post_tag","embeddable":true,"href":"https:\/\/www.hsu-hh.de\/bgm\/wp-json\/wp\/v2\/tags?post=1611"}],"curies":[{"name":"wp","href":"https:\/\/api.w.org\/{rel}","templated":true}]}}