{"id":952,"date":"2022-11-09T17:16:01","date_gmt":"2022-11-09T16:16:01","guid":{"rendered":"https:\/\/www.hsu-hh.de\/bep\/?page_id=952"},"modified":"2024-02-01T13:18:52","modified_gmt":"2024-02-01T12:18:52","slug":"studienjahr-2023-2024","status":"publish","type":"page","link":"https:\/\/www.hsu-hh.de\/bep\/studienjahr-2023-2024\/","title":{"rendered":"Studienjahr 2023 \/ 2024"},"content":{"rendered":"\n<p>Lehrveranstaltungen: <abbr title=\"Herbsttrimester\">HT<\/abbr> 2023, <abbr title=\"Wintertrimester\">WT<\/abbr> 2024, <abbr title=\"Fr\u00fchjahrstrimester\">FT<\/abbr> 2024.<\/p>\n\n\n\n<!--more-->\n\n\n\n<hr class=\"wp-block-separator has-css-opacity\" \/>\n\n\n\n<p><abbr title=\"Herbsttrimester\">HT<\/abbr> 2023<\/p>\n\n\n\n<p>Lehrveranstaltungen <abbr title=\"Professor\">Prof.<\/abbr> <abbr title=\"Doktor\">Dr.<\/abbr> Sanders, <abbr title=\"Doktor\">Dr.<\/abbr> Behrens, Jung, Richter | Herbsttrimester 2023<\/p>\n\n\n\n<p><strong><abbr title=\"Herbsttrimester\">HT<\/abbr> 2023: Die P\u00e4dagogik der Zukunft und die Zukunft der P\u00e4dagogik<\/strong><\/p>\n\n\n\n<p><em><abbr title=\"Doktor\">Dr.<\/abbr> Roger Behrens<\/em><\/p>\n\n\n\n<p>Im Seminar soll aus mehreren Perspektiven diskutiert und gekl\u00e4rt werden: Welche Zukunft hat die P\u00e4dagogik (die Erziehungswissenschaft, die Bildungstheorie, die Bildungsphilosophie)? Mit welchem Begriff (oder mit welchen Begriffen) der Zukunft \u00bbarbeitet\u00ab die P\u00e4dagogik? Und um welche Zukunft geht es \u00fcberhaupt \u2013 wenn wom\u00f6glich die Zukunft infrage steht?<\/p>\n\n\n\n<hr class=\"wp-block-separator has-css-opacity\" \/>\n\n\n\n<p><abbr title=\"Wintertrimester\">WT<\/abbr> 2024<\/p>\n\n\n\n<p>Lehrveranstaltungen <abbr title=\"Professor\">Prof.<\/abbr> <abbr title=\"Doktor\">Dr.<\/abbr> Sanders, <abbr title=\"Doktor\">Dr.<\/abbr> Behrens, Jung, Richter | Wintertrimester 2024<\/p>\n\n\n\n<p><strong><abbr title=\"Wintertrimester\">WT<\/abbr> 2024: Kritik und Krise der Erziehungswissen<\/strong><strong>schaft. Eine Einf\u00fchrung<\/strong><\/p>\n\n\n\n<p><em><abbr title=\"Doktor\">Dr.<\/abbr> Roger Behrens<\/em><\/p>\n\n\n\n<p>Was sind eigentlich die Aufgaben und Absichten der Erziehungswissenschaft (und P\u00e4dagogik sowie Bildungstheorie) in einer demokratisch verfassten Gesellschaft? Welchen Beitrag leistet sie praktisch und theoretisch? Mit welchen Erwartungen und mit welchen Schwierigkeiten hat die Erziehungswissenschaft zu tun? Und wie hat sich das \u00fcber die Jahre \u2013 im letzten Jahrhundert, vor allem nach dem Zweiten Weltkrieg \u2013 bis heute ver\u00e4ndert? \u2013 Schlie\u00dflich: was kann (oder soll) die Erziehungswissenschaft nicht leisten? Wo sind ihre Grenzen \u2013 und wie wichtig ist es eigentlich, diese Grenzen erziehungswissenschaftlich zu bedenken?<br>Solche Fragen gehen immer auf Grundfragen zur\u00fcck, die zugleich solchen Fragen vorangestellt sind und vorab der Kl\u00e4rung bed\u00fcrfen: Was ist eigentlich Erziehungswissenschaft? Was ist Erziehung (und was ist Bildung)? Und was ist \u00fcberhaupt Wissenschaft? Wie und warum ist Wissenschaft von der Erziehung m\u00f6glich? Wie ist es mit Genesis und Geltung der Erziehungswissenschaft?<br>Die Thesen dazu:<br>Erziehungswissenschaft ist wie jede Wissenschaft ein soziales Verh\u00e4ltnis; sie ist \u2013 selbst ein geschichtlicher Zusammenhang \u2013 vom geschichtlichen Gesamtzusammenhang nicht zu trennen. Die Krise der Gesellschaft findet auch in der Erziehungswissenschaft ihren Ausdruck \u2013 und zugleich hat die Erziehungswissenschaft (auch) mit eigenen Krisen zu tun.<br>Eine Einf\u00fchrung in die Erziehungswissenschaft auf der H\u00f6he der Zeit muss eben diese Zeit, also die gegenw\u00e4rtigen sozialen Verh\u00e4ltnisse kritisch mit aufnehmen und grunds\u00e4tzlich ber\u00fccksichtigen. Aber wie \u2013 und mit welcher Konsequenz (auch f\u00fcr das eigene erziehungswissenschaftliche Denken und Handeln)?<\/p>\n\n\n\n<p><a href=\"https:\/\/www.hsu-hh.de\/bep\/krise\">Link zur Seminarseite.<\/a><\/p>\n\n\n\n<hr class=\"wp-block-separator has-css-opacity\" \/>\n\n\n\n<p><abbr title=\"Fr\u00fchjahrstrimester\">FT<\/abbr> 2024<\/p>\n\n\n\n<p>Lehrveranstaltungen <abbr title=\"Professor\">Prof.<\/abbr> <abbr title=\"Doktor\">Dr.<\/abbr> Sanders, <abbr title=\"Doktor\">Dr.<\/abbr> Behrens, Jung, Richter | Fr\u00fchjahrstrimester 2024<\/p>\n\n\n\n<p>\u2026<\/p>\n","protected":false},"excerpt":{"rendered":"<p>Lehrveranstaltungen: HT 2023, WT 2024, FT 2024.<\/p>\n","protected":false},"author":96,"featured_media":0,"parent":0,"menu_order":0,"comment_status":"closed","ping_status":"closed","template":"","meta":{"footnotes":""},"categories":[6,43],"tags":[],"class_list":["post-952","page","type-page","status-publish","hentry","category-lehre","category-seminare"],"_links":{"self":[{"href":"https:\/\/www.hsu-hh.de\/bep\/wp-json\/wp\/v2\/pages\/952","targetHints":{"allow":["GET"]}}],"collection":[{"href":"https:\/\/www.hsu-hh.de\/bep\/wp-json\/wp\/v2\/pages"}],"about":[{"href":"https:\/\/www.hsu-hh.de\/bep\/wp-json\/wp\/v2\/types\/page"}],"author":[{"embeddable":true,"href":"https:\/\/www.hsu-hh.de\/bep\/wp-json\/wp\/v2\/users\/96"}],"replies":[{"embeddable":true,"href":"https:\/\/www.hsu-hh.de\/bep\/wp-json\/wp\/v2\/comments?post=952"}],"version-history":[{"count":4,"href":"https:\/\/www.hsu-hh.de\/bep\/wp-json\/wp\/v2\/pages\/952\/revisions"}],"predecessor-version":[{"id":1227,"href":"https:\/\/www.hsu-hh.de\/bep\/wp-json\/wp\/v2\/pages\/952\/revisions\/1227"}],"wp:attachment":[{"href":"https:\/\/www.hsu-hh.de\/bep\/wp-json\/wp\/v2\/media?parent=952"}],"wp:term":[{"taxonomy":"category","embeddable":true,"href":"https:\/\/www.hsu-hh.de\/bep\/wp-json\/wp\/v2\/categories?post=952"},{"taxonomy":"post_tag","embeddable":true,"href":"https:\/\/www.hsu-hh.de\/bep\/wp-json\/wp\/v2\/tags?post=952"}],"curies":[{"name":"wp","href":"https:\/\/api.w.org\/{rel}","templated":true}]}}