{"id":873,"date":"2022-07-13T12:05:35","date_gmt":"2022-07-13T10:05:35","guid":{"rendered":"https:\/\/www.hsu-hh.de\/bep\/?page_id=873"},"modified":"2025-02-03T22:34:26","modified_gmt":"2025-02-03T21:34:26","slug":"ar_seminare","status":"publish","type":"page","link":"https:\/\/www.hsu-hh.de\/bep\/mitarbeiter\/richter\/ar_seminare\/","title":{"rendered":"Andreas Richter &#8211; Seminare"},"content":{"rendered":"\n<ul class=\"wp-block-list\">\n<li>Wintertrimester 2023:      Spiel und Spiele als Thema der Erziehungswissenschaft<\/li>\n\n\n\n<li>Fr\u00fchjahrstrimester 2023:  Bruno Latour und Akteur-Netzwerk-Theorie als p\u00e4dagogischer Zugang<\/li>\n\n\n\n<li>Wintertrimester 2024: Spiel und Spiele als Thema der Erziehungswissenschaft<\/li>\n\n\n\n<li>Fr\u00fchjahrstrimester 2024: P\u00e4dagogik und \u00dcbersetzung<\/li>\n<\/ul>\n\n\n\n<p><a href=\"https:\/\/www.hsu-hh.de\/bep\/mitarbeiter\/richter\/\">Zur\u00fcck<\/a><\/p>\n","protected":false},"excerpt":{"rendered":"<p>Zur\u00fcck<\/p>\n","protected":false},"author":96,"featured_media":0,"parent":871,"menu_order":0,"comment_status":"closed","ping_status":"closed","template":"","meta":{"footnotes":""},"categories":[6,8],"tags":[],"class_list":["post-873","page","type-page","status-publish","hentry","category-lehre","category-team"],"_links":{"self":[{"href":"https:\/\/www.hsu-hh.de\/bep\/wp-json\/wp\/v2\/pages\/873","targetHints":{"allow":["GET"]}}],"collection":[{"href":"https:\/\/www.hsu-hh.de\/bep\/wp-json\/wp\/v2\/pages"}],"about":[{"href":"https:\/\/www.hsu-hh.de\/bep\/wp-json\/wp\/v2\/types\/page"}],"author":[{"embeddable":true,"href":"https:\/\/www.hsu-hh.de\/bep\/wp-json\/wp\/v2\/users\/96"}],"replies":[{"embeddable":true,"href":"https:\/\/www.hsu-hh.de\/bep\/wp-json\/wp\/v2\/comments?post=873"}],"version-history":[{"count":4,"href":"https:\/\/www.hsu-hh.de\/bep\/wp-json\/wp\/v2\/pages\/873\/revisions"}],"predecessor-version":[{"id":1341,"href":"https:\/\/www.hsu-hh.de\/bep\/wp-json\/wp\/v2\/pages\/873\/revisions\/1341"}],"up":[{"embeddable":true,"href":"https:\/\/www.hsu-hh.de\/bep\/wp-json\/wp\/v2\/pages\/871"}],"wp:attachment":[{"href":"https:\/\/www.hsu-hh.de\/bep\/wp-json\/wp\/v2\/media?parent=873"}],"wp:term":[{"taxonomy":"category","embeddable":true,"href":"https:\/\/www.hsu-hh.de\/bep\/wp-json\/wp\/v2\/categories?post=873"},{"taxonomy":"post_tag","embeddable":true,"href":"https:\/\/www.hsu-hh.de\/bep\/wp-json\/wp\/v2\/tags?post=873"}],"curies":[{"name":"wp","href":"https:\/\/api.w.org\/{rel}","templated":true}]}}