{"id":751,"date":"2021-11-18T09:30:25","date_gmt":"2021-11-18T08:30:25","guid":{"rendered":"https:\/\/www.hsu-hh.de\/bep\/?page_id=751"},"modified":"2026-04-18T21:49:31","modified_gmt":"2026-04-18T19:49:31","slug":"promotionen","status":"publish","type":"page","link":"https:\/\/www.hsu-hh.de\/bep\/promotionen\/","title":{"rendered":"Promotionen"},"content":{"rendered":"<p><!--more--><em>Promotionen (Erstbetreuungen: <abbr title=\"Professor\">Prof.<\/abbr> <abbr title=\"Doktor\">Dr.<\/abbr> Olaf Sanders)<br \/>\n<\/em><\/p>\n<h3><\/h3>\n<h3>Abgeschlossene Erstbetreuungen<\/h3>\n<ul>\n<li>Frank Beiler, 2019: \u203aKartografie im Zwischenraum \u2013 Spurensuche fu\u0308r eine \u00e4sthetische Empirie mit Fernand Deligny\u2039<\/li>\n<li>Jonas H\u00e4nel, 2021: \u203aMannigfaltigkeit: Bildung, Kino, Pflege \u2013 Elemente einer bewegungsbildbasierten Theoriebildung\u2039 (<abbr title=\"Technische Universit\u00e4t\">TU<\/abbr> Dresden)<\/li>\n<li>Daniel Geiger, 2021: \u203aSubjektivit\u00e4t und Differenz. P\u00e4dagogische Gespr\u00e4chsfu\u0308hrung und die Philosophie von Deleuze\/Guattari\u2039<\/li>\n<li>Benedikt Bussmann, 2024: \u203aEthische Bildung bei der Bundeswehr \u2013 ein metaethisches Fundament f\u00fcr eine naturalistisch begr\u00fcndete Milit\u00e4rethik\u2039<\/li>\n<li>Daniel Austerfield, 2025: \u203aDeleuze und Bildung \u2013 f\u00fcr eine nomadische Didaktik der Philosophie\u2039<\/li>\n<\/ul>\n<h3><\/h3>\n<h3>Laufende Erstbetreuungen<\/h3>\n<ul>\n<li>Thomas Jung: \u203a\u00bbWahrheit und Dichtung in T\u00f6nen\u00ab. Eine Theorie musikalischer Bildung \u2013 Gustav Mahler und die Ich-Musik\u2039<\/li>\n<li>Jan Nicolai Kolorz: \u203aZum Verh\u00e4ltnis von Naturphilosophie und P\u00e4dagogik in amerikanischen Bewegungsbildern\u2039<\/li>\n<li>Andreas K\u00f6pke: \u203a\u00bbDas \u203aProblematische\u2039 ist ein Weltzustand\u00ab. Studien zur Differenzphilosophie Deleuzes als einer \u00bbp\u00e9dagogie des sens\u00ab, seines transzendentalen Empirismus und ihrem Einsatz in der Erziehungswissenschaft\u2039<\/li>\n<li>Andreas Richter: \u203aDigitale Spiele und \u00dcbersetzung \u2013 \u00dcbersetzungen als vielf\u00e4ltige Formen von Transformationen\u2039<\/li>\n<li>Thomas Wagner: \u203aTransformative Bildungsprozesse und responsive Figurationen in zeitgen\u00f6ssischen Science-Fiction-Serien\u2039<\/li>\n<li>Nico Weigert: \u203aBildungsangst \u2013 eine Analyse \u00e4sthetischer Figuren aus Literatur und Film\u2039<\/li>\n<\/ul>\n<h3><\/h3>\n<h3>Habilitationsprojekte<\/h3>\n<ul>\n<li>Roger Behrens: \u203aKritik der Bildung\u2039 (siehe: <a href=\"https:\/\/www.hsu-hh.de\/bep\/habilitation\/\">hier<\/a>)<\/li>\n<\/ul>\n","protected":false},"excerpt":{"rendered":"","protected":false},"author":96,"featured_media":0,"parent":0,"menu_order":0,"comment_status":"closed","ping_status":"closed","template":"","meta":{"footnotes":""},"categories":[4,55],"tags":[],"class_list":["post-751","page","type-page","status-publish","hentry","category-forschung","category-promotion-de"],"_links":{"self":[{"href":"https:\/\/www.hsu-hh.de\/bep\/wp-json\/wp\/v2\/pages\/751","targetHints":{"allow":["GET"]}}],"collection":[{"href":"https:\/\/www.hsu-hh.de\/bep\/wp-json\/wp\/v2\/pages"}],"about":[{"href":"https:\/\/www.hsu-hh.de\/bep\/wp-json\/wp\/v2\/types\/page"}],"author":[{"embeddable":true,"href":"https:\/\/www.hsu-hh.de\/bep\/wp-json\/wp\/v2\/users\/96"}],"replies":[{"embeddable":true,"href":"https:\/\/www.hsu-hh.de\/bep\/wp-json\/wp\/v2\/comments?post=751"}],"version-history":[{"count":13,"href":"https:\/\/www.hsu-hh.de\/bep\/wp-json\/wp\/v2\/pages\/751\/revisions"}],"predecessor-version":[{"id":1460,"href":"https:\/\/www.hsu-hh.de\/bep\/wp-json\/wp\/v2\/pages\/751\/revisions\/1460"}],"wp:attachment":[{"href":"https:\/\/www.hsu-hh.de\/bep\/wp-json\/wp\/v2\/media?parent=751"}],"wp:term":[{"taxonomy":"category","embeddable":true,"href":"https:\/\/www.hsu-hh.de\/bep\/wp-json\/wp\/v2\/categories?post=751"},{"taxonomy":"post_tag","embeddable":true,"href":"https:\/\/www.hsu-hh.de\/bep\/wp-json\/wp\/v2\/tags?post=751"}],"curies":[{"name":"wp","href":"https:\/\/api.w.org\/{rel}","templated":true}]}}