{"id":294,"date":"2021-04-27T22:35:16","date_gmt":"2021-04-27T20:35:16","guid":{"rendered":"https:\/\/www.hsu-hh.de\/bep\/?page_id=294"},"modified":"2023-03-29T15:25:30","modified_gmt":"2023-03-29T13:25:30","slug":"hinweise-zur-abgabe-und-zum-abfassen-von-hausarbeiten","status":"publish","type":"page","link":"https:\/\/www.hsu-hh.de\/bep\/lehre\/hinweise-zur-abgabe-und-zum-abfassen-von-hausarbeiten\/","title":{"rendered":"Hinweise zur Abgabe und zum Abfassen von Hausarbeiten"},"content":{"rendered":"<div class=\"background-grey\">\n<h3>Hier finden Sie vor allem formale Hinweise zur Abgabe und zum Abfassen von Hausarbeiten (Termine, Gestaltungsvorgaben, Erstellung der Literaturliste <abbr title=\"et cetera\">etc.<\/abbr>). Beachten Sie bitte auch die \u00bbHinweise zur Erstellung von Hausarbeiten\u00ab.<\/h3>\n<\/div>\n<p><!--more--><\/p>\n<h3>Hinweise zur Abgabe und zum Abfassen von Hausarbeiten<\/h3>\n<p>Die Abgabetermine f\u00fcr Seminararbeiten sind \u2013 soweit nicht anders vereinbart \u2013 f\u00fcr das<br \/>\nHerbsttrimester (<strong><abbr title=\"Herbsttrimester\">HT<\/abbr><\/strong>) der <strong>15.2.<\/strong>, f\u00fcr das<br \/>\nWintertrimester (<strong><abbr title=\"Wintertrimester\">WT<\/abbr><\/strong>) der <strong>15.5.<\/strong> und f\u00fcr das<br \/>\nFr\u00fchjahrstrimester (<strong><abbr title=\"Fr\u00fchjahrstrimester\">FT<\/abbr><\/strong>) der <strong>15.11.<\/strong><br \/>\nDie Termine f\u00fcr den Zweit- und Drittversuch ergeben sich aus der Allgemeinen und der Fachspezifischen Pr\u00fcfungsordnung (APO und FSPO). Um uns hinreichend Zeit f\u00fcr die Korrektur zu geben, sind die Abgabetermine f\u00fcr den<br \/>\nZweitversuch der<br \/>\n<strong>2.5. (<abbr title=\"Herbsttrimester\">HT<\/abbr>)<\/strong>, der<br \/>\n<strong>1.8. (<abbr title=\"Wintertrimester\">WT<\/abbr>)<\/strong> und der<br \/>\n<strong>1.2. (<abbr title=\"Fr\u00fchjahrstrimester\">FT<\/abbr>)<\/strong>.<br \/>\nDie Frist f\u00fcr den Drittversuch l\u00e4uft ab am<br \/>\n<strong>1.7. (<abbr title=\"Herbsttrimester\">HT<\/abbr>)<\/strong>, am<br \/>\n<strong>1.10 (<abbr title=\"Wintertrimester\">WT<\/abbr>)<\/strong> und am<br \/>\n<strong>1.4. (<abbr title=\"Fr\u00fchjahrstrimester\">FT<\/abbr>)<\/strong>.<br \/>\nDie Frist f\u00fcr den <strong>Drittversuch zu vers\u00e4umen f\u00fchrt zum \u00bbendg\u00fcltigen Nichtbestehen\u00ab des Moduls<\/strong>, was in der Regel zur Folge hat, dass das Studium nicht abgeschlossen werden kann. Die Fristen geh\u00f6ren zu dem Trimester, in dem Sie ihre Modulpr\u00fcfung angemeldet haben, sie laufen sp\u00e4testens ab dem letzten Modultrimester.<\/p>\n<p>Geben Sie ihre Hausarbeiten (Modulpr\u00fcfungsarbeiten) bitte in H4 bei Frau Voss ab oder werfen Sie die Arbeit, falls Sie Frau Voss nicht antreffen sollten, in den Briefkasten \u00bbSanders\u00ab auf dem Flur vor dem Sekretariat. Sie k\u00f6nnen auch die Arbeiten f\u00fcr <abbr title=\"Doktor\">Dr.<\/abbr> Behrens und Jung dort einwerfen. Ihre Hausarbeiten geh\u00f6ren auf keinen Fall in den fristwahrenden Briefkasten vor dem Pr\u00fcfungsamt. Schicken Sie bitte dem jeweiligen Pr\u00fcfer au\u00dferdem ein PDF Ihrer Arbeit per Mail. Allerdings: Ein PDF per Mail allein gen\u00fcgt nicht.<\/p>\n<p>Hinweise zum Erstellen eines PDF:<br \/>\n\u2022 Bitte die Arbeit nicht als offenes Dokument verschicken (.doc, .rtf <abbr title=\"et cetera\">etc.<\/abbr>), sondern eben als PDF.<br \/>\n\u2022 Bitte ein PDF schicken, nicht mehrere (also: nicht z. B. das Deckblatt extra).<br \/>\n\u2022 Das geschickte PDF ist nicht mehr und nicht weniger als die Papierfassung der Arbeit. (F\u00fcr die Einhaltung der Abgabefrist und Begutachtung z\u00e4hlt allein die eingereichte Papierfassung!)<br \/>\n\u2022 Benennung der Datei \/ des PDF m\u00f6glichst nach folgendem Muster: Trimesterangabe Unterstrich Ihr Name (wom\u00f6glich mit Anfangsbuchstaben des Vornamens) Unterstrich Seminartitel (<abbr title=\"gegebenenfalls\">ggf.<\/abbr> Kurzform oder Schlagwort), und wenn Platz ist: Unterstrich Titelkurzform oder Schlagwort zu\u00a0Ihrer Arbeit (etwa: <abbr title=\"Wintertrimester\">WT<\/abbr>18_Namev_Globalisierung_Aktuelle_Probleme.pdf)<\/p>\n<h2>Hausarbeiten<\/h2>\n<p>Hausarbeiten haben in der Regel einen Umfang zwischen zehn und zwanzig Seiten. Zur Korrektur soll auf der rechten Seite ausreichen Rand zur Verf\u00fcgung stehen. F\u00fcnf Zentimeter sind ein guter Orientierungswert. Auf der linken Seite sollte der Rand breit genug sein, um problemloses Bl\u00e4ttern der Seiten zu erm\u00f6glichen. Drei Zentimeter reichen meist aus. Selbstverst\u00e4ndlich sind die Seiten zu nummerieren (Seitenzahlen); <abbr title=\"gegebenenfalls\">ggf.<\/abbr> bietet sich zur \u00dcbersicht und Sicherheit an, jede Seite mit einer Kopf- oder Fu\u00dfzeile zu versehen, in der z. B. Titel der Arbeit und Ihr Name stehen. Die Arbeit sollte gelocht in einem Schnellhefter oder mit Heftstreifen abgegeben werden (beides gibt es aus Karton). Oben links geklammerte Bl\u00e4tter machen keinen guten Eindruck. Bei der Verwendung von B\u00fcroklammern droht die Gefahr, dass Seiten verloren\u00adgehen. (Bitte den Umweltschutz beachten: Gebrauchte Schnellhefter gibt es gelegentlich zum Mitnehmen, zum Beispiel auf unserem Flur in H4.)<\/p>\n<p>F\u00fcr Hausarbeiten gelten die Regeln der deutschen Rechtschreibung und f\u00fcr den Schriftsatz, die Textverarbeitung oder die Maschinenschrift. Diese Regeln finden Sie im Duden. Es empfiehlt sich, Hausarbeiten vor der Abgabe Korrektur lesen zu lassen <abbr title=\"beziehungsweise\">bzw.<\/abbr> sich selbst ein paar Tage f\u00fcr die Korrektur und \u00dcberarbeitung Zeit zu lassen. Schreiben Sie so verst\u00e4ndlich wie m\u00f6glich. T\u00e4uschen Sie keine Wissenschaftlichkeit vor durch ungew\u00f6hnlichen Fremdwortgebrauch, fremdeln Sie aber auch nicht mit Fremdw\u00f6rtern. F\u00e4cher haben Fach\u00adsprachen, die Ihnen im Verlauf des Studiums gel\u00e4ufig werden sollten. Regelm\u00e4\u00dfiges Lesen von anspruchsvollen Texten und Fachliteratur f\u00f6rdert Ihr Sprachgef\u00fchl, die Diskussion von Texten mit Kommilitoninnen und Kommilitonen oder in Lesegruppen st\u00e4rkt Ihr Argumentationsverm\u00f6gen.<\/p>\n<p>Bei der Wahl der Schrift sind Sie frei. Schriften mit Serifen (Times New Roman, Caslon, Palatino <abbr title=\"et cetera\">etc.<\/abbr>) sind in der Regel besser lesbar als Schriften ohne (Arial, Helvetica, Futura <abbr title=\"et cetera\">etc.<\/abbr>). Letztere eignen sich besser f\u00fcr kurze Texte (\u00dcberschriften, abgesetzte Zitate <abbr title=\"et cetera\">etc.<\/abbr>). Der lesbarste Zeilenabstand liegt zwischen ein- und anderthalbzeilig. Als Faustregel eignet sich f\u00fcr die Schriftgr\u00f6\u00dfe 12 pt (Punkt) der Zeilenabstand 15 pt. Eine Manuskriptseite umfasst 30 Zeilen \u00e0 60 Zeichen. Daraus ergibt sich dann auch der Umfang der Hausarbeit in Zeichen: 18.000 bis 36.000.<\/p>\n<p>Die \u00fcbliche Textverarbeitungssoftware bietet an, typografische Zeichen korrekt zu benutzen (der Bindestrich ist \u2013, nicht das Trennungszeichen -; Auslassungspunkte sind ein eigenes Zeichen, n\u00e4mlich \u2026 <abbr title=\"et cetera\">etc.<\/abbr>). F\u00fcr Zitate nutzen Sie bitte \u201e\u201c oder \u00bb\u00ab; Zitate im Zitat sind ,\u2018 oder \u203a\u2039 (nicht &gt;&lt;). Das sind Feinheiten, die aber doch beim Schreiben und Lesen zur \u00bbLust am Text\u00ab beitragen.<\/p>\n<p>Alle \u00fcblichen Zitierweisen sind zugelassen, denn f\u00fcr jede gibt es gute Gr\u00fcnde; zitieren Sie allerdings einheitlich in einer Zitierweise. Literatur und Quellen m\u00fcssen so wiedergegeben werden, dass Sie eindeutig identifiziert werden k\u00f6nnen. Daf\u00fcr sind bei B\u00fcchern und Texten in Sammelb\u00e4nden oder Zeitschriften mindestens folgende Informationen n\u00f6tig:<\/p>\n<p>Sanders, O. (2015): Greatest Misses. \u00dcber Bildung, Deleuze, Film, neuere Medien <abbr title=\"et cetera\">etc.<\/abbr> Hamburg<\/p>\n<p>Sanders, O. (2017): Serie als symbolische Form: Von Broncho Billy zu True Detective. In: A. Besand, M. Arenh\u00f6vel, O. Sanders (Hg.): Wissenss\u00fcmpfe. Die Fernsehserie True Detective aus sozial- und kulturwissenschaftlichen Blickwinkeln. Wiesbaden, S. 9\u201324<\/p>\n<p>Sanders, O. (2017): Slavoj \u017di\u017eek: Absoluter Gegensto\u00df. In: Widerspruch. M\u00fcnchner Zeitschrift f\u00fcr Philosophie, 62\/36. <abbr title=\"Jahrgang\">Jg.<\/abbr>, S. 135\u2013137<\/p>\n<p>Sie k\u00f6nnen die Vornamen auch ausschreiben oder Verlagsnamen erg\u00e4nzen. <abbr title=\"International Standard Book Number\">ISBN<\/abbr>-Nummern werden nicht genannt, die Angabe des Verlagsnamens ist verzichtbar.<\/p>\n<p>Ob Sie Titel kursiv, in Anf\u00fchrungszeichen o. \u00e4. hervorheben, bleibt Ihnen \u00fcberlassen \u2013 Hauptsache einheitlich.<\/p>\n<p>Es hilft \u00fcbrigens, sich als Vorlage an einem der (wissenschaftlichen) Texte zu orientieren, die f\u00fcr die Hausarbeit benutzt werden.<\/p>\n<p>Wichtiger als die Form, der Sie einfach gen\u00fcgen sollten, ist der Inhalt Ihrer Arbeit.<\/p>\n<p>Einer sehr guten Arbeit kann man in der Regel ein Erkenntnisinteresse ablesen. Das hei\u00dft, am Anfang steht eine Frage, die Sie beantworten wollen. (Es hilft freilich, die Frage als Frage zu formulieren; optimal ist die Darstellung der Frage \u00fcber das explizierte Erkenntnisinteresse.) Ihre Frage beantworten Sie argumentativ. S\u00e4tze, die sich nicht von selbst verstehen, werden auf logisch nachvollziehbare Weise aus anderen S\u00e4tzen hergeleitet, bis die Begr\u00fcndung ihr Ende hat. In einem zweiten Schritt kontextualisieren Sie ihre Ausf\u00fchrungen, indem Sie sie mit denen anderer Sekund\u00e4r\u00adliteraturautorinnen und -autoren, die schon zu Ihrer oder vergleich\u00adbaren Fragen gearbeitet haben, vergleichen und <abbr title=\"gegebenenfalls\">ggf.<\/abbr> erg\u00e4nzen. Sollte es zu Ihrer Frage keine Sekund\u00e4r\u00adliteratur geben, entf\u00e4llt die Kontextualisierung. Es ist ratsam, Frage oder Problem zu Beginn zu erl\u00e4utern und abschlie\u00dfend auf sie <abbr title=\"beziehungsweise\">bzw.<\/abbr> es zur\u00fcckzukommen.<\/p>\n<p>Sehr gute Hausarbeiten lassen sich in drei Tagen kaum schreiben, aber jede Studentin und jeder Student kann eine sehr gute Hausarbeit schreiben. Als hilfreich erweist es sich oft auch, die Arbeit eine Weile nach dem Abschluss, aber vor der Abgabe noch einmal mit etwas Abstand zu lesen und sich nicht nur Zeit f\u00fcr eine formale Korrektur zu nehmen, sondern auch f\u00fcr einen inhaltlichen Feinschliff.<\/p>\n<p>Viel Erfolg!<\/p>\n<p><em>(Januar 2018, Olaf Sanders)<\/em><\/p>\n","protected":false},"excerpt":{"rendered":"<p>Hier finden Sie vor allem formale Hinweise zur Abgabe und zum Abfassen von Hausarbeiten (Termine, Gestaltungsvorgaben, Erstellung der Literaturliste etc.). Beachten Sie bitte auch die \u00bbHinweise zur Erstellung von Hausarbeiten\u00ab.<\/p>\n","protected":false},"author":96,"featured_media":0,"parent":116,"menu_order":0,"comment_status":"closed","ping_status":"closed","template":"","meta":{"footnotes":""},"categories":[45,6],"tags":[],"class_list":["post-294","page","type-page","status-publish","hentry","category-hinweise","category-lehre"],"_links":{"self":[{"href":"https:\/\/www.hsu-hh.de\/bep\/wp-json\/wp\/v2\/pages\/294","targetHints":{"allow":["GET"]}}],"collection":[{"href":"https:\/\/www.hsu-hh.de\/bep\/wp-json\/wp\/v2\/pages"}],"about":[{"href":"https:\/\/www.hsu-hh.de\/bep\/wp-json\/wp\/v2\/types\/page"}],"author":[{"embeddable":true,"href":"https:\/\/www.hsu-hh.de\/bep\/wp-json\/wp\/v2\/users\/96"}],"replies":[{"embeddable":true,"href":"https:\/\/www.hsu-hh.de\/bep\/wp-json\/wp\/v2\/comments?post=294"}],"version-history":[{"count":7,"href":"https:\/\/www.hsu-hh.de\/bep\/wp-json\/wp\/v2\/pages\/294\/revisions"}],"predecessor-version":[{"id":1139,"href":"https:\/\/www.hsu-hh.de\/bep\/wp-json\/wp\/v2\/pages\/294\/revisions\/1139"}],"up":[{"embeddable":true,"href":"https:\/\/www.hsu-hh.de\/bep\/wp-json\/wp\/v2\/pages\/116"}],"wp:attachment":[{"href":"https:\/\/www.hsu-hh.de\/bep\/wp-json\/wp\/v2\/media?parent=294"}],"wp:term":[{"taxonomy":"category","embeddable":true,"href":"https:\/\/www.hsu-hh.de\/bep\/wp-json\/wp\/v2\/categories?post=294"},{"taxonomy":"post_tag","embeddable":true,"href":"https:\/\/www.hsu-hh.de\/bep\/wp-json\/wp\/v2\/tags?post=294"}],"curies":[{"name":"wp","href":"https:\/\/api.w.org\/{rel}","templated":true}]}}