{"id":283,"date":"2020-08-26T14:53:40","date_gmt":"2020-08-26T12:53:40","guid":{"rendered":"https:\/\/www.hsu-hh.de\/bep\/?page_id=283"},"modified":"2020-09-04T22:07:32","modified_gmt":"2020-09-04T20:07:32","slug":"termine-nachrichten","status":"publish","type":"page","link":"https:\/\/www.hsu-hh.de\/bep\/termine-nachrichten\/","title":{"rendered":"Termine &amp; Nachrichten"},"content":{"rendered":"<div id=\"category_content_r2uBCOiq\" class=\"hsu_category archive-page\"><article  id=\"post-1257\" class=\"category-list-item post-1257 post type-post status-publish format-standard hentry \"><a href=\"https:\/\/www.hsu-hh.de\/bep\/2024-juni-foucault-workshop-eine-einladung\/\" title=\"2024 | Juni | Foucault-Workshop \u2013 Eine Einladung\" ><div class=\"hsu_category_article-content-wrap\"><div class=\"hsu_category_article-content-wrap-inner\"><div>\t<header class=\"entry-header\">\t\t<h3 class=\"entry-title\">2024 | Juni | Foucault-Workshop \u2013 Eine Einladung\t\t<\/h3>\t<\/header><div class=\"entry-content-excerpt\"><\/div> <\/div><\/div><\/div><\/a><\/article><article  id=\"post-1104\" class=\"category-list-item post-1104 post type-post status-publish format-standard hentry \"><a href=\"https:\/\/www.hsu-hh.de\/bep\/2023-maerz-was-bedeutet-erziehung-zum-frieden\/\" title=\"2023 | M\u00e4rz | Was bedeutet Erziehung zum Frieden?\" ><div class=\"hsu_category_article-content-wrap\"><div class=\"hsu_category_article-content-wrap-inner\"><div>\t<header class=\"entry-header\">\t\t<h3 class=\"entry-title\">2023 | M\u00e4rz | Was bedeutet Erziehung zum Frieden?\t\t<\/h3>\t<\/header><div class=\"entry-content-excerpt\"><\/div> <\/div><\/div><\/div><\/a><\/article><article  id=\"post-434\" class=\"category-list-item post-434 post type-post status-publish format-standard hentry \"><a href=\"https:\/\/www.hsu-hh.de\/bep\/2019-november-von-der-logik-des-sinns-zum-affekt-einsatz-der-politik\/\" title=\"2019 | November | Von der Logik des Sinns zum Affekt-Einsatz der Politik\" ><div class=\"hsu_category_article-content-wrap\"><div class=\"hsu_category_article-content-wrap-inner\"><div>\t<header class=\"entry-header\">\t\t<h3 class=\"entry-title\">2019 | November | Von der Logik des Sinns zum Affekt-Einsatz der Politik\t\t<\/h3>\t<\/header><div class=\"entry-content-excerpt\"><\/div> <\/div><\/div><\/div><\/a><\/article><article  id=\"post-430\" class=\"category-list-item post-430 post type-post status-publish format-standard hentry \"><a href=\"https:\/\/www.hsu-hh.de\/bep\/2019-hamburger-dispute-erste-folge\/\" title=\"2019 | Mai | Hamburger Dispute | Erste Folge\" ><div class=\"hsu_category_article-content-wrap\"><div class=\"hsu_category_article-content-wrap-inner\"><div>\t<header class=\"entry-header\">\t\t<h3 class=\"entry-title\">2019 | Mai | Hamburger Dispute | Erste Folge\t\t<\/h3>\t<\/header><div class=\"entry-content-excerpt\"><\/div> <\/div><\/div><\/div><\/a><\/article><article  id=\"post-415\" class=\"category-list-item post-415 post type-post status-publish format-standard hentry \"><a href=\"https:\/\/www.hsu-hh.de\/bep\/2018-september-zu-praktiken-und-formen-der-theorie-perspektiven-der-bildungsphilosophie\/\" title=\"2018 | September | Zu Praktiken und Formen der Theorie. Perspektiven der Bildungsphilosophie\" ><div class=\"hsu_category_article-content-wrap\"><div class=\"hsu_category_article-content-wrap-inner\"><div>\t<header class=\"entry-header\">\t\t<h3 class=\"entry-title\">2018 | September | Zu Praktiken und Formen der Theorie. Perspektiven der Bildungsphilosophie\t\t<\/h3>\t<\/header><div class=\"entry-content-excerpt\"><\/div> <\/div><\/div><\/div><\/a><\/article><article  id=\"post-421\" class=\"category-list-item post-421 post type-post status-publish format-standard hentry \"><a href=\"https:\/\/www.hsu-hh.de\/bep\/2018-september-anthropologie-der-sorge\/\" title=\"2018 | September | Anthropologie der Sorge\" ><div class=\"hsu_category_article-content-wrap\"><div class=\"hsu_category_article-content-wrap-inner\"><div>\t<header class=\"entry-header\">\t\t<h3 class=\"entry-title\">2018 | September | Anthropologie der Sorge\t\t<\/h3>\t<\/header><div class=\"entry-content-excerpt\"><\/div> <\/div><\/div><\/div><\/a><\/article><article  id=\"post-427\" class=\"category-list-item post-427 post type-post status-publish format-standard hentry \"><a href=\"https:\/\/www.hsu-hh.de\/bep\/2018-september-zugaenge-paedagogischer-anthropologie-am-beispiel-des-koerpers\/\" title=\"2018 | September | Zug\u00e4nge p\u00e4dagogischer Anthropologie: Am Beispiel des K\u00f6rpers\" ><div class=\"hsu_category_article-content-wrap\"><div class=\"hsu_category_article-content-wrap-inner\"><div>\t<header class=\"entry-header\">\t\t<h3 class=\"entry-title\">2018 | September | Zug\u00e4nge p\u00e4dagogischer Anthropologie: Am Beispiel des K\u00f6rpers\t\t<\/h3>\t<\/header><div class=\"entry-content-excerpt\"><\/div> <\/div><\/div><\/div><\/a><\/article><article  id=\"post-412\" class=\"category-list-item post-412 post type-post status-publish format-standard hentry \"><a href=\"https:\/\/www.hsu-hh.de\/bep\/2018-februar-tagung-pop-68502018\/\" title=\"2018 | Februar | Tagung: POP 68502018\" ><div class=\"hsu_category_article-content-wrap\"><div class=\"hsu_category_article-content-wrap-inner\"><div>\t<header class=\"entry-header\">\t\t<h3 class=\"entry-title\">2018 | Februar | Tagung: POP 68502018\t\t<\/h3>\t<\/header><div class=\"entry-content-excerpt\"><\/div> <\/div><\/div><\/div><\/a><\/article><article  id=\"post-407\" class=\"category-list-item post-407 post type-post status-publish format-standard hentry \"><a href=\"https:\/\/www.hsu-hh.de\/bep\/2017-november-workshop-bild-und-zeit-bei-f-deligny\/\" title=\"2017 | November | Workshop Bild und Zeit bei F. Deligny\" ><div class=\"hsu_category_article-content-wrap\"><div class=\"hsu_category_article-content-wrap-inner\"><div>\t<header class=\"entry-header\">\t\t<h3 class=\"entry-title\">2017 | November | Workshop Bild und Zeit bei F. Deligny\t\t<\/h3>\t<\/header><div class=\"entry-content-excerpt\"><\/div> <\/div><\/div><\/div><\/a><\/article><article  id=\"post-409\" class=\"category-list-item post-409 post type-post status-publish format-standard hentry \"><a href=\"https:\/\/www.hsu-hh.de\/bep\/2017-november-tagung-weiter-sehen-krieg-und-serie\/\" title=\"2017 | November | Tagung: Weiter sehen: Krieg und Serie\" ><div class=\"hsu_category_article-content-wrap\"><div class=\"hsu_category_article-content-wrap-inner\"><div>\t<header class=\"entry-header\">\t\t<h3 class=\"entry-title\">2017 | November | Tagung: Weiter sehen: Krieg und Serie\t\t<\/h3>\t<\/header><div class=\"entry-content-excerpt\"><\/div> <\/div><\/div><\/div><\/a><\/article><\/div><div class=\"col-xs-12 col-md-3 col-md-push-4\"><span class=\"link no-arrow\"><button class=\"categorymore hsu_btn\" id=\"r2uBCOiq\"  data-category=\"Startseite\" data-categoryid=\"47\" data-order=\"DESC\" data-paged=\"2\" data-more_posts=\"1\" data-nocontent=\"1\" data-noimg=\"1\" data-nometa=\"1\" data-uid=\"r2uBCOiq\">Mehr Beitr\u00e4ge<\/button><\/span><\/div><div class=\"clearfix\"><\/div>\n","protected":false},"excerpt":{"rendered":"","protected":false},"author":96,"featured_media":0,"parent":0,"menu_order":0,"comment_status":"closed","ping_status":"closed","template":"","meta":{"footnotes":""},"categories":[10],"tags":[],"class_list":["post-283","page","type-page","status-publish","hentry","category-ueber"],"_links":{"self":[{"href":"https:\/\/www.hsu-hh.de\/bep\/wp-json\/wp\/v2\/pages\/283","targetHints":{"allow":["GET"]}}],"collection":[{"href":"https:\/\/www.hsu-hh.de\/bep\/wp-json\/wp\/v2\/pages"}],"about":[{"href":"https:\/\/www.hsu-hh.de\/bep\/wp-json\/wp\/v2\/types\/page"}],"author":[{"embeddable":true,"href":"https:\/\/www.hsu-hh.de\/bep\/wp-json\/wp\/v2\/users\/96"}],"replies":[{"embeddable":true,"href":"https:\/\/www.hsu-hh.de\/bep\/wp-json\/wp\/v2\/comments?post=283"}],"version-history":[{"count":11,"href":"https:\/\/www.hsu-hh.de\/bep\/wp-json\/wp\/v2\/pages\/283\/revisions"}],"predecessor-version":[{"id":436,"href":"https:\/\/www.hsu-hh.de\/bep\/wp-json\/wp\/v2\/pages\/283\/revisions\/436"}],"wp:attachment":[{"href":"https:\/\/www.hsu-hh.de\/bep\/wp-json\/wp\/v2\/media?parent=283"}],"wp:term":[{"taxonomy":"category","embeddable":true,"href":"https:\/\/www.hsu-hh.de\/bep\/wp-json\/wp\/v2\/categories?post=283"},{"taxonomy":"post_tag","embeddable":true,"href":"https:\/\/www.hsu-hh.de\/bep\/wp-json\/wp\/v2\/tags?post=283"}],"curies":[{"name":"wp","href":"https:\/\/api.w.org\/{rel}","templated":true}]}}