{"id":869,"date":"2024-12-13T10:59:24","date_gmt":"2024-12-13T09:59:24","guid":{"rendered":"https:\/\/www.hsu-hh.de\/baubetrieb\/?page_id=869"},"modified":"2024-12-13T10:59:24","modified_gmt":"2024-12-13T09:59:24","slug":"gebaut-wird-immer-6-jahre-bauingenieurwesen-an-der-hsu","status":"publish","type":"page","link":"https:\/\/www.hsu-hh.de\/baubetrieb\/startseite\/gebaut-wird-immer-6-jahre-bauingenieurwesen-an-der-hsu\/","title":{"rendered":"Gebaut wird immer \u2013 6 Jahre Bauingenieurwesen an der HSU"},"content":{"rendered":"\n<p>Unter diesem Motto fanden am 05.12.2024 im sehr gut besuchten H\u00f6rsaal 5 auf dem Hauptcampus der Helmut-Schmidt-Universit\u00e4t insgesamt acht Antrittsvorlesungen von Bauingenieurprofessuren statt. Obwohl der Studiengang bereits 6 Jahre besteht, hatte insbesondere aufgrund der Corona-Pandemie bislang noch niemand von den berufenen Professorinnen und Professoren die Antrittsvorlesung gehalten. Dies wurde nunmehr kollektiv nachgeholt.<\/p>\n\n\n\n<p>In den acht kurzweiligen Vortr\u00e4gen wurden entsprechend den Ausrichtungen der Professuren Lehr- und Forschungsschwerpunkte wie auch Visionen pr\u00e4sentiert. Es entstand ein unterhaltsamer und spannende Einblick in die Disziplinen Hydromechanik, Stahlbau und Stahlwasserbau, Geotechnik, Konstruktionswerkstoffe und Bauwerkserhaltung, Baubetrieb und Baumanagement von Gro\u00dfprojekten, Massivbau, Wasserbau sowie Statik und Dynamik.<\/p>\n\n\n\n<figure class=\"wp-block-image size-full is-resized\"><img loading=\"lazy\" decoding=\"async\" width=\"1840\" height=\"1391\" src=\"https:\/\/www.hsu-hh.de\/baubetrieb\/wp-content\/uploads\/sites\/919\/2024\/12\/Themen_Antrittsvorlesungen.png\" data-credit=\"MZ\/HSU\" alt=\"\" class=\"wp-image-870\" style=\"width:556px;height:auto\" srcset=\"https:\/\/www.hsu-hh.de\/baubetrieb\/wp-content\/uploads\/sites\/919\/2024\/12\/Themen_Antrittsvorlesungen.png 1840w, https:\/\/www.hsu-hh.de\/baubetrieb\/wp-content\/uploads\/sites\/919\/2024\/12\/Themen_Antrittsvorlesungen-300x227.png 300w, https:\/\/www.hsu-hh.de\/baubetrieb\/wp-content\/uploads\/sites\/919\/2024\/12\/Themen_Antrittsvorlesungen-1024x774.png 1024w, https:\/\/www.hsu-hh.de\/baubetrieb\/wp-content\/uploads\/sites\/919\/2024\/12\/Themen_Antrittsvorlesungen-768x581.png 768w, https:\/\/www.hsu-hh.de\/baubetrieb\/wp-content\/uploads\/sites\/919\/2024\/12\/Themen_Antrittsvorlesungen-1536x1161.png 1536w, https:\/\/www.hsu-hh.de\/baubetrieb\/wp-content\/uploads\/sites\/919\/2024\/12\/Themen_Antrittsvorlesungen-1100x832.png 1100w\" sizes=\"auto, (max-width: 1840px) 100vw, 1840px\" \/><\/figure>\n\n\n\n<figure class=\"wp-block-image size-full\"><img loading=\"lazy\" decoding=\"async\" width=\"1021\" height=\"663\" src=\"https:\/\/www.hsu-hh.de\/baubetrieb\/wp-content\/uploads\/sites\/919\/2024\/12\/Bild_Professoren_Antrittsvorlesung.jpg\" data-credit=\"Scheiblich\" alt=\"\" class=\"wp-image-871\" srcset=\"https:\/\/www.hsu-hh.de\/baubetrieb\/wp-content\/uploads\/sites\/919\/2024\/12\/Bild_Professoren_Antrittsvorlesung.jpg 1021w, https:\/\/www.hsu-hh.de\/baubetrieb\/wp-content\/uploads\/sites\/919\/2024\/12\/Bild_Professoren_Antrittsvorlesung-300x195.jpg 300w, https:\/\/www.hsu-hh.de\/baubetrieb\/wp-content\/uploads\/sites\/919\/2024\/12\/Bild_Professoren_Antrittsvorlesung-768x499.jpg 768w\" sizes=\"auto, (max-width: 1021px) 100vw, 1021px\" \/><\/figure>\n\n\n\n<p>Das Thema der Antrittsvorlesung von <abbr title=\"Professor\">Prof.<\/abbr> Kumlehn lautete \u201eErfolgreiche Gro\u00dfprojekte \u2013 eine Frage von K\u00b3!\u201c. Zur Erkl\u00e4rung seiner \u201eErfolgsformel K\u00b3 = KKK\u201c stellte er vor, welche <strong>Kompetenzen<\/strong> den Studierenden unterschiedlicher Bedarfstr\u00e4ger im Rahmen der Bachelor- und Masterstudieng\u00e4nge des Bauingenieurwesens an der <abbr title=\"Helmut Schmidt Universit\u00e4t\">HSU<\/abbr> vermittelt werden, um sich im Rahmen der Abwicklung von Bauvertr\u00e4gen auf Augenh\u00f6he zu begegnen. Er betonte die Bedeutung einer umfassenden <strong>Kenntnis<\/strong> des Bauprojekts und nicht nur des Bauobjekts, wof\u00fcr zuk\u00fcnftig die Building Information Management-Methode eingesetzt werden sollte. Hierf\u00fcr ist allerdings noch baubetriebliche Forschung erforderlich. Entscheidend f\u00fcr den Projekterfolg ist auch eine kontinuierliche und sachliche <strong>Kooperation<\/strong> zwischen den Vertragsparteien, die allerdings in der Praxis allein aufgrund von vertraglichen Vereinbarungen vielfach nicht funktioniert. Hier w\u00e4re der Einsatz von Referees denkbar, die zwischen den Beteiligten fachkundig vermitteln und Auffassungsunterschiede zeitnah aufl\u00f6sen.<\/p>\n\n\n\n<p>An dieser Stelle m\u00f6chte sich die Professur nochmals herzlich bei den G\u00e4sten f\u00fcr ihr zahlreiches Erscheinen und bei allen \u201ehelfenden H\u00e4nden\u201c f\u00fcr die Organisation der gelungenen Veranstaltung bedanken.<\/p>\n","protected":false},"excerpt":{"rendered":"<p>Unter diesem Motto fanden am 05.12.2024 im sehr gut besuchten H\u00f6rsaal 5 auf dem Hauptcampus der Helmut-Schmidt-Universit\u00e4t insgesamt acht Antrittsvorlesungen von Bauingenieurprofessuren statt. Obwohl der Studiengang bereits 6 Jahre besteht, [&hellip;]<\/p>\n","protected":false},"author":3909,"featured_media":0,"parent":73,"menu_order":0,"comment_status":"closed","ping_status":"closed","template":"","meta":{"footnotes":""},"categories":[4],"tags":[],"class_list":["post-869","page","type-page","status-publish","hentry","category-forschung"],"_links":{"self":[{"href":"https:\/\/www.hsu-hh.de\/baubetrieb\/wp-json\/wp\/v2\/pages\/869","targetHints":{"allow":["GET"]}}],"collection":[{"href":"https:\/\/www.hsu-hh.de\/baubetrieb\/wp-json\/wp\/v2\/pages"}],"about":[{"href":"https:\/\/www.hsu-hh.de\/baubetrieb\/wp-json\/wp\/v2\/types\/page"}],"author":[{"embeddable":true,"href":"https:\/\/www.hsu-hh.de\/baubetrieb\/wp-json\/wp\/v2\/users\/3909"}],"replies":[{"embeddable":true,"href":"https:\/\/www.hsu-hh.de\/baubetrieb\/wp-json\/wp\/v2\/comments?post=869"}],"version-history":[{"count":12,"href":"https:\/\/www.hsu-hh.de\/baubetrieb\/wp-json\/wp\/v2\/pages\/869\/revisions"}],"predecessor-version":[{"id":883,"href":"https:\/\/www.hsu-hh.de\/baubetrieb\/wp-json\/wp\/v2\/pages\/869\/revisions\/883"}],"up":[{"embeddable":true,"href":"https:\/\/www.hsu-hh.de\/baubetrieb\/wp-json\/wp\/v2\/pages\/73"}],"wp:attachment":[{"href":"https:\/\/www.hsu-hh.de\/baubetrieb\/wp-json\/wp\/v2\/media?parent=869"}],"wp:term":[{"taxonomy":"category","embeddable":true,"href":"https:\/\/www.hsu-hh.de\/baubetrieb\/wp-json\/wp\/v2\/categories?post=869"},{"taxonomy":"post_tag","embeddable":true,"href":"https:\/\/www.hsu-hh.de\/baubetrieb\/wp-json\/wp\/v2\/tags?post=869"}],"curies":[{"name":"wp","href":"https:\/\/api.w.org\/{rel}","templated":true}]}}