{"id":717,"date":"2024-08-15T13:56:05","date_gmt":"2024-08-15T11:56:05","guid":{"rendered":"https:\/\/www.hsu-hh.de\/baubetrieb\/?page_id=717"},"modified":"2024-09-03T10:08:14","modified_gmt":"2024-09-03T08:08:14","slug":"zuwachs-im-team-henrik-schmitz","status":"publish","type":"page","link":"https:\/\/www.hsu-hh.de\/baubetrieb\/startseite\/zuwachs-im-team-henrik-schmitz\/","title":{"rendered":"Zuwachs im Team"},"content":{"rendered":"\n<p>Am 01.08.2024 ist Herr <a href=\"https:\/\/www.hsu-hh.de\/baubetrieb\/mitarbeiter\/henrik-schmitz-mba\/\" data-type=\"page\" data-id=\"560\">Henrik Schmitz<\/a> als 1. Wissenschaftlicher Mitarbeiter zum Team der Professur dazu gesto\u00dfen. Mit gro\u00dfer Freude wurde er von <abbr title=\"Professor\">Prof.<\/abbr> Kumlehn begr\u00fc\u00dft.<\/p>\n\n\n\n<div style=\"height:5px\" aria-hidden=\"true\" class=\"wp-block-spacer\"><\/div>\n\n\n\n<figure class=\"wp-block-image size-full\"><img loading=\"lazy\" decoding=\"async\" width=\"1440\" height=\"1028\" src=\"https:\/\/www.hsu-hh.de\/baubetrieb\/wp-content\/uploads\/sites\/919\/2024\/08\/Handshake-scaled-e1722838176258.jpg\" data-credit=\"RS\" alt=\"Begr\u00fc\u00dfung durch Frank Kumlehn\" class=\"wp-image-720\" srcset=\"https:\/\/www.hsu-hh.de\/baubetrieb\/wp-content\/uploads\/sites\/919\/2024\/08\/Handshake-scaled-e1722838176258.jpg 1440w, https:\/\/www.hsu-hh.de\/baubetrieb\/wp-content\/uploads\/sites\/919\/2024\/08\/Handshake-scaled-e1722838176258-300x214.jpg 300w, https:\/\/www.hsu-hh.de\/baubetrieb\/wp-content\/uploads\/sites\/919\/2024\/08\/Handshake-scaled-e1722838176258-1024x731.jpg 1024w, https:\/\/www.hsu-hh.de\/baubetrieb\/wp-content\/uploads\/sites\/919\/2024\/08\/Handshake-scaled-e1722838176258-768x548.jpg 768w, https:\/\/www.hsu-hh.de\/baubetrieb\/wp-content\/uploads\/sites\/919\/2024\/08\/Handshake-scaled-e1722838176258-1100x785.jpg 1100w\" sizes=\"auto, (max-width: 1440px) 100vw, 1440px\" \/><\/figure>\n\n\n\n<div style=\"height:5px\" aria-hidden=\"true\" class=\"wp-block-spacer\"><\/div>\n\n\n\n<p>Herr Schmitz bringt besonderes baubetriebliches Fachwissen mit Fokus auf den Stra\u00dfenbau ein. Nach seinem Bachelorstudium des Wirtschaftsingenieurwesens Studienrichtung Bauwirtschaft an der Jade Hochschule Oldenburg hat er berufsbegleitend den MBA-Studiengang \u201eUnternehmensf\u00fchrung Bau\u201c an der Akademie der Hochschule Biberach erfolgreich abgeschlossen. Aktuell steckt er in den Endz\u00fcgen eines weiteren berufsbegleitenden Studiums, welches er an der Fachhochschule M\u00fcnster zum Thema \u201eBaurecht im Lebenszyklus von Bauwerken\u201c bald abschlie\u00dfen wird.<\/p>\n\n\n\n<p>Herr Schmitz begann seine berufliche Laufbahn in einem mittelst\u00e4ndischen Bauunternehmen, wo er Erfahrungen in der Projektleitung sammelte. Anschlie\u00dfend \u00fcbernahm er die Leitung einer Stra\u00dfenbau-Abteilung bei der Autobahn <abbr title=\"Gesellschaft mit beschr\u00e4nkter Haftung\">GmbH<\/abbr> des Bundes. Zuletzt verantwortete er den Aufbau eines neuen Standortes f\u00fcr ein Stra\u00dfenbauunternehmen in Hamburg. Die umfassenden praktischen Erfahrungen in der Bauwirtschaft und der Infrastrukturverwaltung von Herrn Schmitz werden einen wertvollen Beitrag bei der Ausgestaltung der Lehre und Forschung der Professur leisten.<\/p>\n\n\n\n<p>Die Professur w\u00fcnscht Herrn Schmitz einen guten Start und freut sich \u00fcber die zuk\u00fcnftige Zusammenarbeit!<\/p>\n","protected":false},"excerpt":{"rendered":"<p>Am 01.08.2024 ist Herr Henrik Schmitz als 1. Wissenschaftlicher Mitarbeiter zum Team der Professur dazu gesto\u00dfen. Mit gro\u00dfer Freude wurde er von Prof. Kumlehn begr\u00fc\u00dft. Herr Schmitz bringt besonderes baubetriebliches [&hellip;]<\/p>\n","protected":false},"author":3909,"featured_media":0,"parent":73,"menu_order":0,"comment_status":"closed","ping_status":"closed","template":"","meta":{"footnotes":""},"categories":[4],"tags":[],"class_list":["post-717","page","type-page","status-publish","hentry","category-forschung"],"_links":{"self":[{"href":"https:\/\/www.hsu-hh.de\/baubetrieb\/wp-json\/wp\/v2\/pages\/717","targetHints":{"allow":["GET"]}}],"collection":[{"href":"https:\/\/www.hsu-hh.de\/baubetrieb\/wp-json\/wp\/v2\/pages"}],"about":[{"href":"https:\/\/www.hsu-hh.de\/baubetrieb\/wp-json\/wp\/v2\/types\/page"}],"author":[{"embeddable":true,"href":"https:\/\/www.hsu-hh.de\/baubetrieb\/wp-json\/wp\/v2\/users\/3909"}],"replies":[{"embeddable":true,"href":"https:\/\/www.hsu-hh.de\/baubetrieb\/wp-json\/wp\/v2\/comments?post=717"}],"version-history":[{"count":8,"href":"https:\/\/www.hsu-hh.de\/baubetrieb\/wp-json\/wp\/v2\/pages\/717\/revisions"}],"predecessor-version":[{"id":782,"href":"https:\/\/www.hsu-hh.de\/baubetrieb\/wp-json\/wp\/v2\/pages\/717\/revisions\/782"}],"up":[{"embeddable":true,"href":"https:\/\/www.hsu-hh.de\/baubetrieb\/wp-json\/wp\/v2\/pages\/73"}],"wp:attachment":[{"href":"https:\/\/www.hsu-hh.de\/baubetrieb\/wp-json\/wp\/v2\/media?parent=717"}],"wp:term":[{"taxonomy":"category","embeddable":true,"href":"https:\/\/www.hsu-hh.de\/baubetrieb\/wp-json\/wp\/v2\/categories?post=717"},{"taxonomy":"post_tag","embeddable":true,"href":"https:\/\/www.hsu-hh.de\/baubetrieb\/wp-json\/wp\/v2\/tags?post=717"}],"curies":[{"name":"wp","href":"https:\/\/api.w.org\/{rel}","templated":true}]}}