{"id":560,"date":"2024-08-01T07:39:44","date_gmt":"2024-08-01T05:39:44","guid":{"rendered":"https:\/\/www.hsu-hh.de\/baubetrieb\/?page_id=560"},"modified":"2024-11-27T07:18:25","modified_gmt":"2024-11-27T06:18:25","slug":"henrik-schmitz-mba","status":"publish","type":"page","link":"https:\/\/www.hsu-hh.de\/baubetrieb\/mitarbeiter\/henrik-schmitz-mba\/","title":{"rendered":"WMA Henrik Schmitz"},"content":{"rendered":"\n<h2 class=\"wp-block-heading\">Master of Laws (LL.M.)<br>Master of Business Administration (MBA)<\/h2>\n\n\n\n<div style=\"height:10px\" aria-hidden=\"true\" class=\"wp-block-spacer\"><\/div>\n\n\n\n<p>Henrik Schmitz unterst\u00fctzt seit August 2024 als wissenschaftlicher Mitarbeiter das Team um <abbr title=\"Professor\">Prof.<\/abbr> Kumlehn.<\/p>\n\n\n\n<div style=\"height:10px\" aria-hidden=\"true\" class=\"wp-block-spacer\"><\/div>\n\n\n\n<div class=\"wp-block-columns is-layout-flex wp-container-core-columns-is-layout-9d6595d7 wp-block-columns-is-layout-flex\">\n<div class=\"wp-block-column is-layout-flow wp-block-column-is-layout-flow\">\n<p class=\"has-text-align-center has-grey-background-color has-background\">Telefon: +49 (0)40-6541-3691<\/p>\n<\/div>\n\n\n\n<div class=\"wp-block-column is-layout-flow wp-block-column-is-layout-flow\">\n<p class=\"has-text-align-center has-grey-background-color has-background\">E-Mail: <a href=\"mailto:schmitzh@hsu.hamburg\" rel='nofollow'>schmitzh@hsu.hamburg<\/a><\/p>\n<\/div>\n\n\n\n<div class=\"wp-block-column is-layout-flow wp-block-column-is-layout-flow\">\n<p class=\"has-text-align-center has-grey-background-color has-background\">Raum: 0E123<\/p>\n\n\n\n<div class=\"wp-block-columns is-layout-flex wp-container-core-columns-is-layout-9d6595d7 wp-block-columns-is-layout-flex\">\n<div class=\"wp-block-column is-layout-flow wp-block-column-is-layout-flow\"><\/div>\n<\/div>\n<\/div>\n<\/div>\n\n\n\n<div style=\"height:20px\" aria-hidden=\"true\" class=\"wp-block-spacer\"><\/div>\n\n\n\n<div class=\"wp-block-columns is-layout-flex wp-container-core-columns-is-layout-9d6595d7 wp-block-columns-is-layout-flex\">\n<div class=\"wp-block-column is-layout-flow wp-block-column-is-layout-flow\">\n<p class=\"has-grey-background-color has-background\"><strong>Postanschrift<\/strong><br>Helmut-Schmidt-Universit\u00e4t\/Universit\u00e4t der Bundeswehr<br>Fakult\u00e4t f\u00fcr Maschinenbau und Bauingenieurwesen <br>Baubetrieb und Baumanagement von Gro\u00dfprojekten<br>Postfach 70 08 22<br>22008 Hamburg<\/p>\n\n\n\n<p><\/p>\n\n\n\n<p class=\"has-grey-background-color has-background\"><strong>Besucheranschrift<\/strong><br>Helmut-Schmidt-Universit\u00e4t\/Universit\u00e4t der Bundeswehr<br>Campus Nord<br>DRV Geb\u00e4ude (Nebeneingang Charlie-Mills-Stra\u00dfe)<br>Friedrich-Ebert-Damm 245<br>22159 Hamburg<\/p>\n<\/div>\n\n\n\n<div class=\"wp-block-column is-layout-flow wp-block-column-is-layout-flow\"><div class=\"wp-block-image is-style-rounded\">\n<figure class=\"aligncenter size-large is-resized\"><img loading=\"lazy\" decoding=\"async\" width=\"683\" height=\"1024\" src=\"https:\/\/www.hsu-hh.de\/baubetrieb\/wp-content\/uploads\/sites\/919\/2024\/07\/Foto_Schmitz-683x1024.jpeg\" data-credit=\"MATTHIAS BUDDE\" alt=\"\" class=\"wp-image-672\" style=\"width:247px;height:auto\" srcset=\"https:\/\/www.hsu-hh.de\/baubetrieb\/wp-content\/uploads\/sites\/919\/2024\/07\/Foto_Schmitz-683x1024.jpeg 683w, https:\/\/www.hsu-hh.de\/baubetrieb\/wp-content\/uploads\/sites\/919\/2024\/07\/Foto_Schmitz-200x300.jpeg 200w, https:\/\/www.hsu-hh.de\/baubetrieb\/wp-content\/uploads\/sites\/919\/2024\/07\/Foto_Schmitz-768x1151.jpeg 768w, https:\/\/www.hsu-hh.de\/baubetrieb\/wp-content\/uploads\/sites\/919\/2024\/07\/Foto_Schmitz-1025x1536.jpeg 1025w, https:\/\/www.hsu-hh.de\/baubetrieb\/wp-content\/uploads\/sites\/919\/2024\/07\/Foto_Schmitz.jpeg 1069w\" sizes=\"auto, (max-width: 683px) 100vw, 683px\" \/><\/figure>\n<\/div><\/div>\n<\/div>\n\n\n\n<div style=\"height:50px\" aria-hidden=\"true\" class=\"wp-block-spacer\"><\/div>\n\n\n\n<div class=\"wp-block-columns is-layout-flex wp-container-core-columns-is-layout-9d6595d7 wp-block-columns-is-layout-flex\">\n<div class=\"wp-block-column is-layout-flow wp-block-column-is-layout-flow\" style=\"flex-basis:15%\">\n<p><strong><em>09\/2013 &#8211; 01\/2017<\/em><\/strong><\/p>\n<\/div>\n\n\n\n<div class=\"wp-block-column is-layout-flow wp-block-column-is-layout-flow\" style=\"flex-basis:85%\">\n<p>Studium &#8222;Wirtschaftsingenieurwesen \u2013 Bauwirtschaft&#8220; an der <em>Jade Hochschule Oldenburg<\/em> mit der Bachelorthesis zum Thema &#8222;Implementierung eines Energiemanagementsystems&#8220;<\/p>\n<\/div>\n<\/div>\n\n\n\n<div class=\"wp-block-columns is-layout-flex wp-container-core-columns-is-layout-9d6595d7 wp-block-columns-is-layout-flex\">\n<div class=\"wp-block-column is-layout-flow wp-block-column-is-layout-flow\" style=\"flex-basis:15%\">\n<p><strong><em>01\/2018 &#8211; 10\/2019<\/em><\/strong><\/p>\n<\/div>\n\n\n\n<div class=\"wp-block-column is-layout-flow wp-block-column-is-layout-flow\" style=\"flex-basis:85%\">\n<p>Berufsbegleitendes Studium MBA \u201eUnternehmensf\u00fchrung Bau\u201c an der <em>Akademie der Hochschule Biberach<\/em> mit der Masterthesis zum Thema &#8222;Investitionscontrolling \u2013 Implementierung eines standardisierten Investitionsprozesses&#8220;<\/p>\n<\/div>\n<\/div>\n\n\n\n<div class=\"wp-block-columns is-layout-flex wp-container-core-columns-is-layout-9d6595d7 wp-block-columns-is-layout-flex\">\n<div class=\"wp-block-column is-layout-flow wp-block-column-is-layout-flow\" style=\"flex-basis:15%\">\n<p><em><strong>02\/2017 &#8211; 07\/202<\/strong><\/em><strong><em>4<\/em><\/strong><\/p>\n<\/div>\n\n\n\n<div class=\"wp-block-column is-layout-flow wp-block-column-is-layout-flow\" style=\"flex-basis:85%\">\n<p>Leitende Positionen in der Bauwirtschaft und bei der Autobahn <abbr title=\"Gesellschaft mit beschr\u00e4nkter Haftung\">GmbH<\/abbr>; angefangen als Bauleiter, zuletzt als Abteilungsleiter und stellv. Niederlassungsleiter<\/p>\n<\/div>\n<\/div>\n\n\n\n<div class=\"wp-block-columns is-layout-flex wp-container-core-columns-is-layout-9d6595d7 wp-block-columns-is-layout-flex\">\n<div class=\"wp-block-column is-layout-flow wp-block-column-is-layout-flow\" style=\"flex-basis:15%\">\n<p><strong><em>08\/2022<\/em><\/strong><em><strong> &#8211; 10\/2024<\/strong><\/em><\/p>\n<\/div>\n\n\n\n<div class=\"wp-block-column is-layout-flow wp-block-column-is-layout-flow\" style=\"flex-basis:85%\">\n<p>Berufsbegleitendes Studium LL.M. \u201eBaurecht im Lebenszyklus von Bauwerken\u201c an der <em>FH M\u00fcnster <\/em>mit der Masterthesis zum Thema &#8222;Anspr\u00fcche des Auftragnehmers bei Bauablaufst\u00f6rungen durch abweichende Baugrundverh\u00e4ltnisse&#8220;<\/p>\n<\/div>\n<\/div>\n\n\n\n<div class=\"wp-block-columns is-layout-flex wp-container-core-columns-is-layout-9d6595d7 wp-block-columns-is-layout-flex\">\n<div class=\"wp-block-column is-layout-flow wp-block-column-is-layout-flow\" style=\"flex-basis:15%\">\n<p><strong><em>seit 08\/2024<\/em><\/strong><\/p>\n<\/div>\n\n\n\n<div class=\"wp-block-column is-layout-flow wp-block-column-is-layout-flow\" style=\"flex-basis:85%\">\n<p>wissenschaftlicher Mitarbeiter der Professur Baubetrieb und Baumanagement von Gro\u00dfprojekten an der <em>Helmut-Schmidt-Universit\u00e4t\/Universit\u00e4t der Bundeswehr<\/em><\/p>\n<\/div>\n<\/div>\n","protected":false},"excerpt":{"rendered":"<p>Master of Laws (LL.M.)Master of Business Administration (MBA) Henrik Schmitz unterst\u00fctzt seit August 2024 als wissenschaftlicher Mitarbeiter das Team um Prof. Kumlehn. Telefon: +49 (0)40-6541-3691 E-Mail: schmitzh@hsu.hamburg Raum: 0E123 PostanschriftHelmut-Schmidt-Universit\u00e4t\/Universit\u00e4t [&hellip;]<\/p>\n","protected":false},"author":3909,"featured_media":0,"parent":106,"menu_order":0,"comment_status":"closed","ping_status":"closed","template":"","meta":{"footnotes":""},"categories":[8],"tags":[],"class_list":["post-560","page","type-page","status-publish","hentry","category-team"],"_links":{"self":[{"href":"https:\/\/www.hsu-hh.de\/baubetrieb\/wp-json\/wp\/v2\/pages\/560","targetHints":{"allow":["GET"]}}],"collection":[{"href":"https:\/\/www.hsu-hh.de\/baubetrieb\/wp-json\/wp\/v2\/pages"}],"about":[{"href":"https:\/\/www.hsu-hh.de\/baubetrieb\/wp-json\/wp\/v2\/types\/page"}],"author":[{"embeddable":true,"href":"https:\/\/www.hsu-hh.de\/baubetrieb\/wp-json\/wp\/v2\/users\/3909"}],"replies":[{"embeddable":true,"href":"https:\/\/www.hsu-hh.de\/baubetrieb\/wp-json\/wp\/v2\/comments?post=560"}],"version-history":[{"count":62,"href":"https:\/\/www.hsu-hh.de\/baubetrieb\/wp-json\/wp\/v2\/pages\/560\/revisions"}],"predecessor-version":[{"id":846,"href":"https:\/\/www.hsu-hh.de\/baubetrieb\/wp-json\/wp\/v2\/pages\/560\/revisions\/846"}],"up":[{"embeddable":true,"href":"https:\/\/www.hsu-hh.de\/baubetrieb\/wp-json\/wp\/v2\/pages\/106"}],"wp:attachment":[{"href":"https:\/\/www.hsu-hh.de\/baubetrieb\/wp-json\/wp\/v2\/media?parent=560"}],"wp:term":[{"taxonomy":"category","embeddable":true,"href":"https:\/\/www.hsu-hh.de\/baubetrieb\/wp-json\/wp\/v2\/categories?post=560"},{"taxonomy":"post_tag","embeddable":true,"href":"https:\/\/www.hsu-hh.de\/baubetrieb\/wp-json\/wp\/v2\/tags?post=560"}],"curies":[{"name":"wp","href":"https:\/\/api.w.org\/{rel}","templated":true}]}}