{"id":336,"date":"2024-07-01T14:09:37","date_gmt":"2024-07-01T12:09:37","guid":{"rendered":"https:\/\/www.hsu-hh.de\/baubetrieb\/?page_id=336"},"modified":"2025-12-18T09:27:07","modified_gmt":"2025-12-18T08:27:07","slug":"vortraege","status":"publish","type":"page","link":"https:\/\/www.hsu-hh.de\/baubetrieb\/mitarbeiter\/leitung\/vortraege\/","title":{"rendered":"Vortr\u00e4ge"},"content":{"rendered":"\n<p>Inhouse-Seminar f\u00fcr ein Ingenieurb\u00fcro zum Thema \u201eBaurecht f\u00fcr Projektleitung und Bauoberleitung&#8220; zusammen mit einem Baujuristen (2025)<\/p>\n\n\n\n<p>Vortrag im Rahmen der Weiterbildungsveranstaltung \u201e<em>Es geht um (Ihr) Geld! \u2013 Wichtige Entwicklungen bei Ausschreibung, Nachtr\u00e4gen und Behinderungen<\/em>\u201c von Paratus Consult am 28.03.2025 zum Thema \u201e<em>Tats\u00e4chlich erforderliche Kosten<\/em>\u201c<\/p>\n\n\n\n<p>Vortrag am 23.01.2025 bei der Fortbildungsveranstaltung <em>\u201eTats\u00e4chlich erforderliche Kosten \u2013 ein Zwischenstand Juristische und baubetriebliche Ans\u00e4tze in Theorie und Praxis<\/em>\u201c des Arbeitskreises Baurecht und Baubetrieb der Deutschen Gesellschaft f\u00fcr Baurecht (DGfB) zum Thema \u201e<em>Baubetrieblicher Nachweis tats\u00e4chlich erforderlicher Kosten \u2013 In der Zwickm\u00fchle zwischen Kalkulationsfreiheit, Urkalkulation und Rechnungsbeleg<\/em>\u201c<\/p>\n\n\n\n<p>Vortrag bei der Fachtagung \u201eVOB und Recht\u201c des Verbands Fenster + Fassade am 24.10.2023 zum Thema \u201e<em>Annahmeverzug \u2013 Baubetriebsgutachterliche L\u00f6sungsans\u00e4tze f\u00fcr die \u201eGerechtigkeitsl\u00fccke\u201c in der Rechtsprechung<\/em>\u201c<\/p>\n\n\n\n<p>Inhouse-Seminar f\u00fcr einen \u00f6ffentlichen Auftraggeber (Wasserbau) zum Thema \u201e<em>Nachtragsmanagement in Zeiten rechtlicher Unklarheiten bei der Preisermittlungsgrundlage<\/em>\u201c (2023)<\/p>\n\n\n\n<p>Vortrag im Rahmen der Weiterbildungsveranstaltung \u201eWenn die D\u00e4mme brechen : Effektives Vertragsmanagement statt VOB-Katastrophe\u201c von Paratus Consult am 23.06.2023 zum Thema \u201e<em>Rechtliche Unklarheiten bei Preis- und Terminfortschreibung &#8211; Baubetriebliche L\u00f6sungsans\u00e4tze f\u00fcr einvernehmliche Einigungen<\/em>\u201c<\/p>\n\n\n\n<p>Inhouse-Seminar f\u00fcr eine Anwaltskammer zum Thema \u201e<em>Wenn das Gef\u00fcge aus dem Gleichgewicht ger\u00e4t : Aktuell Baurechtliches und Baubetriebliches zu Krieg, Pandemie, Vertragsfrist und Preis<\/em>\u201c (2023)<\/p>\n\n\n\n<p>Inhouse-Seminar f\u00fcr einen \u00f6ffentlichen Auftraggeber (Wasserbau) zum Thema \u201eGest\u00f6rter Bauablauf\u201c (2022)<\/p>\n\n\n\n<p>Inhouse-Seminar f\u00fcr einen Baulogistikdienstleister zum Thema \u201e<em>Angebotsbearbeitung und Projektcontrolling<\/em>\u201c (2021)<\/p>\n\n\n\n<p>Vortrag bei der Fachtagung \u201eVOB und Recht\u201c des Verbands Fenster + Fassade am 28.10.2021 zum Thema \u201e<em>COVID-19, Lieferengp\u00e4sse und Extremwetter: Wie teilen sich Vertragspartner die Kosten?<\/em>\u201c<\/p>\n\n\n\n<p>Vortrag beim 19. Grazer Baubetriebs- und Bauwirtschaftssymposium am 26.03.2021 zum Thema \u201e<em>Tats\u00e4chlich erforderlich\u201c statt \u201ekalkulatorisch\u201c: Erfahrungen mit der neuen Nachweisf\u00fchrung in Deutschland<\/em><\/p>\n\n\n\n<p>Vortrag im Rahmen der Seminarreihe \u201eParatus Legal Aktuell\u201c der Rechtsanwaltskanzlei Paratus Legal am 17.01.2020 zum Thema \u201e<em>Verg\u00fctung im Umbruch<\/em>\u201c<\/p>\n\n\n\n<p>Inhouse-Seminar f\u00fcr einen \u00f6ffentlichen Auftraggeber (Hochbau) zum Thema \u201e<em>Vergabe und Abrechnung von Architekten- und Ingenieurleistungen<\/em>\u201c (2019)<\/p>\n\n\n\n<p>Inhouse-Seminar f\u00fcr ein Bauunternehmen zum Thema \u201e<em>Gest\u00f6rter Bauablauf<\/em>\u201c (2019)<\/p>\n\n\n\n<p>Inhouse-Seminar f\u00fcr einen \u00f6ffentlichen Auftraggeber (Stra\u00dfenbau) zum Thema \u201e<em>Nachtragsmanagement und Nachtragskalkulation<\/em>\u201c (2018 und 2019)<\/p>\n\n\n\n<p>Vortrag beim Braunschweiger Baubetriebsseminar am 16.02.2018 zum Thema \u201e<em>Terminliche Anspr\u00fcche aus Nachtragsleistungen \u2013 Die \u201etats\u00e4chlich erforderliche\u201c Bauzeit<\/em>\u201c<\/p>\n\n\n\n<p>Vortrag im Rahmen der Seminarreihe \u201eParatus Legal Aktuell\u201c der Rechtsanwaltskanzlei Paratus Legal am 22.09.2016 zum Thema \u201e<em>BIM Building Information Modeling \u2013 eine erste Orientierung f\u00fcr die Praxis<\/em>\u201c<\/p>\n","protected":false},"excerpt":{"rendered":"<p>Inhouse-Seminar f\u00fcr ein Ingenieurb\u00fcro zum Thema \u201eBaurecht f\u00fcr Projektleitung und Bauoberleitung&#8220; zusammen mit einem Baujuristen (2025) Vortrag im Rahmen der Weiterbildungsveranstaltung \u201eEs geht um (Ihr) Geld! \u2013 Wichtige Entwicklungen bei [&hellip;]<\/p>\n","protected":false},"author":3909,"featured_media":0,"parent":498,"menu_order":0,"comment_status":"closed","ping_status":"closed","template":"","meta":{"footnotes":""},"categories":[42,8],"tags":[],"class_list":["post-336","page","type-page","status-publish","hentry","category-prof-kumlehn","category-team"],"_links":{"self":[{"href":"https:\/\/www.hsu-hh.de\/baubetrieb\/wp-json\/wp\/v2\/pages\/336","targetHints":{"allow":["GET"]}}],"collection":[{"href":"https:\/\/www.hsu-hh.de\/baubetrieb\/wp-json\/wp\/v2\/pages"}],"about":[{"href":"https:\/\/www.hsu-hh.de\/baubetrieb\/wp-json\/wp\/v2\/types\/page"}],"author":[{"embeddable":true,"href":"https:\/\/www.hsu-hh.de\/baubetrieb\/wp-json\/wp\/v2\/users\/3909"}],"replies":[{"embeddable":true,"href":"https:\/\/www.hsu-hh.de\/baubetrieb\/wp-json\/wp\/v2\/comments?post=336"}],"version-history":[{"count":7,"href":"https:\/\/www.hsu-hh.de\/baubetrieb\/wp-json\/wp\/v2\/pages\/336\/revisions"}],"predecessor-version":[{"id":1246,"href":"https:\/\/www.hsu-hh.de\/baubetrieb\/wp-json\/wp\/v2\/pages\/336\/revisions\/1246"}],"up":[{"embeddable":true,"href":"https:\/\/www.hsu-hh.de\/baubetrieb\/wp-json\/wp\/v2\/pages\/498"}],"wp:attachment":[{"href":"https:\/\/www.hsu-hh.de\/baubetrieb\/wp-json\/wp\/v2\/media?parent=336"}],"wp:term":[{"taxonomy":"category","embeddable":true,"href":"https:\/\/www.hsu-hh.de\/baubetrieb\/wp-json\/wp\/v2\/categories?post=336"},{"taxonomy":"post_tag","embeddable":true,"href":"https:\/\/www.hsu-hh.de\/baubetrieb\/wp-json\/wp\/v2\/tags?post=336"}],"curies":[{"name":"wp","href":"https:\/\/api.w.org\/{rel}","templated":true}]}}