{"id":1194,"date":"2025-10-28T14:15:58","date_gmt":"2025-10-28T13:15:58","guid":{"rendered":"https:\/\/www.hsu-hh.de\/baubetrieb\/?page_id=1194"},"modified":"2025-10-29T13:18:52","modified_gmt":"2025-10-29T12:18:52","slug":"neue-veroeffentlichung-in-der-bauw-bauwirtschaft-03-2025","status":"publish","type":"page","link":"https:\/\/www.hsu-hh.de\/baubetrieb\/neue-veroeffentlichung-in-der-bauw-bauwirtschaft-03-2025\/","title":{"rendered":"Anspr\u00fcche gem\u00e4\u00df \u00a7 650c BGB: Baubetrieblicher Nachweis von Tats\u00e4chlichkeit und Angemessenheit"},"content":{"rendered":"\n<p>Nach nun fast 7 Jahren findet das &#8222;neue&#8220; Bauvertragsrecht inklusive seiner Regelungen zu Verg\u00fctungsanspr\u00fcchen nach \u00a7 650c BGB Anwendung. Die viel diskutierten &#8222;tats\u00e4chlich erforderlichen Kosten zuz\u00fcglich angemessener Zuschl\u00e4ge&#8220; sorgen seit dem Paukenschlagurteil des BGH vom 08.08.2019 unaufh\u00f6rlich f\u00fcr Aufsehen.<\/p>\n\n\n\n<p>Wann sind Kosten tats\u00e4chlich und erforderlich? Gibt es greifbare Anhaltspunkte f\u00fcr die Angemessenheit von Zuschl\u00e4gen? Wie etwa k\u00f6nnen Baustellengemeinkosten sinnvoll abgegrenzt werden? K\u00f6nnen bei Eigenleistungen kalkulatorische Kosten als Beleg herangezogen werden? Es bestehen zahlreiche offene Fragen, auf die die Baupraxis noch l\u00e4ngst keine abschlie\u00dfenden Antworten gefunden hat. Vor dem Hintergrund bleibt vor allem zu kl\u00e4ren, inwieweit die aus dem Gesetz abzuleitenden Darlegungs- und Nachweisanforderungen einerseits zwingend und andererseits in der Realit\u00e4t \u00fcberhaupt umsetzbar sind.<\/p>\n\n\n\n<p>Einen Impuls soll der neue Beitrag in der aktuellen Ausgabe 03\/2025 der Zeitschrift Bauwirtschaft (BauW) von <a href=\"https:\/\/www.hsu-hh.de\/baubetrieb\/mitarbeiter\/leitung\/\" data-type=\"page\" data-id=\"498\">Frank Kumlehn<\/a> und <a href=\"https:\/\/www.hsu-hh.de\/baubetrieb\/mitarbeiter\/wma-sebastian-kock\/\" data-type=\"page\" data-id=\"744\">Sebastian Kock<\/a><strong> <\/strong>geben. Bestehende Unklarheiten werden aufgezeigt und potenzielle L\u00f6sungen skizziert. Aus baubetrieblicher Sicht sollte f\u00fcr eine praxistaugliche Ableitung berechtigter Verg\u00fctungsanspr\u00fcche h\u00e4ufiger auf &#8222;Fiktionen&#8220; zur\u00fcckgegriffen werden, als der Begriff &#8222;tats\u00e4chlich&#8220; vermuten l\u00e4sst.<\/p>\n\n\n\n<p><em>Der Beitrag ist verf\u00fcgbar unter <\/em><a href=\"https:\/\/openhsu.ub.hsu-hh.de\/handle\/10.24405\/21526\" rel='nofollow'>https:\/\/openhsu.ub.hsu-hh.de\/handle\/10.24405\/21526<\/a><\/p>\n\n\n\n<p><\/p>\n","protected":false},"excerpt":{"rendered":"<p>Nach nun fast 7 Jahren findet das &#8222;neue&#8220; Bauvertragsrecht inklusive seiner Regelungen zu Verg\u00fctungsanspr\u00fcchen nach \u00a7 650c BGB Anwendung. Die viel diskutierten &#8222;tats\u00e4chlich erforderlichen Kosten zuz\u00fcglich angemessener Zuschl\u00e4ge&#8220; sorgen seit [&hellip;]<\/p>\n","protected":false},"author":3909,"featured_media":0,"parent":0,"menu_order":0,"comment_status":"closed","ping_status":"closed","template":"","meta":{"footnotes":""},"categories":[44],"tags":[],"class_list":["post-1194","page","type-page","status-publish","hentry","category-unterseiten"],"_links":{"self":[{"href":"https:\/\/www.hsu-hh.de\/baubetrieb\/wp-json\/wp\/v2\/pages\/1194","targetHints":{"allow":["GET"]}}],"collection":[{"href":"https:\/\/www.hsu-hh.de\/baubetrieb\/wp-json\/wp\/v2\/pages"}],"about":[{"href":"https:\/\/www.hsu-hh.de\/baubetrieb\/wp-json\/wp\/v2\/types\/page"}],"author":[{"embeddable":true,"href":"https:\/\/www.hsu-hh.de\/baubetrieb\/wp-json\/wp\/v2\/users\/3909"}],"replies":[{"embeddable":true,"href":"https:\/\/www.hsu-hh.de\/baubetrieb\/wp-json\/wp\/v2\/comments?post=1194"}],"version-history":[{"count":4,"href":"https:\/\/www.hsu-hh.de\/baubetrieb\/wp-json\/wp\/v2\/pages\/1194\/revisions"}],"predecessor-version":[{"id":1213,"href":"https:\/\/www.hsu-hh.de\/baubetrieb\/wp-json\/wp\/v2\/pages\/1194\/revisions\/1213"}],"wp:attachment":[{"href":"https:\/\/www.hsu-hh.de\/baubetrieb\/wp-json\/wp\/v2\/media?parent=1194"}],"wp:term":[{"taxonomy":"category","embeddable":true,"href":"https:\/\/www.hsu-hh.de\/baubetrieb\/wp-json\/wp\/v2\/categories?post=1194"},{"taxonomy":"post_tag","embeddable":true,"href":"https:\/\/www.hsu-hh.de\/baubetrieb\/wp-json\/wp\/v2\/tags?post=1194"}],"curies":[{"name":"wp","href":"https:\/\/api.w.org\/{rel}","templated":true}]}}