{"id":840,"date":"2022-06-20T15:08:31","date_gmt":"2022-06-20T13:08:31","guid":{"rendered":"https:\/\/www.hsu-hh.de\/awt\/?page_id=840"},"modified":"2022-06-21T09:54:23","modified_gmt":"2022-06-21T07:54:23","slug":"polymerbeschichtungen-als-schutzschicht-gegen-umwelteinfluesse-von-zyklisiertem-metallhydrid","status":"publish","type":"page","link":"https:\/\/www.hsu-hh.de\/awt\/lehre\/abschlussarbeiten\/polymerbeschichtungen-als-schutzschicht-gegen-umwelteinfluesse-von-zyklisiertem-metallhydrid\/","title":{"rendered":"Polymerbeschichtungen als Schutzschicht gegen Umwelteinfl\u00fcsse von zyklisiertem Metallhydrid"},"content":{"rendered":"\n<p>Die von uns verwendeten Metallhydride f\u00fcr die Wasserstoffspeicherung sind im Ausgangszustand unempfindlich gegen\u00fcber Sauerstoff und Feuchtigkeit, was die Handhabung deutlich vereinfacht. Dies \u00e4ndert sich jedoch schlagartig nachdem das Material mehrmals Wasserstoff ab- und desorbiert (zyklisiert) hat und nur noch unter Schutzatmosph\u00e4re verwendet werden kann. Durch die Zyklisierung kommt es zu einer Verringerung der Partikelgr\u00f6\u00dfe sowie Entfernung der Oxidschicht, sodass das Material dann bei Kontakt mit Luft reagiert.<br>Wir haben das Einbetten der Partikel in eine Polymerschicht schon als M\u00f6glichkeit untersucht die Stabilit\u00e4t von verschiedenen festen Wasserstoffspeichermaterialien zu verbessern und dieses Verfahren soll nun auf eine weitere Legierung \u00fcbertragen werden.<br>In dieser Arbeit mit experimentellem Fokus soll der Student bereits zyklisiertes Material in Schutzatmosph\u00e4re (Handschuhbox) in eine Polymermatrix einbetten (<abbr title=\"zum Beispiel\">z.B.<\/abbr> mittels Rakel) und die Stabilit\u00e4t gegen\u00fcber Luft \u00fcberpr\u00fcfen sowie Kinetik und Wasserstoffkapazit\u00e4t mit der Ausgangsverbindung vergleichen.<\/p>\n\n\n\n<p><strong>Ansprechpartner: <\/strong><a href=\"https:\/\/www.hsu-hh.de\/awt\/team\/warfsmann\/\" data-type=\"page\" data-id=\"239\">Jan Warfsmann<\/a><\/p>\n","protected":false},"excerpt":{"rendered":"<p>Die von uns verwendeten Metallhydride f\u00fcr die Wasserstoffspeicherung sind im Ausgangszustand unempfindlich gegen\u00fcber Sauerstoff und Feuchtigkeit, was die Handhabung deutlich vereinfacht. Dies \u00e4ndert sich jedoch schlagartig nachdem das Material mehrmals [&hellip;]<\/p>\n","protected":false},"author":3340,"featured_media":0,"parent":676,"menu_order":0,"comment_status":"closed","ping_status":"closed","template":"","meta":{"footnotes":""},"categories":[6],"tags":[],"class_list":["post-840","page","type-page","status-publish","hentry","category-lehre"],"_links":{"self":[{"href":"https:\/\/www.hsu-hh.de\/awt\/wp-json\/wp\/v2\/pages\/840","targetHints":{"allow":["GET"]}}],"collection":[{"href":"https:\/\/www.hsu-hh.de\/awt\/wp-json\/wp\/v2\/pages"}],"about":[{"href":"https:\/\/www.hsu-hh.de\/awt\/wp-json\/wp\/v2\/types\/page"}],"author":[{"embeddable":true,"href":"https:\/\/www.hsu-hh.de\/awt\/wp-json\/wp\/v2\/users\/3340"}],"replies":[{"embeddable":true,"href":"https:\/\/www.hsu-hh.de\/awt\/wp-json\/wp\/v2\/comments?post=840"}],"version-history":[{"count":1,"href":"https:\/\/www.hsu-hh.de\/awt\/wp-json\/wp\/v2\/pages\/840\/revisions"}],"predecessor-version":[{"id":841,"href":"https:\/\/www.hsu-hh.de\/awt\/wp-json\/wp\/v2\/pages\/840\/revisions\/841"}],"up":[{"embeddable":true,"href":"https:\/\/www.hsu-hh.de\/awt\/wp-json\/wp\/v2\/pages\/676"}],"wp:attachment":[{"href":"https:\/\/www.hsu-hh.de\/awt\/wp-json\/wp\/v2\/media?parent=840"}],"wp:term":[{"taxonomy":"category","embeddable":true,"href":"https:\/\/www.hsu-hh.de\/awt\/wp-json\/wp\/v2\/categories?post=840"},{"taxonomy":"post_tag","embeddable":true,"href":"https:\/\/www.hsu-hh.de\/awt\/wp-json\/wp\/v2\/tags?post=840"}],"curies":[{"name":"wp","href":"https:\/\/api.w.org\/{rel}","templated":true}]}}