{"id":829,"date":"2022-06-20T14:27:47","date_gmt":"2022-06-20T12:27:47","guid":{"rendered":"https:\/\/www.hsu-hh.de\/awt\/?page_id=829"},"modified":"2022-06-21T09:52:22","modified_gmt":"2022-06-21T07:52:22","slug":"digitales-und-semi-empirisches-design-von-effizienten-adiabatischen-wasserstoffspeichern","status":"publish","type":"page","link":"https:\/\/www.hsu-hh.de\/awt\/lehre\/abschlussarbeiten\/digitales-und-semi-empirisches-design-von-effizienten-adiabatischen-wasserstoffspeichern\/","title":{"rendered":"Digitales und semi-empirisches Design von effizienten adiabatischen Wasserstoffspeichern"},"content":{"rendered":"\n<p>Im Rahmen des Projekts soll eine Methode zur geeigneten Kopplung zwischen Metallhydrid und thermochemischen Materialien entwickelt werden. Dar\u00fcber hinaus sollen diese Materialkandidaten mit Hilfe von Finite-Elemente-Simulationen (auf Basis von COMSOL Multiphysics) untersucht werden, um die Realisierbarkeit und die Leistungsf\u00e4higkeit dieser Systeme in Bezug auf die kinetische Gesamtleistung, die Skalierbarkeit, die Speicherkapazit\u00e4t und die Implikationen f\u00fcr das Design dieser Systeme zu untersuchen.<\/p>\n\n\n\n<p>Die daf\u00fcr notwendigen Daten sollen aus der Literatur und unserer eigenen Daten gewonnen werden. Zus\u00e4tzlich k\u00f6nnen experimentelle Untersuchungen durchgef\u00fchrt werden, um die Eigenschaften der als vielversprechend identifizierten Materialien weiter zu erforschen (thermodynamische, kinetische, kristallographische, kalorimetrische, physikalische Eigenschaften <abbr title=\"und so weiter\">usw.<\/abbr>).<\/p>\n\n\n\n<p><strong>Ansprechpartner:<\/strong> <a href=\"https:\/\/www.hsu-hh.de\/awt\/team\/puszkiel\/\" data-type=\"page\" data-id=\"237\">Juli\u00e1n Puszkiel<\/a>,<a href=\"https:\/\/www.hsu-hh.de\/awt\/team\/neves\/\" data-type=\"page\" data-id=\"241\"> Andr\u00e9 Neves<\/a><\/p>\n","protected":false},"excerpt":{"rendered":"<p>Im Rahmen des Projekts soll eine Methode zur geeigneten Kopplung zwischen Metallhydrid und thermochemischen Materialien entwickelt werden. Dar\u00fcber hinaus sollen diese Materialkandidaten mit Hilfe von Finite-Elemente-Simulationen (auf Basis von COMSOL [&hellip;]<\/p>\n","protected":false},"author":3340,"featured_media":0,"parent":676,"menu_order":0,"comment_status":"closed","ping_status":"closed","template":"","meta":{"footnotes":""},"categories":[6],"tags":[],"class_list":["post-829","page","type-page","status-publish","hentry","category-lehre"],"_links":{"self":[{"href":"https:\/\/www.hsu-hh.de\/awt\/wp-json\/wp\/v2\/pages\/829","targetHints":{"allow":["GET"]}}],"collection":[{"href":"https:\/\/www.hsu-hh.de\/awt\/wp-json\/wp\/v2\/pages"}],"about":[{"href":"https:\/\/www.hsu-hh.de\/awt\/wp-json\/wp\/v2\/types\/page"}],"author":[{"embeddable":true,"href":"https:\/\/www.hsu-hh.de\/awt\/wp-json\/wp\/v2\/users\/3340"}],"replies":[{"embeddable":true,"href":"https:\/\/www.hsu-hh.de\/awt\/wp-json\/wp\/v2\/comments?post=829"}],"version-history":[{"count":1,"href":"https:\/\/www.hsu-hh.de\/awt\/wp-json\/wp\/v2\/pages\/829\/revisions"}],"predecessor-version":[{"id":830,"href":"https:\/\/www.hsu-hh.de\/awt\/wp-json\/wp\/v2\/pages\/829\/revisions\/830"}],"up":[{"embeddable":true,"href":"https:\/\/www.hsu-hh.de\/awt\/wp-json\/wp\/v2\/pages\/676"}],"wp:attachment":[{"href":"https:\/\/www.hsu-hh.de\/awt\/wp-json\/wp\/v2\/media?parent=829"}],"wp:term":[{"taxonomy":"category","embeddable":true,"href":"https:\/\/www.hsu-hh.de\/awt\/wp-json\/wp\/v2\/categories?post=829"},{"taxonomy":"post_tag","embeddable":true,"href":"https:\/\/www.hsu-hh.de\/awt\/wp-json\/wp\/v2\/tags?post=829"}],"curies":[{"name":"wp","href":"https:\/\/api.w.org\/{rel}","templated":true}]}}