{"id":323,"date":"2022-05-06T14:04:28","date_gmt":"2022-05-06T12:04:28","guid":{"rendered":"https:\/\/www.hsu-hh.de\/awt\/?page_id=323"},"modified":"2024-06-24T12:13:41","modified_gmt":"2024-06-24T10:13:41","slug":"naturwissenschaftlich-technisches-praktikum-i-nwtpi","status":"publish","type":"page","link":"https:\/\/www.hsu-hh.de\/awt\/lehre\/vorlesungen\/naturwissenschaftlich-technisches-praktikum-i-nwtpi\/","title":{"rendered":"Naturwissenschaftlich-technisches Praktikum I (NWTPI)"},"content":{"rendered":"\n<div class=\"wp-block-columns is-layout-flex wp-container-core-columns-is-layout-9d6595d7 wp-block-columns-is-layout-flex\">\n<div class=\"wp-block-column is-layout-flow wp-block-column-is-layout-flow\" style=\"flex-basis:33.33%\">\n<p>Kursnummer:<\/p>\n\n\n\n<p>Modulverantwortlicher:<\/p>\n\n\n\n<p>Studiengang:<\/p>\n\n\n\n<p>Trimester:<\/p>\n\n\n\n<p>Leistungspunkte:<\/p>\n<\/div>\n\n\n\n<div class=\"wp-block-column is-layout-flow wp-block-column-is-layout-flow\" style=\"flex-basis:66.66%\">\n<p>MB 02901<\/p>\n\n\n\n<p><abbr title=\"Professor\">Prof.<\/abbr> <abbr title=\"Doktor\">Dr.<\/abbr>\u2013<abbr title=\"Ingenieur\">Ing.<\/abbr> Julian Jepsen<\/p>\n\n\n\n<p>Maschinenbau, Bauingenieurwesen<\/p>\n\n\n\n<p>Wintertrimester<\/p>\n\n\n\n<p>2<\/p>\n<\/div>\n<\/div>\n\n\n\n<div class=\"wp-block-columns is-layout-flex wp-container-core-columns-is-layout-9d6595d7 wp-block-columns-is-layout-flex\">\n<div class=\"wp-block-column is-layout-flow wp-block-column-is-layout-flow\" style=\"flex-basis:33.33%\">\n<p>Qualifikationsziele:<\/p>\n<\/div>\n\n\n\n<div class=\"wp-block-column is-layout-flow wp-block-column-is-layout-flow\" style=\"flex-basis:66.66%\">\n<p>Studierende dieses Moduls sollen Kernthemen verschiedener Vorlesungen in Form von<br>Laborversuchen vertiefen und sich mit praxisrelevanten Methoden und Ger\u00e4ten vertraut<br>machen. Sie sollen die Konzeption, Durchf\u00fchrung und Dokumentation von Experimenten<br>kennen lernen und dadurch in die Lage versetzt werden, eigenst\u00e4ndig wissenschaftliche und technische Ger\u00e4te zu bedienen sowie Versuchsreihen zu planen und zu dokumentieren.<\/p>\n<\/div>\n<\/div>\n\n\n\n<div class=\"wp-block-columns is-layout-flex wp-container-core-columns-is-layout-9d6595d7 wp-block-columns-is-layout-flex\">\n<div class=\"wp-block-column is-layout-flow wp-block-column-is-layout-flow\" style=\"flex-basis:33.33%\">\n<p>Inhalte:<\/p>\n<\/div>\n\n\n\n<div class=\"wp-block-column is-layout-flow wp-block-column-is-layout-flow\" style=\"flex-basis:66.66%\">\n<p><strong>Werkstofftechnik: <\/strong>Aufbau von Werkstoffen und Gitterstrukturen mittels R\u00f6ntgenfeinstrukturanalyse, Korngr\u00f6\u00dfen und innere Spannungen, Ausbildung und Charakterisierung von Mikrostrukturen und Phasenumwandlungen, Phasendiagramme, insbesondere Eisen-Kohlenstoff, grunds\u00e4tzliche H\u00e4rtungsmechanismen, Korrosion, Verhalten und Versagen von Werkstoffen unter mechanischer Last und entsprechende Pr\u00fcfverfahren, zerst\u00f6rungsfreie Werkstoffpr\u00fcfung, Mikroskopische Methoden (Licht- und Rasterelektronenmikroskopie).<br><strong>Mechanik: <\/strong>Kr\u00e4fteverteilung in Fachwerkstrukturen, Reibungseffekte, Elastizit\u00e4tslehre am Beispiel von Versuchen mit Werkstoffen unter Last (Zugversuche, orthotropes Werkstoffverhalten, Relaxation, Kriechen); Verifizierung von Modellen der Mechanik (Bernoulli-Hypothese unter Verwendung von Korrelations-Messsystem).<\/p>\n<\/div>\n<\/div>\n\n\n\n<p><\/p>\n","protected":false},"excerpt":{"rendered":"<p>Kursnummer: Modulverantwortlicher: Studiengang: Trimester: Leistungspunkte: MB 02901 Prof. Dr.\u2013Ing. Julian Jepsen Maschinenbau, Bauingenieurwesen Wintertrimester 2 Qualifikationsziele: Studierende dieses Moduls sollen Kernthemen verschiedener Vorlesungen in Form vonLaborversuchen vertiefen und sich mit [&hellip;]<\/p>\n","protected":false},"author":3306,"featured_media":0,"parent":862,"menu_order":0,"comment_status":"closed","ping_status":"closed","template":"","meta":{"footnotes":""},"categories":[6],"tags":[],"class_list":["post-323","page","type-page","status-publish","hentry","category-lehre"],"_links":{"self":[{"href":"https:\/\/www.hsu-hh.de\/awt\/wp-json\/wp\/v2\/pages\/323","targetHints":{"allow":["GET"]}}],"collection":[{"href":"https:\/\/www.hsu-hh.de\/awt\/wp-json\/wp\/v2\/pages"}],"about":[{"href":"https:\/\/www.hsu-hh.de\/awt\/wp-json\/wp\/v2\/types\/page"}],"author":[{"embeddable":true,"href":"https:\/\/www.hsu-hh.de\/awt\/wp-json\/wp\/v2\/users\/3306"}],"replies":[{"embeddable":true,"href":"https:\/\/www.hsu-hh.de\/awt\/wp-json\/wp\/v2\/comments?post=323"}],"version-history":[{"count":6,"href":"https:\/\/www.hsu-hh.de\/awt\/wp-json\/wp\/v2\/pages\/323\/revisions"}],"predecessor-version":[{"id":1493,"href":"https:\/\/www.hsu-hh.de\/awt\/wp-json\/wp\/v2\/pages\/323\/revisions\/1493"}],"up":[{"embeddable":true,"href":"https:\/\/www.hsu-hh.de\/awt\/wp-json\/wp\/v2\/pages\/862"}],"wp:attachment":[{"href":"https:\/\/www.hsu-hh.de\/awt\/wp-json\/wp\/v2\/media?parent=323"}],"wp:term":[{"taxonomy":"category","embeddable":true,"href":"https:\/\/www.hsu-hh.de\/awt\/wp-json\/wp\/v2\/categories?post=323"},{"taxonomy":"post_tag","embeddable":true,"href":"https:\/\/www.hsu-hh.de\/awt\/wp-json\/wp\/v2\/tags?post=323"}],"curies":[{"name":"wp","href":"https:\/\/api.w.org\/{rel}","templated":true}]}}