{"id":170,"date":"2022-05-30T07:22:52","date_gmt":"2022-05-30T05:22:52","guid":{"rendered":"https:\/\/www.hsu-hh.de\/awt\/?page_id=170"},"modified":"2025-10-23T17:24:56","modified_gmt":"2025-10-23T15:24:56","slug":"hyreflexs","status":"publish","type":"page","link":"https:\/\/www.hsu-hh.de\/awt\/forschung\/projekte\/hyreflexs\/","title":{"rendered":"HyReflexS"},"content":{"rendered":"\n<div class=\"wp-block-columns is-layout-flex wp-container-core-columns-is-layout-9d6595d7 wp-block-columns-is-layout-flex\">\n<div class=\"wp-block-column is-layout-flow wp-block-column-is-layout-flow\" style=\"flex-basis:100%\"><div class=\"wp-block-image is-style-default\">\n<figure class=\"aligncenter size-large is-resized\"><img loading=\"lazy\" decoding=\"async\" width=\"1024\" height=\"602\" src=\"https:\/\/www.hsu-hh.de\/awt\/wp-content\/uploads\/sites\/866\/2022\/08\/HyReflexS-1024x602.png\" data-credit=\"Lukas F.\/Julian P.\" alt=\"HyReflexS\" class=\"wp-image-1076\" style=\"width:512px;height:301px\" srcset=\"https:\/\/www.hsu-hh.de\/awt\/wp-content\/uploads\/sites\/866\/2022\/08\/HyReflexS-1024x602.png 1024w, https:\/\/www.hsu-hh.de\/awt\/wp-content\/uploads\/sites\/866\/2022\/08\/HyReflexS-300x176.png 300w, https:\/\/www.hsu-hh.de\/awt\/wp-content\/uploads\/sites\/866\/2022\/08\/HyReflexS-768x451.png 768w, https:\/\/www.hsu-hh.de\/awt\/wp-content\/uploads\/sites\/866\/2022\/08\/HyReflexS-1100x646.png 1100w, https:\/\/www.hsu-hh.de\/awt\/wp-content\/uploads\/sites\/866\/2022\/08\/HyReflexS.png 1120w\" sizes=\"auto, (max-width: 1024px) 100vw, 1024px\" \/><\/figure>\n<\/div><\/div>\n<\/div>\n\n\n\n<p class=\"has-grey-background-color has-background\"><strong>Wasserstoffbasierte Notstromversorgung mit integriertem Regelkraftwerk mittels flexibler Sektorkopplung sowie Einbindung von Wasserstoffspeichern auf Basis von Metallhydriden zur Flexibilisierung der Sektorkopplung (HyReflexS)<\/strong><\/p>\n\n\n\n<p>Durch die beschlossene Umstellung auf elektrisch angetriebene Busse steht der Busbetrieb in Hamburg vor einer umfangreichen Neustrukturierung. Neben umfassenden Konzepten f\u00fcr den Normalbetrieb spielt unter anderem die k\u00fcnftige Notstromversorgung der Busbetriebsh\u00f6fe eine wichtige Rolle. Im Projekt HyReflexS entwickeln wir eine Notstromversorgung mittels Brennstoffzellen- und Elektrolysesysteme in Kombination mit Wasserstoffspeichern auf Basis von Metallhydriden (MH). Das Gesamtsystem erlaubt die Demonstration der Sektorkopplung mit Hilfe einer \u201ePower-to-Gas\u201c-Anlage (PtG) zur Kopplung der Sektoren Gas, Strom und Mobilit\u00e4t. Die Forschungsschwerpunkte der Professur umfassen hierbei:<\/p>\n\n\n\n<ul class=\"wp-block-list\">\n<li>Aufbau und Erprobung eines Systems zur Aufbereitung von Wasserstoff auf Basis von Polymermembranen und MH<\/li>\n\n\n\n<li>Aufbau und Erprobung eines modularen Wasserstoffspeichers auf Basis von MH<\/li>\n\n\n\n<li>Integration dieser Komponenten und Entwicklung einer (Teil-)Prozesssteuerung und -regelung<\/li>\n\n\n\n<li>Thermo-chemische Prozess- und Komponentensimulation<\/li>\n<\/ul>\n\n\n\n<div style=\"height:20px\" aria-hidden=\"true\" class=\"wp-block-spacer\"><\/div>\n\n\n\n<p><strong>Laufzeit:<\/strong> 10\/2020 \u2013 12\/2026<\/p>\n\n\n\n<div class=\"wp-block-columns is-layout-flex wp-container-core-columns-is-layout-9d6595d7 wp-block-columns-is-layout-flex\">\n<div class=\"wp-block-column is-vertically-aligned-center is-layout-flow wp-block-column-is-layout-flow\" style=\"flex-basis:66.66%\">\n<p><strong>Gef\u00f6rdert durch:<\/strong> <a href=\"https:\/\/www.bmwk.de\/\" rel='nofollow'>Bundesministerium f\u00fcr Wirtschaft und Klimaschutz (BMWK) <\/a><\/p>\n\n\n\n<p>FKZ: 03EI3020A<\/p>\n<\/div>\n\n\n\n<div class=\"wp-block-column is-layout-flow wp-block-column-is-layout-flow\" style=\"flex-basis:33.33%\">\n<figure class=\"wp-block-image size-full is-resized\"><a href=\"https:\/\/www.bmwk.de\/\" rel='nofollow'><img loading=\"lazy\" decoding=\"async\" width=\"286\" height=\"177\" src=\"https:\/\/www.hsu-hh.de\/awt\/wp-content\/uploads\/sites\/866\/2022\/04\/bw.png\" data-credit=\"BUNDESMINISTERIUM F\u00dcR WIRTSCHAFT UND KLIMASCHUTZ\" alt=\"\" class=\"wp-image-172\" style=\"width:218px;height:135px\" \/><\/a><\/figure>\n<\/div>\n<\/div>\n\n\n\n<div class=\"wp-block-columns is-layout-flex wp-container-core-columns-is-layout-9d6595d7 wp-block-columns-is-layout-flex\">\n<div class=\"wp-block-column is-layout-flow wp-block-column-is-layout-flow\" style=\"flex-basis:33.33%\">\n<p><strong> Projektpartner <\/strong><\/p>\n<\/div>\n\n\n\n<div class=\"wp-block-column is-layout-flow wp-block-column-is-layout-flow\" style=\"flex-basis:66.66%\">\n<ul class=\"wp-block-list\">\n<li><a href=\"https:\/\/www.hsu-hh.de\/ees\/\"><abbr title=\"Helmut Schmidt Universit\u00e4t\">HSU<\/abbr>, Professur f\u00fcr Elektrische Energiesysteme (Projektleitung)<\/a><\/li>\n\n\n\n<li><a href=\"https:\/\/capgemini-engineering.com\/\" rel='nofollow'>Capgemini Engineering<\/a><\/li>\n<\/ul>\n\n\n\n<div style=\"height:30px\" aria-hidden=\"true\" class=\"wp-block-spacer\"><\/div>\n\n\n\n<div class=\"wp-block-columns is-layout-flex wp-container-core-columns-is-layout-9d6595d7 wp-block-columns-is-layout-flex\">\n<div class=\"wp-block-column is-layout-flow wp-block-column-is-layout-flow\">\n<figure class=\"wp-block-image size-full is-resized\"><a href=\"https:\/\/www.hsu-hh.de\/ees\/\"><img loading=\"lazy\" decoding=\"async\" width=\"454\" height=\"326\" src=\"https:\/\/www.hsu-hh.de\/awt\/wp-content\/uploads\/sites\/866\/2022\/04\/hsu.png\" data-credit=\"Helmut-Schmidt-Universit\u00e4t\/Universit\u00e4t der Bundeswehr Hamburg\" alt=\"\" class=\"wp-image-174\" style=\"width:244px;height:175px\" srcset=\"https:\/\/www.hsu-hh.de\/awt\/wp-content\/uploads\/sites\/866\/2022\/04\/hsu.png 454w, https:\/\/www.hsu-hh.de\/awt\/wp-content\/uploads\/sites\/866\/2022\/04\/hsu-300x215.png 300w\" sizes=\"auto, (max-width: 454px) 100vw, 454px\" \/><\/a><\/figure>\n<\/div>\n\n\n\n<div class=\"wp-block-column is-layout-flow wp-block-column-is-layout-flow\">\n<figure class=\"wp-block-image size-large is-resized\"><a href=\"https:\/\/capgemini-engineering.com\/\" rel='nofollow'><img loading=\"lazy\" decoding=\"async\" width=\"1024\" height=\"538\" src=\"https:\/\/www.hsu-hh.de\/awt\/wp-content\/uploads\/sites\/866\/2022\/04\/altran-1024x538.gif\" data-credit=\"Capgemini Service SAS\" alt=\"\" class=\"wp-image-175\" style=\"width:245px;height:127px\" srcset=\"https:\/\/www.hsu-hh.de\/awt\/wp-content\/uploads\/sites\/866\/2022\/04\/altran-1024x538.gif 1024w, https:\/\/www.hsu-hh.de\/awt\/wp-content\/uploads\/sites\/866\/2022\/04\/altran-300x158.gif 300w, https:\/\/www.hsu-hh.de\/awt\/wp-content\/uploads\/sites\/866\/2022\/04\/altran-768x403.gif 768w, https:\/\/www.hsu-hh.de\/awt\/wp-content\/uploads\/sites\/866\/2022\/04\/altran-1100x578.gif 1100w\" sizes=\"auto, (max-width: 1024px) 100vw, 1024px\" \/><\/a><\/figure>\n<\/div>\n<\/div>\n<\/div>\n<\/div>\n\n\n\n<div class=\"wp-block-columns is-layout-flex wp-container-core-columns-is-layout-9d6595d7 wp-block-columns-is-layout-flex\">\n<div class=\"wp-block-column is-layout-flow wp-block-column-is-layout-flow\" style=\"flex-basis:33.33%\">\n<p><strong>Assoziierte Partner<\/strong><\/p>\n<\/div>\n\n\n\n<div class=\"wp-block-column is-layout-flow wp-block-column-is-layout-flow\" style=\"flex-basis:66.66%\">\n<ul class=\"wp-block-list\">\n<li><a href=\"https:\/\/www.hochbahn.de\" data-type=\"URL\" rel='nofollow'>Hamburger Hochbahn AG<\/a><\/li>\n\n\n\n<li><a href=\"https:\/\/www.gasnetz-hamburg.de\/\" rel='nofollow'>Gasnetz Hamburg <abbr title=\"Gesellschaft mit beschr\u00e4nkter Haftung\">GmbH<\/abbr><\/a><\/li>\n\n\n\n<li><a href=\"https:\/\/www.stromnetz-hamburg.de\/\" rel='nofollow'>Stromnetz Hamburg <abbr title=\"Gesellschaft mit beschr\u00e4nkter Haftung\">GmbH<\/abbr><\/a><\/li>\n<\/ul>\n\n\n\n<div style=\"height:30px\" aria-hidden=\"true\" class=\"wp-block-spacer\"><\/div>\n\n\n\n<div class=\"wp-block-columns is-layout-flex wp-container-core-columns-is-layout-9d6595d7 wp-block-columns-is-layout-flex\">\n<div class=\"wp-block-column is-layout-flow wp-block-column-is-layout-flow\">\n<figure class=\"wp-block-image size-full\"><a href=\"https:\/\/www.hochbahn.de\" rel='nofollow'><img loading=\"lazy\" decoding=\"async\" width=\"603\" height=\"99\" src=\"https:\/\/www.hsu-hh.de\/awt\/wp-content\/uploads\/sites\/866\/2022\/04\/hochbahn.png\" data-credit=\"\" alt=\"\" class=\"wp-image-176\" srcset=\"https:\/\/www.hsu-hh.de\/awt\/wp-content\/uploads\/sites\/866\/2022\/04\/hochbahn.png 603w, https:\/\/www.hsu-hh.de\/awt\/wp-content\/uploads\/sites\/866\/2022\/04\/hochbahn-300x49.png 300w\" sizes=\"auto, (max-width: 603px) 100vw, 603px\" \/><\/a><\/figure>\n<\/div>\n\n\n\n<div class=\"wp-block-column is-layout-flow wp-block-column-is-layout-flow\">\n<figure class=\"wp-block-image size-full\"><a href=\"https:\/\/www.gasnetz-hamburg.de\/\" rel='nofollow'><img loading=\"lazy\" decoding=\"async\" width=\"429\" height=\"162\" src=\"https:\/\/www.hsu-hh.de\/awt\/wp-content\/uploads\/sites\/866\/2022\/04\/gasnetz.png\" data-credit=\"Gasnetz Hamburg GmbH\" alt=\"\" class=\"wp-image-177\" srcset=\"https:\/\/www.hsu-hh.de\/awt\/wp-content\/uploads\/sites\/866\/2022\/04\/gasnetz.png 429w, https:\/\/www.hsu-hh.de\/awt\/wp-content\/uploads\/sites\/866\/2022\/04\/gasnetz-300x113.png 300w\" sizes=\"auto, (max-width: 429px) 100vw, 429px\" \/><\/a><\/figure>\n<\/div>\n\n\n\n<div class=\"wp-block-column is-layout-flow wp-block-column-is-layout-flow\">\n<figure class=\"wp-block-image size-full\"><a href=\"https:\/\/www.stromnetz-hamburg.de\/\" rel='nofollow'><img loading=\"lazy\" decoding=\"async\" width=\"422\" height=\"119\" src=\"https:\/\/www.hsu-hh.de\/awt\/wp-content\/uploads\/sites\/866\/2022\/04\/Stromnetz.png\" data-credit=\"Stromnetz Hamburg GmbH\" alt=\"\" class=\"wp-image-178\" srcset=\"https:\/\/www.hsu-hh.de\/awt\/wp-content\/uploads\/sites\/866\/2022\/04\/Stromnetz.png 422w, https:\/\/www.hsu-hh.de\/awt\/wp-content\/uploads\/sites\/866\/2022\/04\/Stromnetz-300x85.png 300w\" sizes=\"auto, (max-width: 422px) 100vw, 422px\" \/><\/a><\/figure>\n<\/div>\n<\/div>\n<\/div>\n<\/div>\n\n\n\n<div class=\"wp-block-columns is-layout-flex wp-container-core-columns-is-layout-9d6595d7 wp-block-columns-is-layout-flex\">\n<div class=\"wp-block-column is-layout-flow wp-block-column-is-layout-flow\" style=\"flex-basis:33.33%\">\n<p><strong>Kontakt<\/strong><\/p>\n<\/div>\n\n\n\n<div class=\"wp-block-column is-layout-flow wp-block-column-is-layout-flow\" style=\"flex-basis:66.66%\">\n<p><a href=\"https:\/\/www.hsu-hh.de\/awt\/team\/puszkiel\/\" data-type=\"page\" data-id=\"237\"><abbr title=\"Doktor\">Dr.<\/abbr> Juli\u00e1n Puszkiel<\/a><\/p>\n<\/div>\n<\/div>\n","protected":false},"excerpt":{"rendered":"<p>Wasserstoffbasierte Notstromversorgung mit integriertem Regelkraftwerk mittels flexibler Sektorkopplung sowie Einbindung von Wasserstoffspeichern auf Basis von Metallhydriden zur Flexibilisierung der Sektorkopplung (HyReflexS) Durch die beschlossene Umstellung auf elektrisch angetriebene Busse steht [&hellip;]<\/p>\n","protected":false},"author":3306,"featured_media":0,"parent":155,"menu_order":0,"comment_status":"closed","ping_status":"closed","template":"","meta":{"footnotes":""},"categories":[4],"tags":[],"class_list":["post-170","page","type-page","status-publish","hentry","category-forschung"],"_links":{"self":[{"href":"https:\/\/www.hsu-hh.de\/awt\/wp-json\/wp\/v2\/pages\/170","targetHints":{"allow":["GET"]}}],"collection":[{"href":"https:\/\/www.hsu-hh.de\/awt\/wp-json\/wp\/v2\/pages"}],"about":[{"href":"https:\/\/www.hsu-hh.de\/awt\/wp-json\/wp\/v2\/types\/page"}],"author":[{"embeddable":true,"href":"https:\/\/www.hsu-hh.de\/awt\/wp-json\/wp\/v2\/users\/3306"}],"replies":[{"embeddable":true,"href":"https:\/\/www.hsu-hh.de\/awt\/wp-json\/wp\/v2\/comments?post=170"}],"version-history":[{"count":16,"href":"https:\/\/www.hsu-hh.de\/awt\/wp-json\/wp\/v2\/pages\/170\/revisions"}],"predecessor-version":[{"id":2032,"href":"https:\/\/www.hsu-hh.de\/awt\/wp-json\/wp\/v2\/pages\/170\/revisions\/2032"}],"up":[{"embeddable":true,"href":"https:\/\/www.hsu-hh.de\/awt\/wp-json\/wp\/v2\/pages\/155"}],"wp:attachment":[{"href":"https:\/\/www.hsu-hh.de\/awt\/wp-json\/wp\/v2\/media?parent=170"}],"wp:term":[{"taxonomy":"category","embeddable":true,"href":"https:\/\/www.hsu-hh.de\/awt\/wp-json\/wp\/v2\/categories?post=170"},{"taxonomy":"post_tag","embeddable":true,"href":"https:\/\/www.hsu-hh.de\/awt\/wp-json\/wp\/v2\/tags?post=170"}],"curies":[{"name":"wp","href":"https:\/\/api.w.org\/{rel}","templated":true}]}}