{"id":73,"date":"2017-07-03T15:52:08","date_gmt":"2017-07-03T13:52:08","guid":{"rendered":"https:\/\/www.hsu-hh.de\/vorlage\/?page_id=73"},"modified":"2024-04-12T13:20:20","modified_gmt":"2024-04-12T11:20:20","slug":"startseite","status":"publish","type":"page","link":"https:\/\/www.hsu-hh.de\/aut\/","title":{"rendered":""},"content":{"rendered":"\n<h1 class=\"wp-block-heading has-text-align-center\">Willkommen bei der Professur f\u00fcr Automatisierungstechnik<\/h1>\n\n\n\n<p class=\"has-text-align-center\">Operative Leitung: <abbr title=\"Doktor\">Dr.<\/abbr>&#8211;<abbr title=\"Ingenieur\">Ing.<\/abbr> Felix Gehlhoff<\/p>\n\n\n\n<p class=\"has-text-align-center\">Kommissarische Leitung: <abbr title=\"Universit\u00e4tsprofessor\">Univ.-Prof.<\/abbr> <abbr title=\"Doktor\">Dr.<\/abbr> Oliver Niggemann<\/p>\n\n\n\n<hr class=\"wp-block-separator has-alpha-channel-opacity\" \/>\n\n\n\n<p class=\"has-text-align-center\"><a href=\"https:\/\/www.hsu-hh.de\/aut\/team\/\">Team<\/a> \u25a0 <a href=\"https:\/\/www.hsu-hh.de\/aut\/forschung\/forschungsthemen\/\">Forschung<\/a>\u00a0\u25a0 <a href=\"https:\/\/www.hsu-hh.de\/aut\/lehre\/\">Lehre<\/a><\/p>\n\n\n\n<p>Automatisierung erm\u00f6glicht, dass viele Vorg\u00e4nge mit wenig Aufwand, schnell und qualitativ hochwertig ausgef\u00fchrt werden. Mit der zunehmenden Digitalisierung verbreitet sich die Automatisierung in allen technischen Gebieten weiter.<\/p>\n\n\n\n<p>In der Lehre vermitteln wir, wie Automatisierung auf der Grundlage von Modellen methodisch entworfen und mit Hilfe von Software realisiert wird.<\/p>\n\n\n\n<p>In der Forschung erarbeiten wir Beschreibungsmittel, Methoden und Werkzeuge f\u00fcr Entwurf, Implementierung, Test, Betrieb und Modernisierung von Automatisierungssystemen in Produktionsanlagen, Logistiksystemen, Energiesystemen, Geb\u00e4uden und technischen Ger\u00e4ten.<\/p>\n\n\n\n<p>Das Team der Professur freut sich \u00fcber Ihr Interesse und steht Ihnen gern f\u00fcr weitere Ausk\u00fcnfte zur Verf\u00fcgung.<\/p>\n","protected":false},"excerpt":{"rendered":"<p>Willkommen bei der Professur f\u00fcr Automatisierungstechnik Operative Leitung: Dr.&#8211;Ing. Felix Gehlhoff Kommissarische Leitung: Univ.-Prof. Dr. Oliver Niggemann Team \u25a0 Forschung\u00a0\u25a0 Lehre Automatisierung erm\u00f6glicht, dass viele Vorg\u00e4nge mit wenig Aufwand, schnell [&hellip;]<\/p>\n","protected":false},"author":1,"featured_media":0,"parent":0,"menu_order":0,"comment_status":"closed","ping_status":"closed","template":"faculty.php","meta":{"footnotes":""},"categories":[35],"tags":[],"class_list":["post-73","page","type-page","status-publish","hentry","category-startseite"],"_links":{"self":[{"href":"https:\/\/www.hsu-hh.de\/aut\/wp-json\/wp\/v2\/pages\/73","targetHints":{"allow":["GET"]}}],"collection":[{"href":"https:\/\/www.hsu-hh.de\/aut\/wp-json\/wp\/v2\/pages"}],"about":[{"href":"https:\/\/www.hsu-hh.de\/aut\/wp-json\/wp\/v2\/types\/page"}],"author":[{"embeddable":true,"href":"https:\/\/www.hsu-hh.de\/aut\/wp-json\/wp\/v2\/users\/1"}],"replies":[{"embeddable":true,"href":"https:\/\/www.hsu-hh.de\/aut\/wp-json\/wp\/v2\/comments?post=73"}],"version-history":[{"count":16,"href":"https:\/\/www.hsu-hh.de\/aut\/wp-json\/wp\/v2\/pages\/73\/revisions"}],"predecessor-version":[{"id":3946,"href":"https:\/\/www.hsu-hh.de\/aut\/wp-json\/wp\/v2\/pages\/73\/revisions\/3946"}],"wp:attachment":[{"href":"https:\/\/www.hsu-hh.de\/aut\/wp-json\/wp\/v2\/media?parent=73"}],"wp:term":[{"taxonomy":"category","embeddable":true,"href":"https:\/\/www.hsu-hh.de\/aut\/wp-json\/wp\/v2\/categories?post=73"},{"taxonomy":"post_tag","embeddable":true,"href":"https:\/\/www.hsu-hh.de\/aut\/wp-json\/wp\/v2\/tags?post=73"}],"curies":[{"name":"wp","href":"https:\/\/api.w.org\/{rel}","templated":true}]}}