{"id":4357,"date":"2025-03-03T13:10:47","date_gmt":"2025-03-03T12:10:47","guid":{"rendered":"https:\/\/www.hsu-hh.de\/aut\/?page_id=4357"},"modified":"2025-03-03T15:58:09","modified_gmt":"2025-03-03T14:58:09","slug":"laila-labor-fuer-intelligente-leichtbauproduktion","status":"publish","type":"page","link":"https:\/\/www.hsu-hh.de\/aut\/forschung\/labor\/laila-labor-fuer-intelligente-leichtbauproduktion","title":{"rendered":"LaiLa \u2013 Labor f\u00fcr intelligente Leichtbauproduktion"},"content":{"rendered":"\n<figure class=\"wp-block-video\"><video height=\"1080\" style=\"aspect-ratio: 1920 \/ 1080;\" width=\"1920\" controls src=\"https:\/\/www.hsu-hh.de\/aut\/wp-content\/uploads\/sites\/670\/2025\/03\/laila_-_der_film__ut-Original.mp4\"><\/video><\/figure>\n\n\n\n<p><\/p>\n\n\n\n<p><\/p>\n\n\n\n<p>Das Projekt \u201eLaiLa\u201c verfolgt das \u00fcbergeordnete Ziel, die Produktion von Leichtbaustrukturen aus Faserverbundkunststoffen durch innovative Digitalisierungsl\u00f6sungen zu optimieren. Dabei werden experimentelle Plattformen geschaffen, um Automatisierungs- und Digitalisierungskonzepte zu erproben, zu evaluieren und zu verbessern. Neuartige Methoden werden entwickelt und getestet, um die Produktionssteuerung und Prozessrobustheit nachhaltig zu optimieren.<\/p>\n\n\n\n<p>Die Produktion im Faserverbundleichtbau stellt hohe Anforderungen an Qualit\u00e4t und Flexibilit\u00e4t. Sie ist durch einen hohen Anteil manueller Prozesse und eine gro\u00dfe Variantenvielfalt gepr\u00e4gt, insbesondere in der Luftfahrtindustrie. In der Praxis fehlen oft standardisierte digitale Schnittstellen, wodurch die Erfassung und Nutzung wertvoller Produktionsdaten erschwert wird. Innovative L\u00f6sungen f\u00fcr die automatisierte Datenerfassung, intelligente Prozess\u00fcberwachung und vorausschauende Produktionsplanung sind daher essenziell.<\/p>\n\n\n\n<p>LaiLa adressiert vier zentrale Herausforderungen:<\/p>\n\n\n\n<ul class=\"wp-block-list\">\n<li><strong>Schnittstellen und Interoperabilit\u00e4t:<\/strong> Entwicklung standardisierter Schnittstellen zwischen physischen Produktionsprozessen, digitalen Modellen, Cloud-Architekturen, Simulationen und Maschinellem Lernen.<\/li>\n\n\n\n<li><strong>Datenintegration und -analyse:<\/strong> Erarbeitung von Methoden zur einheitlichen Erfassung und Auswertung von Produktionsdaten zur Qualit\u00e4tssicherung, beispielsweise zur Analyse der Bohrungsqualit\u00e4t mittels Sensordaten.<\/li>\n\n\n\n<li><strong>Wissenstransfer:<\/strong> Sicherstellung eines nachhaltigen Transfers von Erkenntnissen aus der Grundlagenforschung in die industrielle Anwendung sowie die Wissenschaft.<\/li>\n\n\n\n<li><strong>Optimierung faserverst\u00e4rkter Bauteile:<\/strong> Entwicklung von Methoden und Strategien zur effizienten Fertigung von Laminaten variabler Steifigkeit. Durch lastpfadgerechte Faserpfadplanung wird das Leichtbaupotenzial von Bauteilen, die mittels Automated Fiber Placement gefertigt werden, optimal ausgesch\u00f6pft.<\/li>\n<\/ul>\n\n\n\n<p>Mit dem Aufbau eines Labors f\u00fcr intelligente Leichtbauproduktion am Composite Technology Center \/ CTC <abbr title=\"Gesellschaft mit beschr\u00e4nkter Haftung\">GmbH<\/abbr> (An Airbus Company) schafft \u201eLaiLa\u201c eine Br\u00fccke zwischen universit\u00e4rer Forschung, industrieller Entwicklung und praktischer Anwendung. Die enge Zusammenarbeit zwischen der Helmut-Schmidt-Universit\u00e4t \/ Universit\u00e4t der Bundeswehr Hamburg, der CTC <abbr title=\"Gesellschaft mit beschr\u00e4nkter Haftung\">GmbH<\/abbr> und Airbus Stade erm\u00f6glicht es, innovative Digitalisierungsl\u00f6sungen gezielt in die industrielle Produktion zu \u00fcberf\u00fchren.<\/p>\n\n\n\n<p>Diese Initiativen tragen dazu bei, den Faserverbundleichtbau fit f\u00fcr die Zukunft zu machen \u2013 mit effizienteren Prozessen, h\u00f6herer Produktqualit\u00e4t und einer verbesserten Wettbewerbsf\u00e4higkeit f\u00fcr den Standort Deutschland.<\/p>\n\n\n\n<p>Das Projekt \u201eLaiLa\u201c an der Helmut-Schmidt-Universit\u00e4t \/ Universit\u00e4t der Bundeswehr Hamburg wird durch das Zentrum f\u00fcr Digitalisierungs- und Technologieforschung der Bundeswehr (dtec.bw) gef\u00f6rdert. dtec.bw wird von der Europ\u00e4ischen Union \u2013 NextGenerationEU finanziert.<\/p>\n\n\n\n<p><strong>Weitere Informationen:<\/strong><\/p>\n\n\n\n<p><a href=\"https:\/\/laila-composites.com\/\" rel='nofollow'>LaiLa<\/a><\/p>\n\n\n\n<p><a href=\"https:\/\/www.ctc-composites.com\/de\/\" rel='nofollow'> CTC | we are composites<\/a><\/p>\n\n\n<div class=\"wp-block-image\">\n<figure class=\"aligncenter size-large is-resized\"><img loading=\"lazy\" decoding=\"async\" width=\"1024\" height=\"720\" src=\"https:\/\/www.hsu-hh.de\/aut\/wp-content\/uploads\/sites\/670\/2025\/03\/LaiLa-Logo-2022-mitClaim-D-untereinander-RGB-1024x720.jpg\" data-credit=\"CTC GmbH (An AIRBUS Company)\" alt=\"\" class=\"wp-image-4372\" style=\"width:598px;height:auto\" srcset=\"https:\/\/www.hsu-hh.de\/aut\/wp-content\/uploads\/sites\/670\/2025\/03\/LaiLa-Logo-2022-mitClaim-D-untereinander-RGB-1024x720.jpg 1024w, https:\/\/www.hsu-hh.de\/aut\/wp-content\/uploads\/sites\/670\/2025\/03\/LaiLa-Logo-2022-mitClaim-D-untereinander-RGB-300x211.jpg 300w, https:\/\/www.hsu-hh.de\/aut\/wp-content\/uploads\/sites\/670\/2025\/03\/LaiLa-Logo-2022-mitClaim-D-untereinander-RGB-768x540.jpg 768w, https:\/\/www.hsu-hh.de\/aut\/wp-content\/uploads\/sites\/670\/2025\/03\/LaiLa-Logo-2022-mitClaim-D-untereinander-RGB-1536x1080.jpg 1536w, https:\/\/www.hsu-hh.de\/aut\/wp-content\/uploads\/sites\/670\/2025\/03\/LaiLa-Logo-2022-mitClaim-D-untereinander-RGB-2048x1440.jpg 2048w, https:\/\/www.hsu-hh.de\/aut\/wp-content\/uploads\/sites\/670\/2025\/03\/LaiLa-Logo-2022-mitClaim-D-untereinander-RGB-1100x773.jpg 1100w\" sizes=\"auto, (max-width: 1024px) 100vw, 1024px\" \/><\/figure>\n<\/div>\n\n\n<div class=\"wp-block-columns is-layout-flex wp-container-core-columns-is-layout-9d6595d7 wp-block-columns-is-layout-flex\">\n<div class=\"wp-block-column is-layout-flow wp-block-column-is-layout-flow\"><div class=\"wp-block-image\">\n<figure class=\"aligncenter size-large is-resized\"><img loading=\"lazy\" decoding=\"async\" width=\"1024\" height=\"313\" src=\"https:\/\/www.hsu-hh.de\/aut\/wp-content\/uploads\/sites\/670\/2021\/11\/dtec.bw_Logo_CMYK_komplett-1-1024x313.jpg\" data-credit=\"dtec.bw \" alt=\"dtec.bw Logo\" class=\"wp-image-2680\" style=\"width:357px;height:auto\" srcset=\"https:\/\/www.hsu-hh.de\/aut\/wp-content\/uploads\/sites\/670\/2021\/11\/dtec.bw_Logo_CMYK_komplett-1-1024x313.jpg 1024w, https:\/\/www.hsu-hh.de\/aut\/wp-content\/uploads\/sites\/670\/2021\/11\/dtec.bw_Logo_CMYK_komplett-1-300x92.jpg 300w, https:\/\/www.hsu-hh.de\/aut\/wp-content\/uploads\/sites\/670\/2021\/11\/dtec.bw_Logo_CMYK_komplett-1-768x235.jpg 768w, https:\/\/www.hsu-hh.de\/aut\/wp-content\/uploads\/sites\/670\/2021\/11\/dtec.bw_Logo_CMYK_komplett-1-1536x469.jpg 1536w, https:\/\/www.hsu-hh.de\/aut\/wp-content\/uploads\/sites\/670\/2021\/11\/dtec.bw_Logo_CMYK_komplett-1-1100x336.jpg 1100w, https:\/\/www.hsu-hh.de\/aut\/wp-content\/uploads\/sites\/670\/2021\/11\/dtec.bw_Logo_CMYK_komplett-1.jpg 1944w\" sizes=\"auto, (max-width: 1024px) 100vw, 1024px\" \/><\/figure>\n<\/div><\/div>\n\n\n\n<div class=\"wp-block-column is-layout-flow wp-block-column-is-layout-flow\"><div class=\"wp-block-image\">\n<figure class=\"aligncenter size-full is-resized\"><img loading=\"lazy\" decoding=\"async\" width=\"985\" height=\"255\" src=\"https:\/\/www.hsu-hh.de\/aut\/wp-content\/uploads\/sites\/670\/2023\/03\/20230310_Verwendung-des-EU-Logos.jpg\" data-credit=\"Europ\u00e4ische Union (NextGenerationEU)\" alt=\"Logo Finanziert von der Europ\u00e4ischen Union\" class=\"wp-image-3513\" style=\"width:449px;height:auto\" srcset=\"https:\/\/www.hsu-hh.de\/aut\/wp-content\/uploads\/sites\/670\/2023\/03\/20230310_Verwendung-des-EU-Logos.jpg 985w, https:\/\/www.hsu-hh.de\/aut\/wp-content\/uploads\/sites\/670\/2023\/03\/20230310_Verwendung-des-EU-Logos-300x78.jpg 300w, https:\/\/www.hsu-hh.de\/aut\/wp-content\/uploads\/sites\/670\/2023\/03\/20230310_Verwendung-des-EU-Logos-768x199.jpg 768w\" sizes=\"auto, (max-width: 985px) 100vw, 985px\" \/><\/figure>\n<\/div><\/div>\n<\/div>\n\n\n\n<p><\/p>\n","protected":false},"excerpt":{"rendered":"<p>Das Projekt \u201eLaiLa\u201c verfolgt das \u00fcbergeordnete Ziel, die Produktion von Leichtbaustrukturen aus Faserverbundkunststoffen durch innovative Digitalisierungsl\u00f6sungen zu optimieren. Dabei werden experimentelle Plattformen geschaffen, um Automatisierungs- und Digitalisierungskonzepte zu erproben, zu [&hellip;]<\/p>\n","protected":false},"author":3039,"featured_media":0,"parent":153,"menu_order":0,"comment_status":"closed","ping_status":"closed","template":"","meta":{"footnotes":""},"categories":[4],"tags":[],"class_list":["post-4357","page","type-page","status-publish","hentry","category-forschung"],"_links":{"self":[{"href":"https:\/\/www.hsu-hh.de\/aut\/wp-json\/wp\/v2\/pages\/4357","targetHints":{"allow":["GET"]}}],"collection":[{"href":"https:\/\/www.hsu-hh.de\/aut\/wp-json\/wp\/v2\/pages"}],"about":[{"href":"https:\/\/www.hsu-hh.de\/aut\/wp-json\/wp\/v2\/types\/page"}],"author":[{"embeddable":true,"href":"https:\/\/www.hsu-hh.de\/aut\/wp-json\/wp\/v2\/users\/3039"}],"replies":[{"embeddable":true,"href":"https:\/\/www.hsu-hh.de\/aut\/wp-json\/wp\/v2\/comments?post=4357"}],"version-history":[{"count":10,"href":"https:\/\/www.hsu-hh.de\/aut\/wp-json\/wp\/v2\/pages\/4357\/revisions"}],"predecessor-version":[{"id":4427,"href":"https:\/\/www.hsu-hh.de\/aut\/wp-json\/wp\/v2\/pages\/4357\/revisions\/4427"}],"up":[{"embeddable":true,"href":"https:\/\/www.hsu-hh.de\/aut\/wp-json\/wp\/v2\/pages\/153"}],"wp:attachment":[{"href":"https:\/\/www.hsu-hh.de\/aut\/wp-json\/wp\/v2\/media?parent=4357"}],"wp:term":[{"taxonomy":"category","embeddable":true,"href":"https:\/\/www.hsu-hh.de\/aut\/wp-json\/wp\/v2\/categories?post=4357"},{"taxonomy":"post_tag","embeddable":true,"href":"https:\/\/www.hsu-hh.de\/aut\/wp-json\/wp\/v2\/tags?post=4357"}],"curies":[{"name":"wp","href":"https:\/\/api.w.org\/{rel}","templated":true}]}}