{"id":432,"date":"2017-10-25T00:05:50","date_gmt":"2017-10-24T22:05:50","guid":{"rendered":"https:\/\/www.hsu-hh.de\/aut\/?page_id=432"},"modified":"2017-10-25T00:05:50","modified_gmt":"2017-10-24T22:05:50","slug":"bewertung-des-nutzen-von-dezentralen-steuerungskonzepten","status":"publish","type":"page","link":"https:\/\/www.hsu-hh.de\/aut\/forschung\/forschungsthemen\/bewertung-des-nutzen-von-dezentralen-steuerungskonzepten","title":{"rendered":"Bewertung des Nutzen von dezentralen Steuerungskonzepten"},"content":{"rendered":"<p>Die Forschung im Bereich von dezentralen Steuerungskonzepten, speziell Agenten-basierte Konzepte, findet seit \u00fcber 20 Jahren statt. Trotzdem fehlt bisher der gro\u00dfe Sprung von der Forschung in die Praxis. Ein Problem stellt dabei dar, dass das Potenzial der neuen Konzepte zwar gemeinhin erkannt wird, sich aber schwer fassen l\u00e4sst. Insbesondere der qualitative Nutzen der neuen gegen\u00fcber den herk\u00f6mmlichen verwendeten Konzepten kann nur schwer gemessen werden.<\/p>\n<p>Erschwerend kommt hinzu, dass jede Forschungsgruppe bei der Ver\u00f6ffentlichung ihrer neuen Steuerungskonzepte andere Referenzanlagen nutzt <abbr title=\"beziehungsweise\">bzw.<\/abbr> erstellt. Teilweise wird dabei auf vorhandene universit\u00e4re Forschungsanlagen oder auf industrielle Projektanlagen zur\u00fcckgegriffen, die nicht vollst\u00e4ndig beschrieben sind. Dies verhindert einen Vergleich von verschieden Konzepten.<\/p>\n<p>Im Bereich der vergleichenden Modellierung sind beispielsweise die Simulationsexperten deutlich weiter. Sie ver\u00f6ffentlichen sowohl definierte Benchmarks <abbr title=\"beziehungsweise\">bzw.<\/abbr> in verschiedenen Bereichen als auch die L\u00f6sung mit unterschiedlichen Ans\u00e4tzen, sowie die zugeh\u00f6rigen Ergebnisse. Auch im Bereich des Operations Research (OR) ist die Ver\u00f6ffentlichung von Ergebnisse zu definierten Problemen weit verbreitet.<\/p>\n<p>Dar\u00fcber hinaus wird die Vergleichbarkeit durch eine Vielzahl von verschiedenen und unterschiedlicher Bewertungskriterien nicht leichter. Neben den zahlreichen quantitativen Kriterien (z.\u00a0B. Durchsatz, Durchlaufzeit, Anzahl versp\u00e4teter Produkte) die oftmals aus der Forschung \u00fcber Scheduling \u00fcbernommen werden, gibt es nur wenige Kriterien mit denen sich die Qualit\u00e4t eines Konzeptes bewerten l\u00e4sst. Eine Kombination von quantitativen und qualitativen Kriterien ist kaum zu finden.<\/p>\n<p>Ziel der Forschungsarbeit ist die Formulierung eines neu zu definierenden Benchmarks, das den heutigen Anforderungen an Fertigungsanlagen entspricht und und erlaubt, verschiedene Steuerungsstrategien bez\u00fcglich dieser Anforderungen per Simulation zu vergleichen.<\/p>\n<p>Bearbeitet durch: <a href=\"https:\/\/www.hsu-hh.de\/aut\/index_5u1Ux7UAk3CZTKpK.html\"><abbr title=\"Diplom\">Dipl.<\/abbr>-Wi.-<abbr title=\"Ingenieur\">Ing.<\/abbr> Sebastian Schreiber<\/a><\/p>\n<p>Erg\u00e4nzendes Material: <a href=\"https:\/\/www.hsu-hh.de\/aut\/index_jAr7IuzQdX2TOFQ1.html\">Ver\u00f6ffentlichungen<\/a><\/p>\n<p>Schwerpunkte:<\/p>\n<ul>\n<li>Analyse der Anforderungen an Steuerungen f\u00fcr moderne, flexible Fertigungsanlagen<\/li>\n<li>Entwicklung von dezentralen Steuerungssystemen, insbesondere Agentensystemen<\/li>\n<li>Erstellung von Materialfluss-Simulationen mit <a href=\"http:\/\/www.flexsim.com\/flexsim\" rel='nofollow'>Flexsim <\/a><\/li>\n<li>Mitarbeit im<a href=\"http:\/\/www.vdi.de\/3756.0.html\" rel='nofollow'> VDI\/VDE-GMA-Fachausschuss 5.15 <\/a> &#8222;Agentensysteme&#8220;<\/li>\n<\/ul>\n","protected":false},"excerpt":{"rendered":"<p>Die Forschung im Bereich von dezentralen Steuerungskonzepten, speziell Agenten-basierte Konzepte, findet seit \u00fcber 20 Jahren statt. Trotzdem fehlt bisher der gro\u00dfe Sprung von der Forschung in die Praxis. Ein Problem [&hellip;]<\/p>\n","protected":false},"author":78,"featured_media":0,"parent":164,"menu_order":0,"comment_status":"closed","ping_status":"closed","template":"","meta":{"footnotes":""},"categories":[4],"tags":[],"class_list":["post-432","page","type-page","status-publish","hentry","category-forschung"],"_links":{"self":[{"href":"https:\/\/www.hsu-hh.de\/aut\/wp-json\/wp\/v2\/pages\/432","targetHints":{"allow":["GET"]}}],"collection":[{"href":"https:\/\/www.hsu-hh.de\/aut\/wp-json\/wp\/v2\/pages"}],"about":[{"href":"https:\/\/www.hsu-hh.de\/aut\/wp-json\/wp\/v2\/types\/page"}],"author":[{"embeddable":true,"href":"https:\/\/www.hsu-hh.de\/aut\/wp-json\/wp\/v2\/users\/78"}],"replies":[{"embeddable":true,"href":"https:\/\/www.hsu-hh.de\/aut\/wp-json\/wp\/v2\/comments?post=432"}],"version-history":[{"count":2,"href":"https:\/\/www.hsu-hh.de\/aut\/wp-json\/wp\/v2\/pages\/432\/revisions"}],"predecessor-version":[{"id":2778,"href":"https:\/\/www.hsu-hh.de\/aut\/wp-json\/wp\/v2\/pages\/432\/revisions\/2778"}],"up":[{"embeddable":true,"href":"https:\/\/www.hsu-hh.de\/aut\/wp-json\/wp\/v2\/pages\/164"}],"wp:attachment":[{"href":"https:\/\/www.hsu-hh.de\/aut\/wp-json\/wp\/v2\/media?parent=432"}],"wp:term":[{"taxonomy":"category","embeddable":true,"href":"https:\/\/www.hsu-hh.de\/aut\/wp-json\/wp\/v2\/categories?post=432"},{"taxonomy":"post_tag","embeddable":true,"href":"https:\/\/www.hsu-hh.de\/aut\/wp-json\/wp\/v2\/tags?post=432"}],"curies":[{"name":"wp","href":"https:\/\/api.w.org\/{rel}","templated":true}]}}