{"id":421,"date":"2017-10-25T00:00:50","date_gmt":"2017-10-24T22:00:50","guid":{"rendered":"https:\/\/www.hsu-hh.de\/aut\/?page_id=421"},"modified":"2017-10-25T00:01:31","modified_gmt":"2017-10-24T22:01:31","slug":"verlaesslichkeits-anforderungen-in-anlagenbeschreibung-und-prozessbeschreibung","status":"publish","type":"page","link":"https:\/\/www.hsu-hh.de\/aut\/forschung\/forschungsthemen\/verlaesslichkeits-anforderungen-in-anlagenbeschreibung-und-prozessbeschreibung","title":{"rendered":"Verl\u00e4sslichkeits-Anforderungen in Anlagenbeschreibung und Prozessbeschreibung"},"content":{"rendered":"<p>Die Kombination von Anlagenbeschreibung (<abbr title=\"zum Beispiel\">z.B.<\/abbr> als hierarchisches objektorientiertes Anlagenmodell entsprechend CAEX \/ IEC 62424) und Beschreibung der in der Anlage ablaufenden Prozesse (<abbr title=\"zum Beispiel\">z.B.<\/abbr> als Formalisierte Prozessbeschreibung nach VDI-\/VDE-Richtlinie 3682) erlaubt tiefergehende Einsichten und Analysen hinsichtlich der Verl\u00e4sslichkeit (dependability) eines Systems, sowohl im Engineering als auch w\u00e4hrend der Diagnose im Betrieb.<\/p>\n<div id=\"contentblock\">\n<div class=\"header_info\">\n<ul>\n<li>weitere Informationen durch\u00a0 <a title=\"Startseite \u00bb Mitarbeiter \u00bb Wiss. Mitarbeiter \u00bb Lars\u00a0Christiansen\" href=\"https:\/\/www.hsu-hh.de\/aut\/index_HknzI8O939WBhTfY.html\"><abbr title=\"Diplom-Ingenieur\">Dipl.-Ing.<\/abbr>(FH) Lars Christiansen<\/a><\/li>\n<\/ul>\n<p>In Zusammenarbeit mit der Siemens AG wurde exemplarisch eine Anlage hinsichtlich ihrer Struktur und der in ihr ablaufende Prozesse modelliert und bzgl. der Auswirkungen von Fehlern analysiert.<\/p>\n<p>Ergebnisse dieser Zusammenarbeit sind in einem gemeinsamen Artikel in der \u201eatp-edition\u201c, Heft 3\/2011, publiziert worden. Den zugeh\u00f6rigen Anhang mit den Verf\u00fcgbarkeits-Daten k\u00f6nnen Sie <a title=\"Startseite \u00bb Forschung \u00bb Aktuelle Forschungsschwerpunkte \/ areas of research \u00bb Verl\u00e4sslichkeits-Zusatzinformationen \u00bb Anlage_zum_Papier_SMADaten_110117\" href=\"http:\/\/www.hsu-hh.de\/download-1.4.1.php?brick_id=UbSj0CLoHOlfcU74\">hier<\/a> erhalten.<\/p>\n<p>A modeling approach to derive causal models based on formalized process knowledge (according to FPD), xSDGs, and fuzzy logic has been developed. This\u00a0will be published at the IFAC World Congress\u00a02014. The digital description of such causal models has been addressed by proposing a CAEX\/AutomationML model representation which can be obtained\u00a0here.<\/p>\n<p>&nbsp;<\/p>\n<p>Die Kombination von Anlagenbeschreibung (<abbr title=\"zum Beispiel\">z.B.<\/abbr> als hierarchisches objektorientiertes Anlagenmodell entsprechend CAEX \/ IEC 62424) und Beschreibung der in der Anlage ablaufenden Prozesse (<abbr title=\"zum Beispiel\">z.B.<\/abbr> als Formalisierte Prozessbeschreibung nach VDI-\/VDE-Richtlinie 3682) erlaubt tiefergehende Einsichten und Analysen hinsichtlich der Verl\u00e4sslichkeit (dependability) eines Systems, sowohl im Engineering als auch w\u00e4hrend der Diagnose im Betrieb.<\/p>\n<ul>\n<li>weitere Informationen durch\u00a0 <a title=\"Startseite \u00bb Mitarbeiter \u00bb Wiss. Mitarbeiter \u00bb Lars\u00a0Christiansen\" href=\"https:\/\/www.hsu-hh.de\/aut\/index_HknzI8O939WBhTfY.html\"><abbr title=\"Diplom-Ingenieur\">Dipl.-Ing.<\/abbr>(FH) Lars Christiansen<\/a><\/li>\n<\/ul>\n<p>In Zusammenarbeit mit der Siemens AG wurde exemplarisch eine Anlage hinsichtlich ihrer Struktur und der in ihr ablaufende Prozesse modelliert und bzgl. der Auswirkungen von Fehlern analysiert.<\/p>\n<p>Ergebnisse dieser Zusammenarbeit sind in einem gemeinsamen Artikel in der \u201eatp-edition\u201c, Heft 3\/2011, publiziert worden. Den zugeh\u00f6rigen Anhang mit den Verf\u00fcgbarkeits-Daten k\u00f6nnen Sie <a title=\"Startseite \u00bb Forschung \u00bb Aktuelle Forschungsschwerpunkte \/ areas of research \u00bb Verl\u00e4sslichkeits-Zusatzinformationen \u00bb Anlage_zum_Papier_SMADaten_110117\" href=\"http:\/\/www.hsu-hh.de\/download-1.4.1.php?brick_id=UbSj0CLoHOlfcU74\">hier<\/a> erhalten.<\/p>\n<p>A modeling approach to derive causal models based on formalized process knowledge (according to FPD), xSDGs, and fuzzy logic has been developed. This\u00a0will be published at the IFAC World Congress\u00a02014. The digital description of such causal models has been addressed by proposing a CAEX\/AutomationML model representation which can be obtained\u00a0here.<\/p>\n<p>&nbsp;<\/p>\n<\/div>\n<\/div>\n","protected":false},"excerpt":{"rendered":"<p>Die Kombination von Anlagenbeschreibung (z.B. als hierarchisches objektorientiertes Anlagenmodell entsprechend CAEX \/ IEC 62424) und Beschreibung der in der Anlage ablaufenden Prozesse (z.B. als Formalisierte Prozessbeschreibung nach VDI-\/VDE-Richtlinie 3682) erlaubt [&hellip;]<\/p>\n","protected":false},"author":78,"featured_media":0,"parent":164,"menu_order":0,"comment_status":"closed","ping_status":"closed","template":"","meta":{"footnotes":""},"categories":[4],"tags":[],"class_list":["post-421","page","type-page","status-publish","hentry","category-forschung"],"_links":{"self":[{"href":"https:\/\/www.hsu-hh.de\/aut\/wp-json\/wp\/v2\/pages\/421","targetHints":{"allow":["GET"]}}],"collection":[{"href":"https:\/\/www.hsu-hh.de\/aut\/wp-json\/wp\/v2\/pages"}],"about":[{"href":"https:\/\/www.hsu-hh.de\/aut\/wp-json\/wp\/v2\/types\/page"}],"author":[{"embeddable":true,"href":"https:\/\/www.hsu-hh.de\/aut\/wp-json\/wp\/v2\/users\/78"}],"replies":[{"embeddable":true,"href":"https:\/\/www.hsu-hh.de\/aut\/wp-json\/wp\/v2\/comments?post=421"}],"version-history":[{"count":2,"href":"https:\/\/www.hsu-hh.de\/aut\/wp-json\/wp\/v2\/pages\/421\/revisions"}],"predecessor-version":[{"id":423,"href":"https:\/\/www.hsu-hh.de\/aut\/wp-json\/wp\/v2\/pages\/421\/revisions\/423"}],"up":[{"embeddable":true,"href":"https:\/\/www.hsu-hh.de\/aut\/wp-json\/wp\/v2\/pages\/164"}],"wp:attachment":[{"href":"https:\/\/www.hsu-hh.de\/aut\/wp-json\/wp\/v2\/media?parent=421"}],"wp:term":[{"taxonomy":"category","embeddable":true,"href":"https:\/\/www.hsu-hh.de\/aut\/wp-json\/wp\/v2\/categories?post=421"},{"taxonomy":"post_tag","embeddable":true,"href":"https:\/\/www.hsu-hh.de\/aut\/wp-json\/wp\/v2\/tags?post=421"}],"curies":[{"name":"wp","href":"https:\/\/api.w.org\/{rel}","templated":true}]}}