{"id":415,"date":"2017-10-24T23:55:34","date_gmt":"2017-10-24T21:55:34","guid":{"rendered":"https:\/\/www.hsu-hh.de\/aut\/?page_id=415"},"modified":"2017-10-24T23:55:35","modified_gmt":"2017-10-24T21:55:35","slug":"robotergestuetzte-minimalinvasive-endoprothetik-romeo","status":"publish","type":"page","link":"https:\/\/www.hsu-hh.de\/aut\/forschung\/forschungsthemen\/robotergestuetzte-minimalinvasive-endoprothetik-romeo","title":{"rendered":"Robotergest\u00fctzte minimalinvasive Endoprothetik (ROMEO)"},"content":{"rendered":"<h2>Projektbeschreibung<\/h2>\n<p>Im Projekt Romeo arbeiten Mediziner und Ingenieure verschiedener Fachrichtungen zusammen, um ein an realen medizinischen Notwendigkeiten und gew\u00fcnschten Verbesserungen orientiertes robotergest\u00fctztes Operationssystem zu entwickeln. Das Ziel ist zun\u00e4chst, eine Vorrichtung im Zusammenspiel mit einem Roboter zu entwickeln, um dem Chirurgen bei einer minimalinvasiven H\u00fcftgelenks-Operation zu assistieren, <abbr title=\"beziehungsweise\">bzw.<\/abbr> bestimmte Abl\u00e4ufe durch die angewandte Technik erst zu erm\u00f6glichen. Dabei plant und entwickelt unser Institut den automatisierungstechnischen Teil des Operationssystems: eine Steuerung f\u00fcr das Werkzeug und den Roboter, die einen vorab vom Operateur erstellten Behandlungsplan im OP exakt umsetzen kann.<\/p>\n<ul>\n<li><a href=\"http:\/\/www.hsu-hh.de\/romeo\">ROMEO Homepage<\/a><\/li>\n<\/ul>\n<p>bearbeitet von <a href=\"https:\/\/www.hsu-hh.de\/aut\/index_CWTsdbCfIUeZS1yw.html\"><abbr title=\"Diplom-Ingenieur\">Dipl.-Ing.<\/abbr> Dirk Hollstein<\/a><\/p>\n","protected":false},"excerpt":{"rendered":"<p>Projektbeschreibung Im Projekt Romeo arbeiten Mediziner und Ingenieure verschiedener Fachrichtungen zusammen, um ein an realen medizinischen Notwendigkeiten und gew\u00fcnschten Verbesserungen orientiertes robotergest\u00fctztes Operationssystem zu entwickeln. Das Ziel ist zun\u00e4chst, eine [&hellip;]<\/p>\n","protected":false},"author":78,"featured_media":0,"parent":164,"menu_order":0,"comment_status":"closed","ping_status":"closed","template":"","meta":{"footnotes":""},"categories":[4],"tags":[],"class_list":["post-415","page","type-page","status-publish","hentry","category-forschung"],"_links":{"self":[{"href":"https:\/\/www.hsu-hh.de\/aut\/wp-json\/wp\/v2\/pages\/415","targetHints":{"allow":["GET"]}}],"collection":[{"href":"https:\/\/www.hsu-hh.de\/aut\/wp-json\/wp\/v2\/pages"}],"about":[{"href":"https:\/\/www.hsu-hh.de\/aut\/wp-json\/wp\/v2\/types\/page"}],"author":[{"embeddable":true,"href":"https:\/\/www.hsu-hh.de\/aut\/wp-json\/wp\/v2\/users\/78"}],"replies":[{"embeddable":true,"href":"https:\/\/www.hsu-hh.de\/aut\/wp-json\/wp\/v2\/comments?post=415"}],"version-history":[{"count":1,"href":"https:\/\/www.hsu-hh.de\/aut\/wp-json\/wp\/v2\/pages\/415\/revisions"}],"predecessor-version":[{"id":416,"href":"https:\/\/www.hsu-hh.de\/aut\/wp-json\/wp\/v2\/pages\/415\/revisions\/416"}],"up":[{"embeddable":true,"href":"https:\/\/www.hsu-hh.de\/aut\/wp-json\/wp\/v2\/pages\/164"}],"wp:attachment":[{"href":"https:\/\/www.hsu-hh.de\/aut\/wp-json\/wp\/v2\/media?parent=415"}],"wp:term":[{"taxonomy":"category","embeddable":true,"href":"https:\/\/www.hsu-hh.de\/aut\/wp-json\/wp\/v2\/categories?post=415"},{"taxonomy":"post_tag","embeddable":true,"href":"https:\/\/www.hsu-hh.de\/aut\/wp-json\/wp\/v2\/tags?post=415"}],"curies":[{"name":"wp","href":"https:\/\/api.w.org\/{rel}","templated":true}]}}