{"id":411,"date":"2017-10-24T23:53:26","date_gmt":"2017-10-24T21:53:26","guid":{"rendered":"https:\/\/www.hsu-hh.de\/aut\/?page_id=411"},"modified":"2017-10-24T23:53:26","modified_gmt":"2017-10-24T21:53:26","slug":"analyse-und-re-implementierung-von-sps-programmen-mit-hilfe-von-automaten","status":"publish","type":"page","link":"https:\/\/www.hsu-hh.de\/aut\/forschung\/forschungsthemen\/analyse-und-re-implementierung-von-sps-programmen-mit-hilfe-von-automaten","title":{"rendered":"Analyse und Re-Implementierung von SPS-Programmen mit Hilfe von Automaten"},"content":{"rendered":"<h2>Projektbeschreibung:<\/h2>\n<p>Die Re-Implementierung von SPS-Programmen auf eine neue HW-Plattform ist oft erforderlich, um neue Produktionsanforderungen zu befriedigen oder eine veraltete SPS zu ersetzen. Dieser Beitrag beschreibt einen Ansatz f\u00fcr die Re-Implementierung f\u00fcr bereits existierende SPS-Programme auf\u00a0 Basis formaler Methoden in Form von Automaten. Diese Automaten im XML-Format werden danach<br \/>\nin ein Programm gem\u00e4\u00df IEC 61131-3 umgewandelt, welches dann durch den neuen SPS-Controller verarbeitet werden kann. Zuk\u00fcnftige Arbeiten werden die Erweiterung und Optimierung der Re-Implementierungsschritte sein.<\/p>\n<p>bearbeitet von: <a title=\"Startseite \u00bb Mitarbeiter \u00bb Wiss. Mitarbeiter \u00bb Mohammed\u00a0Bani Younis\" href=\"https:\/\/www.hsu-hh.de\/aut\/index_LNWijOSe87WR9R9I.html\"><abbr title=\"Doktor der Ingenieurwissenschaften\">Dr.-Ing.<\/abbr> Mohammed Bani Younis<\/a><\/p>\n","protected":false},"excerpt":{"rendered":"<p>Projektbeschreibung: Die Re-Implementierung von SPS-Programmen auf eine neue HW-Plattform ist oft erforderlich, um neue Produktionsanforderungen zu befriedigen oder eine veraltete SPS zu ersetzen. Dieser Beitrag beschreibt einen Ansatz f\u00fcr die [&hellip;]<\/p>\n","protected":false},"author":78,"featured_media":0,"parent":164,"menu_order":0,"comment_status":"closed","ping_status":"closed","template":"","meta":{"footnotes":""},"categories":[4],"tags":[],"class_list":["post-411","page","type-page","status-publish","hentry","category-forschung"],"_links":{"self":[{"href":"https:\/\/www.hsu-hh.de\/aut\/wp-json\/wp\/v2\/pages\/411","targetHints":{"allow":["GET"]}}],"collection":[{"href":"https:\/\/www.hsu-hh.de\/aut\/wp-json\/wp\/v2\/pages"}],"about":[{"href":"https:\/\/www.hsu-hh.de\/aut\/wp-json\/wp\/v2\/types\/page"}],"author":[{"embeddable":true,"href":"https:\/\/www.hsu-hh.de\/aut\/wp-json\/wp\/v2\/users\/78"}],"replies":[{"embeddable":true,"href":"https:\/\/www.hsu-hh.de\/aut\/wp-json\/wp\/v2\/comments?post=411"}],"version-history":[{"count":1,"href":"https:\/\/www.hsu-hh.de\/aut\/wp-json\/wp\/v2\/pages\/411\/revisions"}],"predecessor-version":[{"id":412,"href":"https:\/\/www.hsu-hh.de\/aut\/wp-json\/wp\/v2\/pages\/411\/revisions\/412"}],"up":[{"embeddable":true,"href":"https:\/\/www.hsu-hh.de\/aut\/wp-json\/wp\/v2\/pages\/164"}],"wp:attachment":[{"href":"https:\/\/www.hsu-hh.de\/aut\/wp-json\/wp\/v2\/media?parent=411"}],"wp:term":[{"taxonomy":"category","embeddable":true,"href":"https:\/\/www.hsu-hh.de\/aut\/wp-json\/wp\/v2\/categories?post=411"},{"taxonomy":"post_tag","embeddable":true,"href":"https:\/\/www.hsu-hh.de\/aut\/wp-json\/wp\/v2\/tags?post=411"}],"curies":[{"name":"wp","href":"https:\/\/api.w.org\/{rel}","templated":true}]}}