{"id":404,"date":"2017-10-24T23:37:44","date_gmt":"2017-10-24T21:37:44","guid":{"rendered":"https:\/\/www.hsu-hh.de\/aut\/?page_id=404"},"modified":"2017-11-21T09:52:13","modified_gmt":"2017-11-21T08:52:13","slug":"funktionale-anlagenbeschreibung","status":"publish","type":"page","link":"https:\/\/www.hsu-hh.de\/aut\/forschung\/forschungsthemen\/funktionale-anlagenbeschreibung","title":{"rendered":"Funktionale Anlagenbeschreibung"},"content":{"rendered":"<div class=\"header_info\">\n<p>In einem nahezu ges\u00e4ttigten Markt wird der Neubau von Produktionsanlagen immer mehr zur Ausnahme, so dass die Modernisierung bestehender Produktionsanlagen zunehmend an Bedeutung gewinnt. Eine besondere Schwierigkeit bei der Planung von Modernisierungsprojekten entsteht dadurch, dass Dokumentationen zur bestehenden Anlage meist nur in sehr heterogener Form zur Verf\u00fcgung stehen, die dann in den verschiedenen Engineering-Phasen eines Modernisierungsprojektes manuell ausgewertet und in Planungsdokumente \u00fcberf\u00fchrt werden. Diese Vorgehensweise ist nicht nur zeitaufw\u00e4ndig, sondern auch sehr fehleranf\u00e4llig. Der Fokus dieser Forschungsarbeit liegt auf der funktionalen Beschreibung von Maschinen und Anlagen aus Sicht der Automatisierungstechnik. Dazu wird zun\u00e4chst eine Methodik entwickelt, um eine unstrukturierte und heterogene Anlagendokumentation in ein ganzheitliches (phasen- und gewerke\u00fcbergreifendes) Anlagenmodel zu transferieren. Basierend auf dieser Grundlage wird untersucht, wie der Engineering-Aufwand in den verschiedenen Phasen eines Modernisierungsprojektes durch den Einsatz von wissensbasierten Methoden reduziert werden kann.<\/p>\n<div>\n<p><img decoding=\"async\" src=\"https:\/\/webbox.hsu-hh.de\/images\/lDhQBOykv8xCm3Zl.jpg\" alt=\"Forschungsthematik_Strube_V2\" \/><\/p>\n<p>Bearbeitet durch: <a href=\"mailto:martin.strube@hsu-hh.de\" rel='nofollow'>D<\/a><a title=\"Startseite \u00bb Mitarbeiter \u00bb Wiss. Mitarbeiter \u00bb Andr\u00e9\u00a0Scholz\" href=\"https:\/\/www.hsu-hh.de\/aut\/index_yJDb13rigkem0q0Y.html\">ipl.-<abbr title=\"Ingenieur\">Ing.<\/abbr> Andr\u00e9 Scholz<\/a><\/p>\n<p>Erg\u00e4nzendes Material: <a title=\"Startseite \u00bb Forschung \u00bb Publikationen \u00bb Publikationen (Gesamt\u00fcbersicht)\" href=\"https:\/\/www.hsu-hh.de\/aut\/index_jAr7IuzQdX2TOFQ1.html\">Ver\u00f6ffentlichungen<\/a><\/p>\n<p><u>Schwerpunkte:<\/u><\/p>\n<ul>\n<li>Entwickeln einer Methodik zur funktionalen Beschreibung von Produktionsanlagen<\/li>\n<li>Modellierung von Produktionsanlagen<\/li>\n<li>Einsatz wissensbasierter Methoden im Rahmen der Modernisierungsplanung<\/li>\n<\/ul>\n<\/div>\n<\/div>\n","protected":false},"excerpt":{"rendered":"<p>In einem nahezu ges\u00e4ttigten Markt wird der Neubau von Produktionsanlagen immer mehr zur Ausnahme, so dass die Modernisierung bestehender Produktionsanlagen zunehmend an Bedeutung gewinnt. Eine besondere Schwierigkeit bei der Planung [&hellip;]<\/p>\n","protected":false},"author":78,"featured_media":0,"parent":164,"menu_order":0,"comment_status":"closed","ping_status":"closed","template":"","meta":{"footnotes":""},"categories":[4],"tags":[],"class_list":["post-404","page","type-page","status-publish","hentry","category-forschung"],"_links":{"self":[{"href":"https:\/\/www.hsu-hh.de\/aut\/wp-json\/wp\/v2\/pages\/404","targetHints":{"allow":["GET"]}}],"collection":[{"href":"https:\/\/www.hsu-hh.de\/aut\/wp-json\/wp\/v2\/pages"}],"about":[{"href":"https:\/\/www.hsu-hh.de\/aut\/wp-json\/wp\/v2\/types\/page"}],"author":[{"embeddable":true,"href":"https:\/\/www.hsu-hh.de\/aut\/wp-json\/wp\/v2\/users\/78"}],"replies":[{"embeddable":true,"href":"https:\/\/www.hsu-hh.de\/aut\/wp-json\/wp\/v2\/comments?post=404"}],"version-history":[{"count":3,"href":"https:\/\/www.hsu-hh.de\/aut\/wp-json\/wp\/v2\/pages\/404\/revisions"}],"predecessor-version":[{"id":554,"href":"https:\/\/www.hsu-hh.de\/aut\/wp-json\/wp\/v2\/pages\/404\/revisions\/554"}],"up":[{"embeddable":true,"href":"https:\/\/www.hsu-hh.de\/aut\/wp-json\/wp\/v2\/pages\/164"}],"wp:attachment":[{"href":"https:\/\/www.hsu-hh.de\/aut\/wp-json\/wp\/v2\/media?parent=404"}],"wp:term":[{"taxonomy":"category","embeddable":true,"href":"https:\/\/www.hsu-hh.de\/aut\/wp-json\/wp\/v2\/categories?post=404"},{"taxonomy":"post_tag","embeddable":true,"href":"https:\/\/www.hsu-hh.de\/aut\/wp-json\/wp\/v2\/tags?post=404"}],"curies":[{"name":"wp","href":"https:\/\/api.w.org\/{rel}","templated":true}]}}