{"id":402,"date":"2017-10-24T23:37:01","date_gmt":"2017-10-24T21:37:01","guid":{"rendered":"https:\/\/www.hsu-hh.de\/aut\/?page_id=402"},"modified":"2017-11-21T09:55:41","modified_gmt":"2017-11-21T08:55:41","slug":"modellierung-von-zusammenhaengen-mittels-struktur-und-prozessbeschreibungen-automatisierungstechnischer-systeme","status":"publish","type":"page","link":"https:\/\/www.hsu-hh.de\/aut\/forschung\/forschungsthemen\/modellierung-von-zusammenhaengen-mittels-struktur-und-prozessbeschreibungen-automatisierungstechnischer-systeme","title":{"rendered":"Modellierung von Zusammenh\u00e4ngen mittels Struktur- und Prozessbeschreibungen automatisierungstechnischer Systeme"},"content":{"rendered":"<div class=\"header_info\">\n<p>Die Modellierung komplexer Zusammenh\u00e4nge spielt im Engineering eine wesentliche Rolle. Die Beschreibung dieser Zusammenh\u00e4nge in haupts\u00e4chlich phasen- und gewerkespezifischen Modellen bilden die Arbeitsgrundlagen f\u00fcr die nachfolgenden T\u00e4tigkeiten entlang der Engineeringkette. Auf Grund der historisch bedingten Arbeitsteilung sowie die hierf\u00fcr genutzten CAE-Werkzeuge ist eine durchg\u00e4ngige Nutzung der verschiedenen Modelle kaum m\u00f6glich.<\/p>\n<p>Durch die Kombination verschiedener Modelle, insbesondere der Anlagenstruktur und der auf dieser Anlage ablaufenden technischen Prozesse, sowie die durchg\u00e4ngige Nutzung w\u00e4hrend des Engineerings k\u00f6nnen auch nachgelagerte Phasen wie Wartung und Diagnose unterst\u00fctzt werden.<\/p>\n<p>Die \u00dcberwachung und Diagnose automatisierter Anlagen dient einerseits dazu, im Fehlerfall schwerwiegende Sch\u00e4den f\u00fcr Mensch und Umwelt zu vermeiden, andererseits eine hohe Anlagenzuverl\u00e4ssigkeit und \u2013verf\u00fcgbarkeit zu gew\u00e4hrleisten. Hierf\u00fcr haben sich in den letzten Jahren auf verschiedensten Verfahren basierende Diagnosemethoden entwickelt und bew\u00e4hrt. Ziel der Diagnose ist es, mit Methoden zur Fehlererkennung Abweichungen (=Symptome) in der Anlage oder im Prozess zu erkennen und mit Methoden zur Fehlerdiagnose die eigentliche Ursache zu ermitteln. Auf Grund der Anlagenstruktur und Verbindungen (<abbr title=\"zum Beispiel\">z.B.<\/abbr> Rohrleitungen) werden Fehler durch die Anlage transportiert und wirken sich an anderer Stelle als Symptom aus. Hierdurch wird die Diagnose, also das Erkennen der Ursache, erschwert.<\/p>\n<p><img decoding=\"async\" src=\"https:\/\/webbox.hsu-hh.de\/images\/avRJC3kEOEF59uqg.jpg\" alt=\"Modellierung von Zusammenh\u00e4ngen_Bild3\" \/><\/p>\n<p>Bearbeitet durch: <a title=\"Startseite \u00bb Mitarbeiter \u00bb Wiss. Mitarbeiter \u00bb Esteban \u00a0Arroyo\" href=\"https:\/\/www.hsu-hh.de\/aut\/index_qo84CvhqwrlllzTb.html\">E<\/a><a title=\"Startseite \u00bb Mitarbeiter \u00bb Wiss. Mitarbeiter \u00bb Esteban \u00a0Arroyo\" href=\"https:\/\/www.hsu-hh.de\/aut\/index_qo84CvhqwrlllzTb.html\">steban Arroyo, <abbr title=\"Master of Science\">M.Sc.<\/abbr><\/a><\/p>\n<p>Erg\u00e4nzendes Material: <a title=\"Startseite \u00bb Forschung \u00bb Publikationen \/ publications \u00bb Publikationen (Gesamt\u00fcbersicht)\" href=\"https:\/\/www.hsu-hh.de\/aut\/index_jAr7IuzQdX2TOFQ1.html\">Ver\u00f6ffentlichungen<\/a><\/p>\n<p>Schwerpunkte:<\/p>\n<ul>\n<li>Modellierung der Anlagenstruktur mittels CAEX\/AutomationML<\/li>\n<li>Modellierung der technischen Prozesse mittels VDI-3682 &#8222;Formalisierte Prozessbeschreibung&#8220;<\/li>\n<li>Methoden der K\u00fcnstlichen Intelligenz<\/li>\n<\/ul>\n<\/div>\n","protected":false},"excerpt":{"rendered":"<p>Die Modellierung komplexer Zusammenh\u00e4nge spielt im Engineering eine wesentliche Rolle. Die Beschreibung dieser Zusammenh\u00e4nge in haupts\u00e4chlich phasen- und gewerkespezifischen Modellen bilden die Arbeitsgrundlagen f\u00fcr die nachfolgenden T\u00e4tigkeiten entlang der Engineeringkette. [&hellip;]<\/p>\n","protected":false},"author":78,"featured_media":0,"parent":164,"menu_order":0,"comment_status":"closed","ping_status":"closed","template":"","meta":{"footnotes":""},"categories":[4],"tags":[],"class_list":["post-402","page","type-page","status-publish","hentry","category-forschung"],"_links":{"self":[{"href":"https:\/\/www.hsu-hh.de\/aut\/wp-json\/wp\/v2\/pages\/402","targetHints":{"allow":["GET"]}}],"collection":[{"href":"https:\/\/www.hsu-hh.de\/aut\/wp-json\/wp\/v2\/pages"}],"about":[{"href":"https:\/\/www.hsu-hh.de\/aut\/wp-json\/wp\/v2\/types\/page"}],"author":[{"embeddable":true,"href":"https:\/\/www.hsu-hh.de\/aut\/wp-json\/wp\/v2\/users\/78"}],"replies":[{"embeddable":true,"href":"https:\/\/www.hsu-hh.de\/aut\/wp-json\/wp\/v2\/comments?post=402"}],"version-history":[{"count":2,"href":"https:\/\/www.hsu-hh.de\/aut\/wp-json\/wp\/v2\/pages\/402\/revisions"}],"predecessor-version":[{"id":560,"href":"https:\/\/www.hsu-hh.de\/aut\/wp-json\/wp\/v2\/pages\/402\/revisions\/560"}],"up":[{"embeddable":true,"href":"https:\/\/www.hsu-hh.de\/aut\/wp-json\/wp\/v2\/pages\/164"}],"wp:attachment":[{"href":"https:\/\/www.hsu-hh.de\/aut\/wp-json\/wp\/v2\/media?parent=402"}],"wp:term":[{"taxonomy":"category","embeddable":true,"href":"https:\/\/www.hsu-hh.de\/aut\/wp-json\/wp\/v2\/categories?post=402"},{"taxonomy":"post_tag","embeddable":true,"href":"https:\/\/www.hsu-hh.de\/aut\/wp-json\/wp\/v2\/tags?post=402"}],"curies":[{"name":"wp","href":"https:\/\/api.w.org\/{rel}","templated":true}]}}