{"id":400,"date":"2017-10-24T23:36:16","date_gmt":"2017-10-24T21:36:16","guid":{"rendered":"https:\/\/www.hsu-hh.de\/aut\/?page_id=400"},"modified":"2017-11-21T10:00:38","modified_gmt":"2017-11-21T09:00:38","slug":"werkzeug-und-methode-zur-formalisierten-prozessbeschreibung-entsprechend-vdi-richtlinie-3682","status":"publish","type":"page","link":"https:\/\/www.hsu-hh.de\/aut\/forschung\/forschungsthemen\/werkzeug-und-methode-zur-formalisierten-prozessbeschreibung-entsprechend-vdi-richtlinie-3682","title":{"rendered":"Werkzeug und Methode zur Formalisierten Prozessbeschreibung entsprechend VDI-Richtlinie 3682"},"content":{"rendered":"<h2>Hintergrund:<\/h2>\n<p>Mit der Ver\u00f6ffentlichung der VDI\/VDE-Richtlinie 3682 wurde im September 2005 ein Beschreibungsmittel zur formalisierten Beschreibung von Prozessen spezifiziert.<\/p>\n<p>Darauf basierend wurde im September 2006 mit F\u00f6rderung durch das Bundesministerium f\u00fcr Bildung und Forschung (<a href=\"http:\/\/www.bmbf.de\" target=\"_blank\" rel=\"noopener noreferrer\">http:\/\/www.bmbf.de <img loading=\"lazy\" decoding=\"async\" title=\"Externer Link: http:\/\/www.bmbf.de (http:\/\/www.bmbf.de)\" src=\"https:\/\/www.hsu-hh.de\/image_bricks\/external.gif\" alt=\"Externer Link: http:\/\/www.bmbf.de (http:\/\/www.bmbf.de)\" width=\"11\" height=\"10\" \/> <img loading=\"lazy\" decoding=\"async\" title=\"Link wird in einem neuen Fenster ge\u00f6ffnet\" src=\"https:\/\/www.hsu-hh.de\/image_bricks\/new_window_icon.gif\" alt=\"Link wird in einem neuen Fenster ge\u00f6ffnet\" width=\"10\" height=\"10\" \/><\/a>) ein Forschungs- und Entwicklungsvorhaben gestartet, das die Entwicklung, Evaluation und Praxiseinf\u00fchrung einer grafischen Projektierungsoberfl\u00e4che zur verbesserten Planung von Produktionsanlagen mittels formalisierter Prozessbeschreibungen nach VDI\/VDE-Richtlinie 3682 realisiert. Parallel dazu wurde die Methodik zur Nutzung der Formalisierten Prozessbeschreibung in Engineering-Projekten weiterentwickelt, einerseits f\u00fcr die Planung und Realisierung von verfahrenstechnischen Prozessen, andererseits auch zur Beschreibung der Prozesse in der Fertigungstechnik.<\/p>\n<p>Mittlerweile liegen die Bl\u00e4tter 1 &amp; 2 der VDI\/VDE 3681 in einer \u00fcberarbeiteten Fassung des Jahres 2015 vor.<\/p>\n<p>Die Beschreibung von Prozessen mit der Formalisierten Prozessbeschreibung erm\u00f6glicht ein dom\u00e4nen- und gewerke\u00fcbergreifendes Prozessverst\u00e4ndnis f\u00fcr alle Beteiligten im Engineering-Prozess. Hierf\u00fcr nutzt die Formalisierte Prozessbeschreibung eine Menge von Symbolen (Abbildung 1), mit denen der Prozessablauf grafisch beschrieben werden kann. Einerseits wird dadurch ein einfaches Prozessverst\u00e4ndnis erm\u00f6glicht, andererseits wird hierdurch eine Formalisierung der Beschreibung erreicht. Im Vergleich zu nicht-formalisierten Beschreibungen wie z. B. in Form von verbal beschriebenen Abl\u00e4ufen, bietet die Formalisierung eine M\u00f6glichkeit der rechnerbasierten Modellinterpretation.<\/p>\n<p><img decoding=\"async\" src=\"https:\/\/webbox.hsu-hh.de\/images\/wbox0028\/Forschung\/aktuelle%20Projekte\/FPB_1_4B.jpg\" alt=\"Grafische Symbole der formalisierten Prozessbeschreibung\" \/><\/p>\n<p><strong>Abbildung 1: Grafische Symbole der Formalisierten Prozessbeschreibung<\/strong><\/p>\n<p>&nbsp;<\/p>\n<p>Neben dem hieraus entstandenen grafischen Prozessmodell bietet die Formalisierte Prozessbeschreibung ein informationsorientiertes Prozessmodell, welches zur detaillierten Beschreibung der Prozesse genutzt wird. Hierbei k\u00f6nnen prozessspezifische Informationen wie Temperaturen, Dr\u00fccke und Kosten den jeweiligen Objekten zugewiesen werden. Dies erm\u00f6glicht die detaillierte Spezifikation des zu realisierenden Prozesses (Abbildung 2). Die Spezifikation des Prozesses ist hierbei nicht auf die oben genannten Informationen beschr\u00e4nkt. Sie zeigen vielmehr, wie universell die Formalisierte Prozessbeschreibung im Engineeringprozess eingesetzt werden kann.<\/p>\n<p><img decoding=\"async\" src=\"https:\/\/webbox.hsu-hh.de\/images\/1X6DuXYYh3O1YHAg.jpg\" alt=\"FPB_2\" \/><\/p>\n<p><strong>Abbildung 2: Informationsmodell (li.) und grafisches Modell (re.) am Beispiel eines Warmwalzprozesses<\/strong><\/p>\n<p>&nbsp;<\/p>\n<h2>Aktuelle Forschungsinhalte:<\/h2>\n<p>Die Formalisierte Prozessbeschreibung wird forschungsseitig sehr aktiv untersucht, um einerseits die Potentiale im Engineeringprozess herauszustellen andererseits aber auch die Grenzen der aktuellen Richtlinien-Fassung zu ergr\u00fcnden. Letzteres wird diesbez\u00fcglich im GMA FA 6.12 \u201eEngineering\u201c diskutiert und \u00fcberarbeitet. Hierbei erfolgen neben der sprachlichen \u00dcberarbeitung der Richtlinie auch die Erweiterung der Formalisierten Prozessbeschreibung hinsichtlich paralleler und alternativer Prozessabl\u00e4ufe sowie die M\u00f6glichkeit zur Beschreibung des \u201egesteuerten\u201c Verhaltens des beschriebenen Prozesses.<\/p>\n<p>Die Ver\u00f6ffentlichungen zeigen jeweils das breite Anwendungsspektrum der Formalisierten Prozessbeschreibung in der verfahrenstechnischen als auch fertigungstechnischen Automatisierungstechnik. Hierbei zeigt die FPB das Potential als durchg\u00e4ngiges Beschreibungsmittel von der Anforderungsdefinition und Absch\u00e4tzung von Zuverl\u00e4ssigkeitsaspekten (<a href=\"http:\/\/www.hsu-hh.de\/aut\/index_OgkRMiC8VCoFbpVX.html\" target=\"_blank\" rel=\"noopener noreferrer\">http:\/\/www.hsu-hh.de\/aut\/index_OgkRMiC8VCoFbpVX.html <img loading=\"lazy\" decoding=\"async\" title=\"Link wird in einem neuen Fenster ge\u00f6ffnet\" src=\"https:\/\/www.hsu-hh.de\/image_bricks\/new_window_icon.gif\" alt=\"Link wird in einem neuen Fenster ge\u00f6ffnet\" width=\"10\" height=\"10\" \/><\/a>) innerhalb der fr\u00fchen Engineeringphasen bis hin zum Einsatz in der Systemdiagnose w\u00e4hrend des Anlagenbetriebs (<a href=\"http:\/\/www.hsu-hh.de\/aut\/index_5OImP26eNzngFCeE.html\" target=\"_blank\" rel=\"noopener noreferrer\">http:\/\/www.hsu-hh.de\/aut\/index_5OImP26eNzngFCeE.html <img loading=\"lazy\" decoding=\"async\" title=\"Link wird in einem neuen Fenster ge\u00f6ffnet\" src=\"https:\/\/www.hsu-hh.de\/image_bricks\/new_window_icon.gif\" alt=\"Link wird in einem neuen Fenster ge\u00f6ffnet\" width=\"10\" height=\"10\" \/><\/a>). Neben der Erforschung der potentiellen Einsatzzwecke wird gleichzeig ein auf MS-Visio basierendes Werkzeug weiterentwickelt (Abbildung 3), um die Erstellung von umfassenden Prozessmodellen zu unterst\u00fctzen und den Datenaustausch innerhalb des Engineeringprozesses zu erm\u00f6glichen.<\/p>\n<p><img decoding=\"async\" src=\"https:\/\/webbox.hsu-hh.de\/images\/WxM8sl6RObqcI4b6.jpg\" alt=\"FPB_3\" \/><\/p>\n<p><strong>Abbildung 3: Werkzeug f\u00fcr die Erstellung von Prozessbeschreibungen in der MS-Visio Umgebung<\/strong><\/p>\n<p>&nbsp;<\/p>\n<p>bearbeitet von: <a title=\"Startseite \u00bb Mitarbeiter \u00bb Wiss. Mitarbeiter \u00bb Andr\u00e9\u00a0Scholz\" href=\"https:\/\/www.hsu-hh.de\/aut\/index_yJDb13rigkem0q0Y.html\">D<\/a><a title=\"Startseite \u00bb Mitarbeiter \u00bb Wiss. Mitarbeiter \u00bb Andr\u00e9\u00a0Scholz\" href=\"https:\/\/www.hsu-hh.de\/aut\/index_yJDb13rigkem0q0Y.html\">ipl.-<abbr title=\"Ingenieur\">Ing.<\/abbr> Andr\u00e9 Scholz<\/a> und <a title=\"Startseite \u00bb Mitarbeiter \u00bb Ehemalige \u00bb Sebastian\u00a0Schr\u00f6ck\" href=\"https:\/\/www.hsu-hh.de\/aut\/index_XeTKKV8vXMTW9yrx.html\"><abbr title=\"Doktor der Ingenieurwissenschaften\">Dr.-Ing.<\/abbr> Sebastian Schr\u00f6ck<\/a><\/p>\n<h2>Ver\u00f6ffentlichungen (Chronologisch absteigend):<\/h2>\n<p><strong>L. Christiansen<\/strong>, <strong>T. J\u00e4ger<\/strong>, <strong>F. Schumacher<\/strong>, <strong>A. Fay<\/strong>: Modellierungsvorschlag zur grafischen Beschreibung alternativer und paralleler Prozessabl\u00e4ufe auf Basis eines Vergleichs bestehender Beschreibungsmittel.\u00a0In: Tagungsband &#8222;EKA 2012 &#8211; Entwurf komplexer Automatisierungssysteme&#8220;, 8.-10. Mai 2012, Magdeburg.<\/p>\n<p><strong>T. J\u00e4ger<\/strong>, <strong>L. Christiansen<\/strong>, <strong>M. Strube<\/strong>, <strong>A. Fay<\/strong>: Durchg\u00e4ngige Werkzeugunterst\u00fctzung von der Anforderungserhebung bis zur Anlagenstrukturbeschreibung mittels formalisierter Prozessbeschreibung und AutomationML. In: Tagungsband &#8222;EKA 2012 &#8211; Entwurf komplexer Automatisierungssysteme&#8220;, 8.-10. Mai 2012, Magdeburg.<\/p>\n<p><strong>L. Christiansen<\/strong>, <strong>T. J\u00e4ger<\/strong>, <strong>M. Strube<\/strong>, <strong>A. Fay<\/strong>: Integration of a formalized process description into MS Visio\u00ae with regard to an integrated engineering process. In: Proceedings of the Workshop on Industrial Automation Tool Integration for Engineering Project Automation (iATPA-2011), Toulouse, France, 9. September, 2011.<\/p>\n<p><strong>L. Christiansen<\/strong>, <strong>A. Fay<\/strong>, B. Opgenoorth, J. Neidig: Improved Diagnosis by Combining Structural and Process Knowledge. In: Tagungsband der 16. Tagung &#8222;IEEE International Conference on Emerging Technologies and Factory Automation (ETFA), Toulouse, France, 5.-9. September 2011.<\/p>\n<p>B. Opgenoorth, J. H. Richter, T. Grosche, <strong>D. Wolff, A. Fay<\/strong>: Verl\u00e4sslichkeitsanforderungen mit Prozess- und Ressourcenbeschreibung. In: Zeitschrift &#8222;atp-edition \/ Automatisierungstechnische Praxis&#8220;, Heft 3\/2011, S. 44-52.<\/p>\n<p><strong>L. Christiansen<\/strong>, <strong>T. J\u00e4ger<\/strong>, <strong>A. Fay<\/strong>: Werkzeug f\u00fcr die Formalisierte Prozessbeschreibung VDI\/VDE-Richtlinie 3682 auf Basis von MS Visio\u00ae. In: Tagungsband &#8222;Automation 2011&#8220;, 28-29. Juni 2011, Baden-Baden.<\/p>\n<p><strong>M. Strube, A. Fay:<\/strong>Br\u00fcckenschlag zwischen Prozess- und Anlagenbeschreibung. In: Zeitschrift &#8222;atp-edition \/ Automatisierungstechnische Praxis&#8220;, Heft 9\/2010, S. 26-27.<\/p>\n<p><strong>Ulrich, Alexander: <\/strong>Entwicklungsmethodik f\u00fcr die Planung verfahrenstechnischer Anlagen. Fortschritt-Berichte VDI Reihe 20 Nr. 425: Rechnergest\u00fctzte Verfahren. D\u00fcsseldorf: VDI Verlag 2009.<\/p>\n<p><strong>A. Ulrich, K. G\u00fcttel,<\/strong> <strong>A.<\/strong> <strong>Fay<\/strong>: Durchg\u00e4ngige Prozesssicht in unterschiedlichen Dom\u00e4nen &#8211; Methoden und Werkzeug zum Einsatz der formalisierten Prozessbeschreibung &#8211; Universal View on Processes in Different Domains &#8211; Methods and Tool for Formalised Process Descriptions &#8211; In:<a href=\"http:\/\/www.at-automatisierungstechnik.de\/\" target=\"_blank\" rel=\"noopener noreferrer\"> at &#8211; Automatisierungstechnik <img loading=\"lazy\" decoding=\"async\" title=\"Externer Link: at - Automatisierungstechnik (http:\/\/www.at-automatisierungstechnik.de\/)\" src=\"https:\/\/www.hsu-hh.de\/image_bricks\/external.gif\" alt=\"Externer Link: at - Automatisierungstechnik (http:\/\/www.at-automatisierungstechnik.de\/)\" width=\"11\" height=\"10\" \/> <img loading=\"lazy\" decoding=\"async\" title=\"Link wird in einem neuen Fenster ge\u00f6ffnet\" src=\"https:\/\/www.hsu-hh.de\/image_bricks\/new_window_icon.gif\" alt=\"Link wird in einem neuen Fenster ge\u00f6ffnet\" width=\"10\" height=\"10\" \/><\/a>, Oldenbourg-Verlag, M\u00fcnchen, ISSN 0178-2312, Heft 2\/2009, pp. 80-92.<\/p>\n","protected":false},"excerpt":{"rendered":"<p>Hintergrund: Mit der Ver\u00f6ffentlichung der VDI\/VDE-Richtlinie 3682 wurde im September 2005 ein Beschreibungsmittel zur formalisierten Beschreibung von Prozessen spezifiziert. Darauf basierend wurde im September 2006 mit F\u00f6rderung durch das Bundesministerium [&hellip;]<\/p>\n","protected":false},"author":78,"featured_media":0,"parent":164,"menu_order":0,"comment_status":"closed","ping_status":"closed","template":"","meta":{"footnotes":""},"categories":[4],"tags":[],"class_list":["post-400","page","type-page","status-publish","hentry","category-forschung"],"_links":{"self":[{"href":"https:\/\/www.hsu-hh.de\/aut\/wp-json\/wp\/v2\/pages\/400","targetHints":{"allow":["GET"]}}],"collection":[{"href":"https:\/\/www.hsu-hh.de\/aut\/wp-json\/wp\/v2\/pages"}],"about":[{"href":"https:\/\/www.hsu-hh.de\/aut\/wp-json\/wp\/v2\/types\/page"}],"author":[{"embeddable":true,"href":"https:\/\/www.hsu-hh.de\/aut\/wp-json\/wp\/v2\/users\/78"}],"replies":[{"embeddable":true,"href":"https:\/\/www.hsu-hh.de\/aut\/wp-json\/wp\/v2\/comments?post=400"}],"version-history":[{"count":2,"href":"https:\/\/www.hsu-hh.de\/aut\/wp-json\/wp\/v2\/pages\/400\/revisions"}],"predecessor-version":[{"id":563,"href":"https:\/\/www.hsu-hh.de\/aut\/wp-json\/wp\/v2\/pages\/400\/revisions\/563"}],"up":[{"embeddable":true,"href":"https:\/\/www.hsu-hh.de\/aut\/wp-json\/wp\/v2\/pages\/164"}],"wp:attachment":[{"href":"https:\/\/www.hsu-hh.de\/aut\/wp-json\/wp\/v2\/media?parent=400"}],"wp:term":[{"taxonomy":"category","embeddable":true,"href":"https:\/\/www.hsu-hh.de\/aut\/wp-json\/wp\/v2\/categories?post=400"},{"taxonomy":"post_tag","embeddable":true,"href":"https:\/\/www.hsu-hh.de\/aut\/wp-json\/wp\/v2\/tags?post=400"}],"curies":[{"name":"wp","href":"https:\/\/api.w.org\/{rel}","templated":true}]}}