{"id":382,"date":"2017-10-24T23:21:59","date_gmt":"2017-10-24T21:21:59","guid":{"rendered":"https:\/\/www.hsu-hh.de\/aut\/?page_id=382"},"modified":"2021-02-18T10:47:37","modified_gmt":"2021-02-18T09:47:37","slug":"formale-methoden-zur-spezifikation-und-implementierung-von-steuerungen","status":"publish","type":"page","link":"https:\/\/www.hsu-hh.de\/aut\/forschung\/forschungsthemen\/formale-methoden-zur-spezifikation-und-implementierung-von-steuerungen","title":{"rendered":"Analyse von GRAFCET-Spezifikationen zur Erkennung von Entwurfsfehlern (AGRAFE)"},"content":{"rendered":"<p>In diesem Projekt soll eine formale Beschreibung von Steuerungsabl\u00e4ufen mithilfe der Spezifikationssprache GRAFCET erreicht werden. Darauf aufbauend sollen die M\u00f6glichkeiten f\u00fcr formale Verifikationen dieser Spezifikationen untersucht werden, um die Entwurfsphase im Engineeringprozess zu unterst\u00fctzen. Dieses Projekt baut damit auf den Ergebnissen des, ebenfalls von der DFG gef\u00f6rderten, Projekts \u201eGRAFCETbringtS\u201c auf.<\/p>\n<p>GRAFCET (IEC 60848) ist ein graphisches Beschreibungsmittel zur Spezifikation von Steuerungsabl\u00e4ufen. GRAFCET adaptiert daf\u00fcr Konzepte aus dem Bereich der Petri-Netze. Neben den Basiselementen (Schritte und Transitionen) und sequenziellen, alternativen oder parallelen Abl\u00e4ufen k\u00f6nnen mit GRAFCET auch hierarchische Strukturen abgebildet werden. So ist es m\u00f6glich, Teile der Steuerung in eine bestimmte Situation zu zwingen, was GRAFCET von anderen Beschreibungssprachen abhebt.<\/p>\n<p>Im Laufe des Entwurfsprozesses einer Automatisierungsl\u00f6sung wird u.a. das Sollverhalten des Systems in Bezug auf logische Zusammenh\u00e4nge und Abl\u00e4ufe festgelegt. Mit Blick auf das Gesamtsystem stellt die Spezifikation somit eine wichtige Vorstufe zur Implementierung und Realisierung von Steuerungen dar. Da der Steuerungsentwurf oftmals intuitiv, ohne formelle Beschreibung oder Dokumentation und ohne vollst\u00e4ndige Validierung der Entwurfsergebnisse erfolgt, ist die Verwendung von geeigneten, regelbasierten Methoden unabdingbar.<\/p>\n<p>Im Rahmen des systematischen Steuerungsentwurfes im Bereich der Spezifikation und Implementierung werden innerhalb dieses Forschungsschwerpunktes formale Beschreibungsmittel untersucht. Dabei sind die Fragestellungen zentral, wie diese formalen Beschreibungsmittel eindeutig und regelbasiert in Steuerungscode umgesetzt werden k\u00f6nnen. Und darauf aufbauend, wie Entwurfsfehler, unabh\u00e4ngig von der Steuerstrecke mithilfe formaler Methoden erkannt werden k\u00f6nnen. Dabei sollen sowohl statische Analysen, als auch Model Checking zum Einsatz kommen.<\/p>\n<p>Beteiligte Mitarbeiter: <a href=\"https:\/\/www.hsu-hh.de\/aut\/team\">Aron Schnakenbeck<\/a><\/p>\n<p>Partner: Lehrstuhl f\u00fcr Informatik 11 RWTH Aachen (Prof. Dr. Stefan Kowalewski)<\/p>\n<p>Laufzeit: Mai 2021 bis April 2023<\/p>\n<p>F\u00f6rderung: DFG<\/p>\n\n\n<p><\/p>\n","protected":false},"excerpt":{"rendered":"<p>In diesem Projekt soll eine formale Beschreibung von Steuerungsabl\u00e4ufen mithilfe der Spezifikationssprache GRAFCET erreicht werden. Darauf aufbauend sollen die M\u00f6glichkeiten f\u00fcr formale Verifikationen dieser Spezifikationen untersucht werden, um die Entwurfsphase [&hellip;]<\/p>\n","protected":false},"author":78,"featured_media":0,"parent":164,"menu_order":0,"comment_status":"closed","ping_status":"closed","template":"","meta":{"footnotes":""},"categories":[4],"tags":[],"class_list":["post-382","page","type-page","status-publish","hentry","category-forschung"],"_links":{"self":[{"href":"https:\/\/www.hsu-hh.de\/aut\/wp-json\/wp\/v2\/pages\/382","targetHints":{"allow":["GET"]}}],"collection":[{"href":"https:\/\/www.hsu-hh.de\/aut\/wp-json\/wp\/v2\/pages"}],"about":[{"href":"https:\/\/www.hsu-hh.de\/aut\/wp-json\/wp\/v2\/types\/page"}],"author":[{"embeddable":true,"href":"https:\/\/www.hsu-hh.de\/aut\/wp-json\/wp\/v2\/users\/78"}],"replies":[{"embeddable":true,"href":"https:\/\/www.hsu-hh.de\/aut\/wp-json\/wp\/v2\/comments?post=382"}],"version-history":[{"count":4,"href":"https:\/\/www.hsu-hh.de\/aut\/wp-json\/wp\/v2\/pages\/382\/revisions"}],"predecessor-version":[{"id":1681,"href":"https:\/\/www.hsu-hh.de\/aut\/wp-json\/wp\/v2\/pages\/382\/revisions\/1681"}],"up":[{"embeddable":true,"href":"https:\/\/www.hsu-hh.de\/aut\/wp-json\/wp\/v2\/pages\/164"}],"wp:attachment":[{"href":"https:\/\/www.hsu-hh.de\/aut\/wp-json\/wp\/v2\/media?parent=382"}],"wp:term":[{"taxonomy":"category","embeddable":true,"href":"https:\/\/www.hsu-hh.de\/aut\/wp-json\/wp\/v2\/categories?post=382"},{"taxonomy":"post_tag","embeddable":true,"href":"https:\/\/www.hsu-hh.de\/aut\/wp-json\/wp\/v2\/tags?post=382"}],"curies":[{"name":"wp","href":"https:\/\/api.w.org\/{rel}","templated":true}]}}