{"id":2225,"date":"2021-07-29T08:43:54","date_gmt":"2021-07-29T06:43:54","guid":{"rendered":"https:\/\/www.hsu-hh.de\/aut\/?page_id=2225"},"modified":"2026-03-04T08:33:08","modified_gmt":"2026-03-04T07:33:08","slug":"beers","status":"publish","type":"page","link":"https:\/\/www.hsu-hh.de\/aut\/team\/beers","title":{"rendered":"Lasse Beers, M.Sc."},"content":{"rendered":"\n<h2 class=\"wp-block-heading\">Wissenschaftlicher Mitarbeiter<\/h2>\n\n\n\n<hr class=\"wp-block-separator has-css-opacity\" \/>\n\n\n\n<div class=\"wp-block-columns is-layout-flex wp-container-core-columns-is-layout-9d6595d7 wp-block-columns-is-layout-flex\">\n<div class=\"wp-block-column is-layout-flow wp-block-column-is-layout-flow\" style=\"flex-basis:66.66%\">\n<p><strong>E-Mail:<\/strong> <a href=\"mailto:lasse.beers@hsu-hh.de\" rel='nofollow'>lasse.beers@hsu-hh.de<\/a><\/p>\n\n\n\n<p><strong>Telefon:<\/strong> +49 40 6541-2302<\/p>\n\n\n\n<p><strong>Fax:<\/strong> +49 40 6541-2004<\/p>\n\n\n\n<p><strong>Raum:<\/strong> H1\/1212<\/p>\n\n\n\n<p><strong>Postanschrift: <\/strong><\/p>\n\n\n\n<p>Helmut-Schmidt-Universit\u00e4t<br>Fakult\u00e4t f\u00fcr Maschinenbau<br>Professur f\u00fcr Automatisierungstechnik<br>Postfach 70 08 22<br>22008 Hamburg<\/p>\n\n\n\n<p><strong>Besucheranschrift:<\/strong><\/p>\n\n\n\n<p>Helmut-Schmidt-Universit\u00e4t<br>Geb\u00e4ude H1<br>Holstenhofweg 85<br>22043 Hamburg<\/p>\n\n\n\n<hr class=\"wp-block-separator has-css-opacity\" \/>\n\n\n\n<p><a href=\"https:\/\/www.linkedin.com\/in\/lasse-beers-b065a51b3\/\" rel='nofollow'>LinkedIn<\/a><\/p>\n<\/div>\n\n\n\n<div class=\"wp-block-column is-layout-flow wp-block-column-is-layout-flow\" style=\"flex-basis:33.33%\">\n<figure class=\"wp-block-image size-medium is-resized\"><img loading=\"lazy\" decoding=\"async\" width=\"300\" height=\"295\" src=\"https:\/\/www.hsu-hh.de\/aut\/wp-content\/uploads\/sites\/670\/2021\/02\/Lasse_Beers-e1614849364811-300x295.jpg\" data-credit=\"Lasse_Beers\" alt=\"Lasse_Beers\" class=\"wp-image-1724\" style=\"width:undefinedpx;height:300px\" srcset=\"https:\/\/www.hsu-hh.de\/aut\/wp-content\/uploads\/sites\/670\/2021\/02\/Lasse_Beers-e1614849364811-300x295.jpg 300w, https:\/\/www.hsu-hh.de\/aut\/wp-content\/uploads\/sites\/670\/2021\/02\/Lasse_Beers-e1614849364811.jpg 709w\" sizes=\"auto, (max-width: 300px) 100vw, 300px\" \/><\/figure>\n\n\n\n<p><\/p>\n<\/div>\n<\/div>\n\n\n\n<hr class=\"wp-block-separator has-css-opacity\" \/>\n\n\n\n<h2 class=\"wp-block-heading\">Projekte:<\/h2>\n\n\n\n<ul class=\"wp-block-list\">\n<li><a href=\"https:\/\/www.hsu-hh.de\/aut\/forschung\/forschungsthemen\/intelligente-modulare-robotik-und-integrierte-produktionsgestaltung-im-flugzeugbau-imod\">iMOD &#8211; Intelligente modulare Robotik und integrierte Produktionsgestaltung im Flugzeugbau<\/a><\/li>\n<\/ul>\n\n\n\n<hr class=\"wp-block-separator has-alpha-channel-opacity\" \/>\n\n\n\n<h2 class=\"wp-block-heading\" id=\"Betreute-Arbeiten\">Betreute Arbeiten<\/h2>\n\n\n\n<p>Modellentwicklung zur automatisierten Bewertung m\u00f6glicher Umsetzungen von Montageprozessen im Flugzeugbau (Masterarbeit, in Zusammenarbeit mit Airbus, abgeschlossen 04\/2022)<\/p>\n\n\n\n<p>Methodik zur Identifizierung und automatisierten \u00dcberf\u00fchrung von Informationen aus MBSE-Modellen in Problembeschreibungen f\u00fcr Prozessplanungen im Flugzeugbau (Masterarbeit, in Zusammenarbeit mit Airbus, abgeschlossen 11\/2023)<\/p>\n\n\n\n<hr class=\"wp-block-separator has-alpha-channel-opacity\" \/>\n\n\n\n<h2 class=\"wp-block-heading\" id=\"SHK-Stellen,-Angebote-f\u00fcr-Seminar--und-Abschlussarbeiten\"><abbr title=\"Studentische Hilfskraft\">SHK<\/abbr>-Stellen, Angebote f\u00fcr Seminar- und Abschlussarbeiten<\/h2>\n\n\n\n<p>Falls Sie Interesse an einer Seminararbeit, Abschlussarbeit oder einer Stelle als Studentische Hilfskraft (<abbr title=\"Studentische Hilfskraft\">SHK<\/abbr>) im Fachbereich Model-based-System-Engineering (MBSE) haben, kontaktieren Sie mich gerne.<\/p>\n\n\n\n<hr class=\"wp-block-separator has-alpha-channel-opacity\" \/>\n\n\n\n<h2 class=\"wp-block-heading\" id=\"Ver\u00f6ffentlichungen\">Ver\u00f6ffentlichungen<\/h2>\n\n\n\n<p><strong>L. Beers, H. Nabizada<\/strong>, A. Chahine,<strong>&nbsp;F. Gehlhoff und A. Fay<\/strong>: \u201dModeling Product-Process-Resource Variability in Early Design Phases of Production Systems\u201c. In: \u201d2026 IEEE International Systems Conference (SysCon)\u201d. IEEE. 2026, S. 1\u20138.<\/p>\n\n\n\n<p><strong>L. Beers, H. Nabizada<\/strong>,&nbsp;<strong>M, Weigand,&nbsp;<\/strong>A. Chahine,<strong>&nbsp;F. Gehlhoff und A. Fay<\/strong>: \u201d<a href=\"https:\/\/www.mdpi.com\/2079-8954\/14\/2\/150\" rel='nofollow'>A Domain-Specific Modeling Language for Production Systems in Early Engineering Phases<\/a>\u201c. In: Systems 14.2 (2026).<\/p>\n\n\n\n<p>Ahvanouee, H. R.,&nbsp;<strong>Beers, L<\/strong>., Tabunshchyk, G., &amp; Fay, A. (2025, December).&nbsp;<a href=\"https:\/\/ieeexplore.ieee.org\/abstract\/document\/11384541\" rel='nofollow'>Towards Formalized Process Description (FPD) in Industry 4.0: A Structured Mapping from FPD to AAS<\/a>. In&nbsp;<em>2025 IEEE 4th Industrial Electronics Society Annual On-Line Conference (ONCON)<\/em>&nbsp;(pp. 1-6). IEEE.&nbsp;<\/p>\n\n\n\n<p><strong>H. Nabizada, L. Beers,&nbsp;<\/strong>A. Chahine,<strong>&nbsp;F. Gehlhoff, O. Niggemann, A. Fay:<\/strong>&nbsp;<a href=\"https:\/\/www.researchgate.net\/publication\/395527205_Bridging_Engineering_and_AI_Planning_through_Model-Based_Knowledge_Transformation_for_the_Validation_of_Automated_Production_System_Variants\" rel='nofollow'><u>Bridging Engineering and AI Planning through Model-Based Knowledge Transformation for the Validation of Automated Production System Variants. In: Workshop on Knowledge Engineering for Planning and Scheduling (KEPS) @ ICAPS 2025, 09.\u201314.11.2025, Melbourne, Australien<\/u><\/a>. Preprint:&nbsp;<a href=\"https:\/\/arxiv.org\/abs\/2509.12091\" rel='nofollow'><u>arXiv:2509.12091<\/u><\/a><\/p>\n\n\n\n<p><strong>H. Nabizada,&nbsp;T. Jeleniewski, L. Beers, M. Weigand, F. Gehlhoff, A. Fay<\/strong>: Integrating AI Planning Semantics into SysML System Models for Automated PDDL File Generation. In: 30th IEEE International Conference on Emerging Technologies and Factory Automation (ETFA 2025), 09.-12.09.2025, Porto, Portugal. Preprint:&nbsp;<a href=\"https:\/\/arxiv.org\/abs\/2506.06714\" rel='nofollow'>arXiv:2506.06714<\/a><\/p>\n\n\n\n<p>G\u00f6ttmann, H.,<strong> Caesar, B., Beers, L<\/strong>., Lochau, M., Sch\u00fcrr, A., &amp; <strong>Fay, A<\/strong>. (2025). <a href=\"https:\/\/link.springer.com\/article\/10.1007\/s10270-025-01269-2\" rel='nofollow'>Correction: Cost-sensitive precomputation of real-time-aware reconfiguration strategies based on stochastic priced timed games<\/a>. <em>Software and Systems Modeling<\/em>, 1-1.<\/p>\n\n\n\n<p><strong>H. Nabizada, T. Jeleniewski, L. Beers, F. Gehlhoff, A. Fay<\/strong>: <a href=\"https:\/\/ceur-ws.org\/Vol-3883\/paper3_IPS2.pdf\" rel='nofollow'>Automated PDDL Domain File Generation for Enhancing Production System Development based on SysML Models. In: AI4CC-IPS-RCRA-SPIRIT 2024: International Workshop on Artificial Intelligence for Climate Change, Italian Workshop on Planning and Scheduling, RCRA Workshop on Experimental evaluation of algorithms for solving problems with combinatorial explosion, and SPIRIT Workshop on Strategies, Prediction, Interaction, and Reasoning in Italy. November 25-28th, 2024, Bolzano, Italy<\/a><\/p>\n\n\n\n<p>Wenzel, A., Moschref, A., <strong>Beers, L., Gehlhoff, F., Fay, A<\/strong>., &amp; Nyhuis, P. (2024). <a href=\"https:\/\/www.sciencedirect.com\/science\/article\/pii\/S2212827124014318\" rel='nofollow'>Framework for Logistics-oriented Risk Assessment by Integrating Resilience Analysis<\/a>. <em>Procedia CIRP<\/em>, <em>130<\/em>, 1505-1510.<\/p>\n\n\n\n<p><strong>O. Ismail, L. Beers, F. Gehlhoff<\/strong>, N. H. Shah, <strong>A. Fay: <\/strong><a href=\"https:\/\/openhsu.ub.hsu-hh.de\/entities\/publication\/16790\" rel='nofollow'>Systematische Entwicklung einer Architektur f\u00fcr die virtuelle Inbetriebnahme eines automatisierten Produktionssystems<\/a>. In: dtec.bw-Beitr\u00e4ge der Helmut-Schmidt-Universit\u00e4t \/ Universit\u00e4t der Bundeswehr Hamburg: Forschungsaktivit\u00e4ten im Zentrum f\u00fcr Digitalisierungs- und Technologieforschung der Bundeswehr <a href=\"http:\/\/dtec.bw\/\" rel='nofollow'>dtec.bw<\/a> \u2013 Band 2 \u00b7 2024, Seiten 136\u2013142.<\/p>\n\n\n\n<p>S. Abshagen, A. Chahine, N. H. Shah, A. Ullmann, M. R\u00f6hrig, <strong>H. Nabizada, L. Beers, O. Ismail, M. Weigand, F. Gehlhoff<\/strong>, A. Wenzel, P. Nyhuis, <strong>A. Fay<\/strong>: <a href=\"https:\/\/doi.org\/10.24405\/16791\" rel='nofollow'>Production-related testing and optimisation environment for hardware and software in aircraft production of today and tomorrow. In: dtec.bw-Beitr\u00e4ge der Helmut-Schmidt-Universit\u00e4t \/ Universit\u00e4t der Bundeswehr Hamburg: Forschungsaktivit\u00e4ten im Zentrum f\u00fcr Digitalisierungs- und Technologieforschung der Bundeswehr dtec.bw \u2013 Band 2 \u00b7 2024, Seiten 143\u2013148.<\/a><\/p>\n\n\n\n<p><strong>L. Beers, H. Nabizada,<\/strong> <strong>M. Weigand, F. Gehlhoff, A. Fay<\/strong>: Towards an MBSE Approach for Modeling<br>Complex Production Systems based on Industrial Standards, In: 29th IEEE International Conference on Emerging Technologies And Factory Automation (ETFA 2024), September 10-13, 2024, Padua, Italy.<\/p>\n\n\n\n<p><strong>O. Ismail, L. Beers, F. Gehlhoff, A. Fay<\/strong>: Systematic Development of a Virtual<br>Commissioning Architecture for an Automated Production System, 18th IFAC Symposium on Information Control Problems in Manufacturing (INCOM 2024), August 28-30, 2024, Vienna, Austria.<\/p>\n\n\n\n<p><strong>H. Nabizada, L. Beers, M. Weigand, F. Gehlhoff, A. Fay<\/strong>: <a href=\"http:\/\/dx.doi.org\/10.25673\/116041\" rel='nofollow'>SysML-Profil zur automatisierten Generierung von PDDL-Beschreibungen aus Systemmodellen. Tagung \u201eEntwurf komplexer Automatisierungssysteme\u201c (EKA) 2024, Magdeburg, 14.-15. Mai 2024.<\/a><\/p>\n\n\n\n<p><strong>L. Beers, M. Weigand, H. Nabizada, F. Gehlhoff, A. Fay<\/strong>: Development of a SysML profile for the<br>standardized description of processes during system development, The 18th Annual International Systems Conference (SysCon24), April 15-18, 2024, Montreal, Canada. <a href=\"https:\/\/arxiv.org\/abs\/2403.06723\" rel='nofollow'>A SysML Profile for the Standardized Description of Processes during System Development<\/a><\/p>\n\n\n\n<p>G\u00f6ttmann, H., <strong>Caesar, B., Beers, L<\/strong>., Lochau, M., Sch\u00fcrr, A., &amp; <strong>Fay, A<\/strong>. (2024). <a href=\"https:\/\/link.springer.com\/article\/10.1007\/s10270-024-01195-9\" rel='nofollow'>Cost-sensitive precomputation of real-time-aware reconfiguration strategies based on stochastic priced timed games. <\/a><em>Software and Systems Modeling<\/em>, 1-31.<\/p>\n\n\n\n<p><strong>L.Beers, M.Weigand, H. Nabizada, A. Fay<\/strong>: MBSE Modeling Workflow for the Development of Automated Aircraft Production Systems, In: 28th IEEE International Conference on Emerging Technologies And Factory Automation (ETFA 2023), September 12-15, 2023, Sinaia, Romania.<\/p>\n\n\n\n<p><strong>L. Beers, M. Weigand A. Fay<\/strong>, A. Chahine: <a href=\"https:\/\/openhsu.ub.hsu-hh.de\/handle\/10.24405\/14552\" rel='nofollow'>Entwicklung eines generischen Modells f\u00fcr die standardisierte Beschreibung von Ressourcen in der Luftfahrtproduktion<\/a><\/p>\n\n\n\n<p>A. Wenzel, P. Nyhuis, <strong>H. Nabizada, L. Beers, A. Fay<\/strong>, M. R\u00f6hrig: <a href=\"https:\/\/openhsu.ub.hsu-hh.de\/handle\/10.24405\/14551\" rel='nofollow'>Neue Produktionsstrukturen f\u00fcr die Flugzeugfertigung der Zukunft. In: dtec.bw-Beitr\u00e4ge der Helmut-Schmidt-Universit\u00e4t \/ Universit\u00e4t der Bundeswehr Hamburg: Forschungsaktivit\u00e4ten im Zentrum f\u00fcr Digitalisierungs- und Technologieforschung der Bundeswehr dtec.bw \u2013 Band 1 \u00b7 2022, Seiten 196-201<\/a><\/p>\n\n\n\n<p><strong>F. Gehlhoff, H. Nabizada, M. Weigand, L. Beers, O. Ismail,<\/strong> A. Wenzel, <strong>A. Fay,<\/strong> P. Nyhuis, W. Lagutin, M. R\u00f6hrig (2022): <a href=\"https:\/\/doi.org\/10.1016\/j.ifacol.2022.04.219\" rel='nofollow'>Challenges in Automated Commercial Aircraft Production. In: IFAC-PapersOnLine 55 (2), S. 354\u2013359.<\/a><\/p>\n\n\n\n<p><strong>A. K\u00f6cher<\/strong>, <strong>L. Beers<\/strong> and <strong>A. Fay<\/strong> (2023) <em>Vergleich und Modell-Transformation zwischen Module Type Package und einem F\u00e4higkeitsmodell: Organisation der Wiederverwendung im Engineering von Produktionsystemen mit Capabilities und Skills<\/em>. at &#8211; Automatisierungstechnik, Vol. 71 (Issue 2), pp. 127-140. <a href=\"https:\/\/doi.org\/10.1515\/auto-2022-0118\" rel='nofollow'>Vergleich und Modell-Transformation zwischen Module Type Package und einem F\u00e4higkeitsmodell<\/a><\/p>\n\n\n\n<p><strong>A. K\u00f6cher, L. Beers, A. Fay<\/strong>: A Mapping Approach to Convert MTPs into a Capability and Skill Ontology. In: 27th IEEE International Conference on Emerging Technologies And Factory Automation (ETFA 2022), September 06-09, 2022, Stuttgart, Germany. <a href=\"https:\/\/doi.org\/10.1109\/ETFA52439.2022.9921639\" rel='nofollow'>https:\/\/doi.org\/10.1109\/ETFA52439.2022.9921639<\/a> .Preprint available at: <a href=\"https:\/\/arxiv.org\/abs\/2205.01382\" rel='nofollow'>A Mapping Approach to Convert MTPs into a Capability and Skill Ontology<\/a><\/p>\n\n\n\n<p>H. G\u00f6ttmann, <strong>B. Caesar<\/strong>, <strong>L. Beers<\/strong>, M. Lochau, A. Sch\u00fcrr, <strong>A. Fay<\/strong>:Precomputing reconfiguration strategies based on stochastic timed game automata. In: MODELS &#8217;22: ACM\/IEEE 25th International Conference on Model Driven Engineering Languages and Systems, 23.-28. Oktober 2022, Montreal, Canada. DOI: <a href=\"https:\/\/doi.org\/10.1145\/3550355.3552397\" rel='nofollow'>https:\/\/doi.org\/10.1145\/3550355.3552397<\/a><\/p>\n\n\n\n<p><strong>Blumenstein, M., Fay, A., Beers, L., Stutz, A.<\/strong>, &amp; Maurmaier, M. (J 2022). VergleichendeUntersuchung der Orchestrierung modularer Anlagen in der Prozessindustrie, derFertigungsindustrie und der produktionsnahen Logistik. Automation 2022: 23.Leitkongress der Mess- und Automatisierungstechnik: automation createssustainability<\/p>\n","protected":false},"excerpt":{"rendered":"<p>Wissenschaftlicher Mitarbeiter E-Mail: lasse.beers@hsu-hh.de Telefon: +49 40 6541-2302 Fax: +49 40 6541-2004 Raum: H1\/1212 Postanschrift: Helmut-Schmidt-Universit\u00e4tFakult\u00e4t f\u00fcr MaschinenbauProfessur f\u00fcr AutomatisierungstechnikPostfach 70 08 2222008 Hamburg Besucheranschrift: Helmut-Schmidt-Universit\u00e4tGeb\u00e4ude H1Holstenhofweg 8522043 Hamburg LinkedIn [&hellip;]<\/p>\n","protected":false},"author":2905,"featured_media":0,"parent":1188,"menu_order":0,"comment_status":"closed","ping_status":"closed","template":"","meta":{"footnotes":""},"categories":[4],"tags":[],"class_list":["post-2225","page","type-page","status-publish","hentry","category-forschung"],"_links":{"self":[{"href":"https:\/\/www.hsu-hh.de\/aut\/wp-json\/wp\/v2\/pages\/2225","targetHints":{"allow":["GET"]}}],"collection":[{"href":"https:\/\/www.hsu-hh.de\/aut\/wp-json\/wp\/v2\/pages"}],"about":[{"href":"https:\/\/www.hsu-hh.de\/aut\/wp-json\/wp\/v2\/types\/page"}],"author":[{"embeddable":true,"href":"https:\/\/www.hsu-hh.de\/aut\/wp-json\/wp\/v2\/users\/2905"}],"replies":[{"embeddable":true,"href":"https:\/\/www.hsu-hh.de\/aut\/wp-json\/wp\/v2\/comments?post=2225"}],"version-history":[{"count":8,"href":"https:\/\/www.hsu-hh.de\/aut\/wp-json\/wp\/v2\/pages\/2225\/revisions"}],"predecessor-version":[{"id":4756,"href":"https:\/\/www.hsu-hh.de\/aut\/wp-json\/wp\/v2\/pages\/2225\/revisions\/4756"}],"up":[{"embeddable":true,"href":"https:\/\/www.hsu-hh.de\/aut\/wp-json\/wp\/v2\/pages\/1188"}],"wp:attachment":[{"href":"https:\/\/www.hsu-hh.de\/aut\/wp-json\/wp\/v2\/media?parent=2225"}],"wp:term":[{"taxonomy":"category","embeddable":true,"href":"https:\/\/www.hsu-hh.de\/aut\/wp-json\/wp\/v2\/categories?post=2225"},{"taxonomy":"post_tag","embeddable":true,"href":"https:\/\/www.hsu-hh.de\/aut\/wp-json\/wp\/v2\/tags?post=2225"}],"curies":[{"name":"wp","href":"https:\/\/api.w.org\/{rel}","templated":true}]}}