{"id":2163,"date":"2021-07-29T08:43:23","date_gmt":"2021-07-29T06:43:23","guid":{"rendered":"https:\/\/www.hsu-hh.de\/aut\/?page_id=2163"},"modified":"2024-04-12T09:18:00","modified_gmt":"2024-04-12T07:18:00","slug":"gehlhoff","status":"publish","type":"page","link":"https:\/\/www.hsu-hh.de\/aut\/team\/gehlhoff","title":{"rendered":"Dr.-Ing. Felix Gehlhoff"},"content":{"rendered":"\n<h2 class=\"wp-block-heading\">Operative Leitung der Professur f\u00fcr Automatisierungstechnik<\/h2>\n\n\n\n<hr class=\"wp-block-separator has-css-opacity\" \/>\n\n\n\n<div class=\"wp-block-columns is-layout-flex wp-container-core-columns-is-layout-9d6595d7 wp-block-columns-is-layout-flex\">\n<div class=\"wp-block-column is-layout-flow wp-block-column-is-layout-flow\" style=\"flex-basis:66.66%\">\n<p><strong>E-Mail:<\/strong> <a href=\"mailto:felix.gehlhoff@hsu-hh.de\" rel='nofollow'>felix.gehlhoff@hsu-hh.de<\/a><\/p>\n\n\n\n<p><strong>Telefon:<\/strong> +49 40 6541-3810<\/p>\n\n\n\n<p><strong>Fax:<\/strong> +49 40 6541-2004<\/p>\n\n\n\n<p><strong>Raum:<\/strong> H1\/1203<\/p>\n\n\n\n<p><strong>Postanschrift: <\/strong><\/p>\n\n\n\n<p>Helmut-Schmidt-Universit\u00e4t<br>Fakult\u00e4t f\u00fcr Maschinenbau<br>Professur f\u00fcr Automatisierungstechnik<br>Postfach 70 08 22<br>22008 Hamburg<\/p>\n\n\n\n<p><strong>Besucheranschrift:<\/strong><\/p>\n\n\n\n<p>Helmut-Schmidt-Universit\u00e4t<br>Geb\u00e4ude H1<br>Holstenhofweg 85<br>22043 Hamburg<\/p>\n\n\n\n<hr class=\"wp-block-separator has-css-opacity\" \/>\n\n\n\n<p><em>LinkedIn&nbsp;<a href=\"https:\/\/de.linkedin.com\/in\/felix-gehlhoff-aa920320b\" rel='nofollow'>https:\/\/de.linkedin.com\/in\/felix-gehlhoff-aa920320b<\/a><\/em><\/p>\n\n\n\n<p><em>Xing&nbsp;<a href=\"https:\/\/www.xing.com\/profile\/Felix_Gehlhoff\" rel='nofollow'>https:\/\/www.xing.com\/profile\/Felix_Gehlhoff<\/a><\/em><\/p>\n\n\n\n<p><em>ResearchGate&nbsp;<a href=\"https:\/\/www.researchgate.net\/profile\/Felix-Gehlhoff\" rel='nofollow'>https:\/\/www.researchgate.net\/profile\/Felix-Gehlhoff<\/a><\/em><\/p>\n\n\n\n<hr class=\"wp-block-separator has-css-opacity\" \/>\n\n\n\n<h2 class=\"wp-block-heading\">Projekte:<\/h2>\n\n\n\n<p><a href=\"https:\/\/www.hsu-hh.de\/aut\/forschung\/forschungsthemen\/intelligente-modulare-robotik-und-integrierte-produktionsgestaltung-im-flugzeugbau-imod\">Intelligente modulare Robotik und integrierte Produktionsgestaltung im Flugzeugbau (iMOD)<\/a><\/p>\n\n\n\n<p><em><a href=\"https:\/\/www.hsu-hh.de\/aut\/forschung\/forschungsthemen\/forever-young-production-automation-with-active-components-fypa2c\">Forever Young Production Automation with Active Components \u2013 FYPA\u00b2C (DFG-Projekt)<\/a><\/em><\/p>\n\n\n\n<p><em><a href=\"https:\/\/www.hsu-hh.de\/aut\/forschung\/forschungsthemen\/agent-pro-agentenbasierte-steuerung-der-produktionslogistik\">Agentenbasierte Steuerung der Produktionslogistik (Agent.Pro)<\/a><\/em><\/p>\n<\/div>\n\n\n\n<div class=\"wp-block-column is-layout-flow wp-block-column-is-layout-flow\" style=\"flex-basis:33.33%\">\n<figure class=\"wp-block-image size-medium\"><img loading=\"lazy\" decoding=\"async\" width=\"225\" height=\"300\" src=\"https:\/\/www.hsu-hh.de\/aut\/wp-content\/uploads\/sites\/670\/2024\/02\/DSC_1662-Kopie-2-225x300.jpg\" data-credit=\"\" alt=\"\" class=\"wp-image-3822\" srcset=\"https:\/\/www.hsu-hh.de\/aut\/wp-content\/uploads\/sites\/670\/2024\/02\/DSC_1662-Kopie-2-225x300.jpg 225w, https:\/\/www.hsu-hh.de\/aut\/wp-content\/uploads\/sites\/670\/2024\/02\/DSC_1662-Kopie-2-768x1024.jpg 768w, https:\/\/www.hsu-hh.de\/aut\/wp-content\/uploads\/sites\/670\/2024\/02\/DSC_1662-Kopie-2.jpg 1063w\" sizes=\"auto, (max-width: 225px) 100vw, 225px\" \/><\/figure>\n\n\n\n<p><\/p>\n<\/div>\n<\/div>\n\n\n\n<hr class=\"wp-block-separator has-css-opacity\" \/>\n\n\n\n<h2 class=\"wp-block-heading\">Betreute Arbeiten:<\/h2>\n\n\n\n<p><strong>2023<\/strong><\/p>\n\n\n\n<p>Simulationsgest\u00fctzte Analyse variierender Autonomiegrade an kritischen Punkten von Intralogistiksystemen (Masterarbeit)<\/p>\n\n\n\n<p>Methodik zur Entwicklung von Umsetzungsempfehlungen f\u00fcr den Einsatz von Predictive Maintenance in der Dom\u00e4ne der fahrerlosen Transportsysteme (Masterarbeit)<\/p>\n\n\n\n<p><strong>2021<\/strong><\/p>\n\n\n\n<p>Agentenbasierte F\u00e4higkeitsmodellierung f\u00fcr kooperativ auszuf\u00fchrende Logistikprozesse in der Luftfahrtindustrie (Masterarbeit)<\/p>\n\n\n\n<p>Rekonfigurierbare Agentensysteme \u2013 Theoretische Analyse und exemplarische Umsetzung (Bachelorarbeit)<\/p>\n\n\n\n<p><strong>2020<\/strong><\/p>\n\n\n\n<p>Konzept zur automatisierten und dezentralen Erstellung von Systementw\u00fcrfen zur Realisierung von Produktionsprozessen (Masterarbeit)<\/p>\n\n\n\n<p>Koordination geteilter logistischer Ressourcen in dezentralen Agentensystemen (Masterarbeit)<\/p>\n\n\n\n<p><strong>2019<\/strong><\/p>\n\n\n\n<p>Wissensbasierte Agenten zur dynamischen Planung und Steuerung von Produktions- und Logistiksystemen (Masterarbeit)<\/p>\n\n\n\n<p>Wissen und Entscheidungen zur dynamischen und dezentralen Planung und Steuerung von Produktions- und Logistikprozessen (Projektseminararbeit)<\/p>\n\n\n\n<p><strong>2018<\/strong><\/p>\n\n\n\n<p>Entwicklung eines Simulationsmodells f\u00fcr ein Produktions- und Logistiksystem zur Performance-Analyse dezentraler Planungsverfahren (Masterarbeit)<\/p>\n\n\n\n<hr class=\"wp-block-separator has-css-opacity\" \/>\n\n\n\n<h2 class=\"wp-block-heading\">Gremienarbeit und Lehrauftr\u00e4ge:<\/h2>\n\n\n\n<p>Mitglied im VDI\/VDE GMA-Fachausschuss 3.35 (ehem. 5.15)&nbsp;Agentensysteme (<a href=\"https:\/\/www.vdi.de\/richtlinien\/seite?tx_vdiguidelines_guidelinelist%5Bfilter%5D%5BsearchTerm%5D=2653&amp;cHash=d4f3b61d79e801204d4f6753c0e75888#richtlinien\" rel='nofollow'>Link<\/a>), dem IFAC Technical Committee 3.1 Computers for Control sowie dem IEEE-IES Technical Committee on Industrial Agents (TC-IA).<\/p>\n\n\n\n<p>Lehrauftrag f\u00fcr das Modul &#8222;Automatisierung in der Logistik&#8220; an der Technischen Universit\u00e4t Hamburg\/Harburg (TUHH).<\/p>\n\n\n\n<hr class=\"wp-block-separator has-css-opacity\" \/>\n\n\n\n<h2 class=\"wp-block-heading\"><abbr title=\"Studentische Hilfskraft\">SHK<\/abbr>-Stellen, Angebote f\u00fcr Seminar- und Abschlussarbeiten:<\/h2>\n\n\n\n<p>Es gibt diverse M\u00f6glichkeiten zur Mitarbeit im Projekt Intelligente modulare Robotik und integrierte Produktionsgestaltung im Flugzeugbau (<a href=\"https:\/\/www.hsu-hh.de\/aut\/forschung\/forschungsthemen\/intelligente-modulare-robotik-und-integrierte-produktionsgestaltung-im-flugzeugbau-imod\">iMOD<\/a><em>).&nbsp;<\/em>Z.B. zu Agentensystemen, semantischen Beschreibungen von Produktionssystemen oder im Bereich Robotik. Bei Interesse kontaktieren Sie mich gerne.<\/p>\n\n\n\n<hr class=\"wp-block-separator has-css-opacity\" \/>\n\n\n\n<h2 class=\"wp-block-heading\">Ver\u00f6ffentlichungen:<\/h2>\n\n\n\n<p><strong>L. M. Reinpold, L. P. Wagner, F. Gehlhoff, M. Ramonat, M. Kilthau, M. S. Gill, J. T. Reif, V. Henkel, L. Scholz, A. Fay<\/strong>: Systematic comparison of software agents and Digital Twins: differences, similarities, and synergies in industrial production. In: Journal of Intelligent Manufacturing, 01\/2024. DOI: <a href=\"https:\/\/doi.org\/10.1007\/s10845-023-02278-y\" rel='nofollow'>https:\/\/doi.org\/10.1007\/s10845-023-02278-y<\/a><\/p>\n\n\n\n<p><strong>M. Kilthau<\/strong>, M. Asman, <strong>A. Karmann<\/strong>, G. Suriyamoorthy, <strong>J.-P. Beck<\/strong>, V. Regener, C. Derksen, N. Loose, M. Volkmann, S. Tripathi, <strong>F. Gehlhoff<\/strong>, K. Korotkiewicz, P. Steinbusch, V. Skwarek, M. Zdrallek, <strong>A. Fay<\/strong>: Integrating Peer-to-Peer Energy Trading and Flexibility Market With Self-Sovereign Identity for Decentralized Energy Dispatch and Congestion Management. In: IEEE Access, Volume 11\/2023, pp. 145395-145420. DOI:<a href=\"http:\/\/10.1109\/ACCESS.2023.3344855\" rel='nofollow'> 10.1109\/ACCESS.2023.3344855<\/a><\/p>\n\n\n\n<p><strong>F. Gehlhoff, H. Nabizada,<\/strong>&nbsp;A. Elkhateeb, C. Lepolotec, M. R\u00f6hrig, <strong>A. Fay<\/strong>: Agent-based Negotiation for Cooperative Transports within Aircraft Production. The 22nd World Congress of the International Federation of Automatic Control (IFAC World Congress 2023), Juli 09-14, 2023, Yokohama, Japan.<\/p>\n\n\n\n<p><strong>F. Gehlhoff, H. Nabizada, M. Weigand, L. Beers, O. Ismail<\/strong>, A. Wenzel,&nbsp;<strong>A. Fay<\/strong>, P. Nyhuis, W. Lagutin, M. R\u00f6hrig: Challenges in Automated Commercial Aircraft Production. 14th IFAC Workshop on Intelligent Manufacturing Systems (IMS 2022) Tel-Aviv (online), March 28-30, 2022.<\/p>\n\n\n\n<p>M. Seitz,\u00a0<strong>F. Gehlhoff<\/strong>, L.A. Cruz Salazar,\u00a0<strong>A. Fay<\/strong>, B. Vogel-Heuser:\u00a0Automation platform independent multi-agent system for robust networks of production resources in industry 4.0. In: Journal of Intelligent Manufacturing, 2021.\u00a0<a href=\"https:\/\/doi.org\/10.1007\/s10845-021-01759-2\" rel='nofollow'>https:\/\/doi.org\/10.1007\/s10845-021-01759-2<\/a><\/p>\n\n\n\n<p><strong>F. Gehlhoff, L. Wiegandt, A. Fay<\/strong>: Agent-Based Decentralised Process Planning and Evolutionary Change Propagation.&nbsp;In: IEEE International Conference on Industrial Technology (ICIT). M\u00e4rz 2021.<\/p>\n\n\n\n<p><strong>F. Gehlhoff, A. Fay<\/strong>: On agent-based decentralized and integrated scheduling for small-scale manufacturing. at \u2013 Automatisierungstechnik, vol. 68, no. 1\/2020, pp. 15-31, DOI:&nbsp;<a href=\"https:\/\/doi.org\/10.1515\/auto-2019-0105\" rel='nofollow'>https:\/\/doi.org\/10.1515\/auto-2019-0105<\/a>.<\/p>\n\n\n\n<p>B. Vogel-Heuser, M. Seitz, L. Cruz Salazar,&nbsp;<strong>F. Gehlhoff, A. Dogan, A. Fay<\/strong>: Multi-agent systems to enable Industry 4.0. In: at \u2013 Automatisierungstechnik, 68(6), 445-458. doi:&nbsp;<a href=\"https:\/\/doi.org\/10.1515\/auto-2020-0004\" rel='nofollow'>https:\/\/doi.org\/10.1515\/auto-2020-0004&nbsp;<\/a><a><\/a><\/p>\n\n\n\n<p><strong>F. Gehlhoff, A. Fay<\/strong>, B. K\u00f6ster: Dezentrales Scheduling f\u00fcr dynamische Systeme \u2013 Ein agentenbasierter Ansatz zur integrierten Feinplanung. In: In: atp-magazin Heft 08\/2020.<\/p>\n\n\n\n<p><strong>F. Gehlhoff, A. Fay<\/strong>: Agent-based decentralised architecture for multi-stage and integrated scheduling. In: 25th IEEE International Conference on Emerging Technologies And Factory Automation (ETFA 2020), September 08-11, 2020, Vienna, Austria.<\/p>\n\n\n\n<p><strong>F. Gehlhoff,<\/strong>&nbsp;<strong>H. Nabizada, A. Fay<\/strong>: Optimization of multi-agent auctioning processes in flexible production networks. In: Proceedings, 2019 IEEE 17th International Conference of Industrial Informatics (INDIN): Aalto University, Helsinki-Espoo, Finland, July 22-25, 2019. Piscataway, NJ: IEEE, S. 100\u2013105, 2019.<\/p>\n\n\n\n<p><strong>A. Fay, F. Gehlhoff<\/strong>, M. Seitz, Matthias, B. Vogel-Heuser, H. Baumgaertel, C. Diedrich, A. L\u00fcder, T. Sch\u00f6ler, G. Sutschet, R. Verbeet: Agents for the realisation of Industrie 4.0 &#8211; VDI Status Report. 2019. DOI: 10.13140\/RG.2.2.23998.84805.<\/p>\n\n\n\n<p><strong>F. Gehlhoff<\/strong>, B. Vogel-Heuser, M. Seitz, D. Ryashentseva,&nbsp;<strong>A. Fay<\/strong>: Evaluation der Flexibilit\u00e4t und Rekonfigurierbarkeit von Produktionssystemen \u2013 Ein quantitativer Ansatz auf Basis des Produkt-Prozess-Ressource-Konzeptes. In: VDI \u2013 Verein Deutscher Ingenieure e.V. (<abbr title=\"Herausgeber\">Hrsg.<\/abbr>): Kongress Automation 2019, Baden-Baden, 02.-03. Juli 2019, S. 629-646.<\/p>\n\n\n\n<p><strong>F. Gehlhoff, T. Busert, M. Lewin, A. Fay<\/strong>: Incorporating imperfect information in decentralized agent-based dynamic and integrated scheduling. In: 23rd IEEE International Conference on Emerging Technologies And Factory Automation (ETFA 2018), September 4-7, 2018, Torino, Italy.<\/p>\n\n\n\n<p>J. Sundermeier,&nbsp;<strong>F. Gehlhoff, A. Fay<\/strong>: Development of a simulation model to analyze the performance of decentral rescheduling algorithms in production systems.&nbsp;In: C. Deatcu, T. Schramm, K. Zobel (<abbr title=\"Herausgeber\">Hrsg.<\/abbr>): Tagungsband ASIM 2018, 24. Symposium Simulationstechnik, ARGESIM Report Nr. 56, S.275-283, 04.-05. Oktober 2018, Hamburg.<\/p>\n\n\n\n<p><strong>F. Gehlhoff, T. Linnenberg, A. Fay<\/strong>: Optimierung von Auktionsmechanismen \u2013 Kooperative Produktionsanlagen auf I4.0-Marktplatz koppeln. In: atp-edition 9\/2017, S. 54-66.c<\/p>\n","protected":false},"excerpt":{"rendered":"<p>Operative Leitung der Professur f\u00fcr Automatisierungstechnik E-Mail: felix.gehlhoff@hsu-hh.de Telefon: +49 40 6541-3810 Fax: +49 40 6541-2004 Raum: H1\/1203 Postanschrift: Helmut-Schmidt-Universit\u00e4tFakult\u00e4t f\u00fcr MaschinenbauProfessur f\u00fcr AutomatisierungstechnikPostfach 70 08 2222008 Hamburg Besucheranschrift: Helmut-Schmidt-Universit\u00e4tGeb\u00e4ude [&hellip;]<\/p>\n","protected":false},"author":3039,"featured_media":0,"parent":1188,"menu_order":0,"comment_status":"closed","ping_status":"closed","template":"","meta":{"footnotes":""},"categories":[8],"tags":[],"class_list":["post-2163","page","type-page","status-publish","hentry","category-team"],"_links":{"self":[{"href":"https:\/\/www.hsu-hh.de\/aut\/wp-json\/wp\/v2\/pages\/2163","targetHints":{"allow":["GET"]}}],"collection":[{"href":"https:\/\/www.hsu-hh.de\/aut\/wp-json\/wp\/v2\/pages"}],"about":[{"href":"https:\/\/www.hsu-hh.de\/aut\/wp-json\/wp\/v2\/types\/page"}],"author":[{"embeddable":true,"href":"https:\/\/www.hsu-hh.de\/aut\/wp-json\/wp\/v2\/users\/3039"}],"replies":[{"embeddable":true,"href":"https:\/\/www.hsu-hh.de\/aut\/wp-json\/wp\/v2\/comments?post=2163"}],"version-history":[{"count":16,"href":"https:\/\/www.hsu-hh.de\/aut\/wp-json\/wp\/v2\/pages\/2163\/revisions"}],"predecessor-version":[{"id":3929,"href":"https:\/\/www.hsu-hh.de\/aut\/wp-json\/wp\/v2\/pages\/2163\/revisions\/3929"}],"up":[{"embeddable":true,"href":"https:\/\/www.hsu-hh.de\/aut\/wp-json\/wp\/v2\/pages\/1188"}],"wp:attachment":[{"href":"https:\/\/www.hsu-hh.de\/aut\/wp-json\/wp\/v2\/media?parent=2163"}],"wp:term":[{"taxonomy":"category","embeddable":true,"href":"https:\/\/www.hsu-hh.de\/aut\/wp-json\/wp\/v2\/categories?post=2163"},{"taxonomy":"post_tag","embeddable":true,"href":"https:\/\/www.hsu-hh.de\/aut\/wp-json\/wp\/v2\/tags?post=2163"}],"curies":[{"name":"wp","href":"https:\/\/api.w.org\/{rel}","templated":true}]}}